NOAA-Style Climate Reports

Select a Year or Month report
2018: Jan Feb Mar Apr May Jun Jul Aug Sep Oct Nov Dec
2017: Jan Feb Mar Apr May Jun Jul Aug Sep Oct Nov Dec
2016: Jan Feb Mar Apr May Jun Jul Aug Sep Oct Nov Dec
2015: Jan Feb Mar Apr May Jun Jul Aug Sep Oct Nov Dec
2014: Jan Feb Mar Apr May Jun Jul Aug Sep Oct Nov Dec
2013: Jan Feb Mar Apr May Jun Jul Aug Sep Oct Nov Dec
2012: Jan Feb Mar Apr May Jun Jul Aug Sep Oct Nov Dec
2011: Jan Feb Mar Apr May Jun Jul Aug Sep Oct Nov Dec
2010: Jan Feb Mar Apr May Jun Jul Aug Sep Oct Nov Dec
2009: Jan Feb Mar Apr May Jun Jul Aug Sep Oct Nov Dec
2008: Jan Feb Mar Apr May Jun Jul Aug Sep Oct Nov Dec
2007: Jan Feb Mar Apr May Jun Jul Aug Sep Oct Nov Dec
2006: Jan Feb Mar Apr May Jun Jul Aug Sep Oct Nov Dec
2005: Jan Feb Mar Apr May Jun Jul Aug Sep Oct Nov Dec
2004: Jan Feb Mar Apr May Jun Jul Aug Sep Oct Nov Dec
2003: Jan Feb Mar Apr May Jun Jul Aug Sep Oct Nov Dec
2002: Jan Feb Mar Apr May Jun Jul Aug Sep Oct Nov Dec
2001: Jan Feb Mar Apr May Jun Jul Aug Sep Oct Nov Dec
2000: Jan Feb Mar Apr May Jun Jul Aug Sep Oct Nov Dec
1999: Jan Feb Mar Apr May Jun Jul Aug Sep Oct Nov Dec
1998: Jan Feb Mar Apr May Jun Jul Aug Sep Oct Nov Dec
1997: Jan Feb Mar Apr May Jun Jul Aug Sep Oct Nov Dec
1996: Jan Feb Mar Apr May Jun Jul Aug Sep Oct Nov Dec
1995: Jan Feb Mar Apr May Jun Jul Aug Sep Oct Nov Dec
1994: Jan Feb Mar Apr May Jun Jul Aug Sep Oct Nov Dec
1993: Jan Feb Mar Apr May Jun Jul Aug Sep Oct Nov Dec
1992: Jan Feb Mar Apr May Jun Jul Aug Sep Oct Nov Dec
1991: Jan Feb Mar Apr May Jun Jul Aug Sep Oct Nov Dec
1990: Jan Feb Mar Apr May Jun Jul Aug Sep Oct Nov Dec
1989: Jan Feb Mar Apr May Jun Jul Aug Sep Oct Nov Dec
1988: Jan Feb Mar Apr May Jun Jul Aug Sep Oct Nov Dec
1987: Jan Feb Mar Apr May Jun Jul Aug Sep Oct Nov Dec
1986: Jan Feb Mar Apr May Jun Jul Aug Sep Oct Nov Dec

Report for 2007 December
                  MONTHLY CLIMATOLOGICAL SUMMARY FOR 12/2007
                                        HEAT  COOL        
     MEAN                               DEG   DEG       WIND SPEED       DOM MEAN  MEAN
DAY  TEMP  HIGH   TIME     LOW   TIME   DAYS  DAYS RAIN AVG  HI  TIME    DIR BAROM HUM
---------------------------------------------------------------------------------------
1    26.4  48.0 12:53pm   19.0  6:53am  27.8  0.0  0.00  11  21  00:00    SW  28.6 73.3
2    28.8  43.0  1:53pm   19.9  4:53am  29.1  0.0  0.00   9  16  00:00    SE  29.0 54.8
3      47  64.0 12:53pm   28.0 12:53am   9.5  0.0  0.00   7  14  00:00    SW  29.0 25.6
4    54.3  68.0 12:53pm   45.0  6:53am   3.8  0.0  0.00  15  29  00:00   WNW  28.8 23.0
5    42.2  52.0 11:53am   37.0  6:53am  17.9  0.0  0.00  13  25  00:00     S  28.7 45.6
6    39.1  50.0  1:53pm   34.0  4:53am  20.4  0.0  0.09   6  10  00:00   SSE  28.8 66.2
7    31.7  37.9 12:53am   27.0 10:53pm  30.2  0.0  0.00  10  20  00:00    NW  29.0 87.1
8    18.7  27.0 12:53am    8.1 10:53pm  42.1  0.0  0.26   5  10  00:00    SW  29.3 88.3
9    17.5  28.9  5:53pm   10.0  2:53am  41.8  0.0  0.00   9  16  00:00     S  29.1 75.0
10   27.7  45.0 11:53am   21.9  1:53am  28.6  0.0  0.02   7  14  00:00   SSW  28.9 61.6
11   18.7  21.9 12:53am   10.9 10:53pm  44.7  0.0  0.05   6  13  00:00    SE  29.4 84.6
12   22.9  39.9  1:53pm   10.0  5:53am  33.6  0.0  0.00   4   8  00:00   WSW  29.1 65.7
13   24.6  33.1 11:53am   12.9 11:53pm  36.1  0.0  0.00  15  30  00:00     S  28.9 56.7
14   15.7  19.9  9:53am    6.1 11:53pm  47.2  0.0  0.11   9  16  00:00     W  29.3 83.2
15   14.1  26.1  2:53pm    1.9  4:53am  44.9  0.0  0.00   6  12  00:00   SSW  29.1 57.8
16     26  41.0  1:53pm   12.9 12:53am  31.5  0.0  0.00   6  12  00:00     S  28.9 50.2
17   32.4  48.0 12:53pm   16.0  1:53am  24.8  0.0  0.00  12  23  00:00   SSW  28.7 36.8
18   32.4  46.4 11:28am   21.9  5:53am  25.6  0.0  0.00   9  16  00:00     S  28.8 42.7
19   34.9  46.0 12:53pm   27.0  5:53am  24.5  0.0  0.00   7  13  00:00   SSW  28.6 43.7
20   37.8  52.0 12:53pm   33.1 12:53am  20.1  0.0  0.00  14  27  00:00     S  28.6 42.7
21   28.5  41.0 12:53am   19.9  8:53pm  30.2  0.0  0.06  17  33  00:00   ESE  28.9 63.3
22   19.8  32.0  3:53pm   10.0  7:53am  39.1  0.0  0.00  14  28  00:00    SW  29.0 49.5
23   28.3  37.9 11:53am   21.9  4:53am  31.9  0.0  0.00  15  29  00:00    SW  28.9 44.7
24   34.6  48.9  1:53pm   18.0  2:53am  23.2  0.0  0.00  13  25  00:00   SSW  28.7 41.5
25   22.6  45.0 12:53am   10.0 11:53pm  31.2  0.0  0.08  15  29  00:00   SSW  29.3 85.4
26   13.7  28.9  1:53pm    3.9  2:53am  43.7  0.0  0.02   6  10  00:00     S  28.8 72.5
27   13.9  17.1  1:53pm   10.4  7:15am  49.5  0.0  0.14  12  22  00:00   NNW  29.1 83.5
28   12.1  24.1  1:53pm    0.0  5:53am  46.9  0.0  0.00   6  10  00:00    SW  28.9 61.7
29   18.8  30.0 11:53am   10.0  5:53am  40.6  0.0  0.00  11  21  00:00   WSW  28.8 41.0
30   24.5  39.0  2:53pm   14.0  4:53am  33.2  0.0  0.01  21  40  00:00   WSW  28.8 53.2
31   18.6  25.0  1:53pm    8.1 11:53pm  43.2  0.0  0.00  17  33  00:00    NW  29.1 34.7