NOAA-Style Climate Reports

Select a Year or Month report
2018: Jan Feb Mar Apr May Jun Jul Aug Sep Oct Nov Dec
2017: Jan Feb Mar Apr May Jun Jul Aug Sep Oct Nov Dec
2016: Jan Feb Mar Apr May Jun Jul Aug Sep Oct Nov Dec
2015: Jan Feb Mar Apr May Jun Jul Aug Sep Oct Nov Dec
2014: Jan Feb Mar Apr May Jun Jul Aug Sep Oct Nov Dec
2013: Jan Feb Mar Apr May Jun Jul Aug Sep Oct Nov Dec
2012: Jan Feb Mar Apr May Jun Jul Aug Sep Oct Nov Dec
2011: Jan Feb Mar Apr May Jun Jul Aug Sep Oct Nov Dec
2010: Jan Feb Mar Apr May Jun Jul Aug Sep Oct Nov Dec
2009: Jan Feb Mar Apr May Jun Jul Aug Sep Oct Nov Dec
2008: Jan Feb Mar Apr May Jun Jul Aug Sep Oct Nov Dec
2007: Jan Feb Mar Apr May Jun Jul Aug Sep Oct Nov Dec
2006: Jan Feb Mar Apr May Jun Jul Aug Sep Oct Nov Dec
2005: Jan Feb Mar Apr May Jun Jul Aug Sep Oct Nov Dec
2004: Jan Feb Mar Apr May Jun Jul Aug Sep Oct Nov Dec
2003: Jan Feb Mar Apr May Jun Jul Aug Sep Oct Nov Dec
2002: Jan Feb Mar Apr May Jun Jul Aug Sep Oct Nov Dec
2001: Jan Feb Mar Apr May Jun Jul Aug Sep Oct Nov Dec
2000: Jan Feb Mar Apr May Jun Jul Aug Sep Oct Nov Dec
1999: Jan Feb Mar Apr May Jun Jul Aug Sep Oct Nov Dec
1998: Jan Feb Mar Apr May Jun Jul Aug Sep Oct Nov Dec
1997: Jan Feb Mar Apr May Jun Jul Aug Sep Oct Nov Dec
1996: Jan Feb Mar Apr May Jun Jul Aug Sep Oct Nov Dec
1995: Jan Feb Mar Apr May Jun Jul Aug Sep Oct Nov Dec
1994: Jan Feb Mar Apr May Jun Jul Aug Sep Oct Nov Dec
1993: Jan Feb Mar Apr May Jun Jul Aug Sep Oct Nov Dec
1992: Jan Feb Mar Apr May Jun Jul Aug Sep Oct Nov Dec
1991: Jan Feb Mar Apr May Jun Jul Aug Sep Oct Nov Dec
1990: Jan Feb Mar Apr May Jun Jul Aug Sep Oct Nov Dec
1989: Jan Feb Mar Apr May Jun Jul Aug Sep Oct Nov Dec
1988: Jan Feb Mar Apr May Jun Jul Aug Sep Oct Nov Dec
1987: Jan Feb Mar Apr May Jun Jul Aug Sep Oct Nov Dec
1986: Jan Feb Mar Apr May Jun Jul Aug Sep Oct Nov Dec

Report for 2008 January
                  MONTHLY CLIMATOLOGICAL SUMMARY FOR 1/2008
                                        HEAT  COOL        
     MEAN                               DEG   DEG       WIND SPEED       DOM MEAN  MEAN
DAY  TEMP  HIGH   TIME     LOW   TIME   DAYS  DAYS RAIN AVG  HI  TIME    DIR BAROM HUM
---------------------------------------------------------------------------------------
1    11.6  25.0 12:53pm    1.0  2:53am  46.7  0.0  0.00   8  16  00:00     S  29.5 45.0
2    23.9  41.0 10:53pm    6.1  2:53am  32.5  0.0  0.00   9  16  00:00   SSW  29.3 44.2
3      41  48.9 11:53am   36.0  5:53am  20.0  0.0  0.00   8  15  00:00    SW  28.8 33.9
4    42.5  52.0  2:53pm   39.0  8:53pm  17.7  0.0  0.00  10  18  00:00    SW  28.6 41.4
5    43.9  55.0 12:53pm   30.9 11:53pm  15.5  0.0  0.00  21  40  00:00    SW  28.4 45.4
6    32.2  44.1  1:53pm   28.0 11:53pm  26.8  0.0  0.00  19  37  00:00   SSW  28.5 66.8
7    25.9  36.0 11:53am   21.0 11:53pm  34.0  0.0  0.07  13  24  00:00   SSW  28.8 72.0
8    23.6  34.0 12:53pm   15.1  4:53am  36.2  0.0  0.00   8  15  00:00   SSW  28.8 59.3
9    29.8  37.4  5:34am   23.0  9:53pm  31.4  0.0  0.00   7  14  00:00     S  28.9 71.5
10   28.3  39.9  2:53pm   14.0  6:53am  30.9  0.0  0.01   8  16  00:00    SW  28.7 49.4
11   30.6  43.0 12:53pm   19.9 10:53pm  28.2  0.0  0.00  17  32  00:00   WNW  28.7 45.0
12   28.4  39.9  1:53pm   21.0  8:53pm  30.8  0.0  0.00  13  24  00:00   WSW  29.0 43.8
13   26.1  37.9 12:53pm   16.0  6:53am  33.0  0.0  0.00   5   9  00:00     S  29.1 47.1
14   29.4  45.0  2:53pm   17.1  3:53am  27.8  0.0  0.00   7  14  00:00   SSW  29.1 41.8
15   34.6  51.1  2:53pm   19.0 10:53pm  22.1  0.0  0.00  14  27  00:00     S  28.5 34.8
16   11.4  19.4 12:06am    1.9  9:53pm  49.6  0.0  0.01  18  35  00:00    NE  29.3 63.0
17   15.5  28.0 12:53pm   -0.9  3:53am  43.2  0.0  0.00   6  12  00:00    SW  28.8 46.5
18   18.5  27.0  1:53pm    9.0 11:53pm  42.2  0.0  0.10  10  20  00:00    SE  29.4 70.3
19   19.6  36.0  2:53pm    6.1 12:53am  37.2  0.0  0.09   6  12  00:00   SSE  29.0 54.7
20   22.9  43.0 12:53pm   12.0 11:53pm  32.0  0.0  0.01   8  15  00:00    SE  28.9 66.4
21    8.1  12.0 12:53am    3.0  7:53pm  54.9  0.0  0.01   5   9  00:00    NE  29.1 80.9
22   16.2  34.0  1:53pm   -2.9  5:53am  39.9  0.0  0.00   5   9  00:00     S  29.0 59.4
23   16.8  23.0  1:53am   10.9 10:53pm  45.1  0.0  0.00   9  17  00:00     S  28.5 57.2
24   19.9  42.1  1:53pm   10.0  5:53am  34.0  0.0  0.00   7  13  00:00    SW  28.4 57.8
25   32.3  44.1  1:53pm   25.0  7:53am  26.8  0.0  0.00  16  31  00:00   WNW  28.3 36.8
26   34.3  50.0  1:53pm   27.0  6:53am  22.8  0.0  0.00   9  17  00:00   SSE  28.7 36.7
27   42.8  57.9  1:53pm   35.1  1:53am  14.6  0.0  0.00  25  50  00:00    SW  28.1 27.1
28   35.8  50.0 10:53am   24.8  9:45pm  22.1  0.0  0.01  21  40  00:00   WSW  28.3 49.7
29   23.2  33.1  3:53pm   18.0  6:53am  36.8  0.0  0.00  21  41  00:00     W  28.5 32.2
30   22.6  35.1 10:53am   16.0 11:53pm  36.1  0.0  0.21  19  37  00:00     S  29.0 65.4
31   20.1  33.1 11:53pm    6.1  2:53am  38.4  0.0  0.00   7  14  00:00   SSW  28.9 47.5