NOAA-Style Climate Reports

Select a Year or Month report
2018: Jan Feb Mar Apr May Jun Jul Aug Sep Oct Nov Dec
2017: Jan Feb Mar Apr May Jun Jul Aug Sep Oct Nov Dec
2016: Jan Feb Mar Apr May Jun Jul Aug Sep Oct Nov Dec
2015: Jan Feb Mar Apr May Jun Jul Aug Sep Oct Nov Dec
2014: Jan Feb Mar Apr May Jun Jul Aug Sep Oct Nov Dec
2013: Jan Feb Mar Apr May Jun Jul Aug Sep Oct Nov Dec
2012: Jan Feb Mar Apr May Jun Jul Aug Sep Oct Nov Dec
2011: Jan Feb Mar Apr May Jun Jul Aug Sep Oct Nov Dec
2010: Jan Feb Mar Apr May Jun Jul Aug Sep Oct Nov Dec
2009: Jan Feb Mar Apr May Jun Jul Aug Sep Oct Nov Dec
2008: Jan Feb Mar Apr May Jun Jul Aug Sep Oct Nov Dec
2007: Jan Feb Mar Apr May Jun Jul Aug Sep Oct Nov Dec
2006: Jan Feb Mar Apr May Jun Jul Aug Sep Oct Nov Dec
2005: Jan Feb Mar Apr May Jun Jul Aug Sep Oct Nov Dec
2004: Jan Feb Mar Apr May Jun Jul Aug Sep Oct Nov Dec
2003: Jan Feb Mar Apr May Jun Jul Aug Sep Oct Nov Dec
2002: Jan Feb Mar Apr May Jun Jul Aug Sep Oct Nov Dec
2001: Jan Feb Mar Apr May Jun Jul Aug Sep Oct Nov Dec
2000: Jan Feb Mar Apr May Jun Jul Aug Sep Oct Nov Dec
1999: Jan Feb Mar Apr May Jun Jul Aug Sep Oct Nov Dec
1998: Jan Feb Mar Apr May Jun Jul Aug Sep Oct Nov Dec
1997: Jan Feb Mar Apr May Jun Jul Aug Sep Oct Nov Dec
1996: Jan Feb Mar Apr May Jun Jul Aug Sep Oct Nov Dec
1995: Jan Feb Mar Apr May Jun Jul Aug Sep Oct Nov Dec
1994: Jan Feb Mar Apr May Jun Jul Aug Sep Oct Nov Dec
1993: Jan Feb Mar Apr May Jun Jul Aug Sep Oct Nov Dec
1992: Jan Feb Mar Apr May Jun Jul Aug Sep Oct Nov Dec
1991: Jan Feb Mar Apr May Jun Jul Aug Sep Oct Nov Dec
1990: Jan Feb Mar Apr May Jun Jul Aug Sep Oct Nov Dec
1989: Jan Feb Mar Apr May Jun Jul Aug Sep Oct Nov Dec
1988: Jan Feb Mar Apr May Jun Jul Aug Sep Oct Nov Dec
1987: Jan Feb Mar Apr May Jun Jul Aug Sep Oct Nov Dec
1986: Jan Feb Mar Apr May Jun Jul Aug Sep Oct Nov Dec

Report for 2008 February
                  MONTHLY CLIMATOLOGICAL SUMMARY FOR 2/2008
                                        HEAT  COOL        
     MEAN                               DEG   DEG       WIND SPEED       DOM MEAN  MEAN
DAY  TEMP  HIGH   TIME     LOW   TIME   DAYS  DAYS RAIN AVG  HI  TIME    DIR BAROM HUM
---------------------------------------------------------------------------------------
1    30.5  44.1 12:53pm   21.2 11:19pm  27.7  0.0  0.01  12  22  00:00    SE  29.0 65.7
2    22.2  32.0  2:53pm   16.0  1:53am  37.9  0.0  0.03  10  18  00:00     S  28.8 71.6
3    30.2  42.8  1:23pm   17.1 12:53am  28.5  0.0  0.00  16  31  00:00    SW  28.4 45.8
4    23.2  30.0 12:53am   15.1 10:53pm  38.4  0.0  0.03  12  22  00:00     E  28.9 78.9
5    15.9  21.9 12:53pm   10.0  8:53pm  46.1  0.0  0.04   9  17  00:00     W  29.2 76.6
6      24  41.0 12:53pm   10.0 12:53am  32.5  0.0  0.00  24  46  00:00     W  28.7 44.6
7      28  46.0  2:53pm   10.0  4:53am  28.0  0.0  0.00  17  32  00:00     W  28.8 46.6
8    29.5  36.0  3:53pm   21.9 10:53pm  32.2  0.0  0.00  18  36  00:00   WSW  28.6 36.9
9    36.9  51.1  2:53pm   28.0 12:53am  21.0  0.0  0.00  17  33  00:00     W  28.8 38.5
10   35.9  51.1  3:53pm   26.1  4:53am  21.5  0.0  0.00   6  10  00:00     S  28.9 45.2
11   34.3  50.0 10:53am   28.0  8:53pm  22.8  0.0  0.00  19  37  00:00   SSW  28.9 55.1
12   31.1  42.1  2:53pm   26.1  5:53am  28.4  0.0  0.00  11  21  00:00     E  28.8 58.5
13   43.8  62.6  2:33pm   30.9 12:53am  11.8  0.0  0.00  17  32  00:00    SW  28.5 39.0
14   22.1  32.0 12:25am   16.0  8:53pm  37.9  0.0  0.11  14  27  00:00    SE  29.3 86.5
15   25.6  41.0  3:53pm   12.9  5:53am  31.7  0.0  0.07   4   8  00:00   SSW  29.0 70.4
16   37.1  54.0 11:53am   26.1  1:53am  19.4  0.0  0.00  15  30  00:00     S  28.7 44.4
17   23.6  28.9  5:53am   17.1  7:53pm  38.7  0.0  0.10  17  33  00:00     E  29.3 74.2
18   30.5  43.0  1:53pm   19.0  1:53am  28.2  0.0  0.01  18  36  00:00   WNW  28.9 38.2
19   40.3  57.9  2:53pm   27.0 12:53am  15.9  0.0  0.00   6  12  00:00    SW  28.7 30.3
20   33.7  46.0 12:53pm   27.0  6:53am  25.1  0.0  0.00   5  10  00:00     S  28.7 54.6
21   33.2  43.0 12:53pm   26.1  5:53am  26.9  0.0  0.00   6  10  00:00    SE  28.6 61.7
22   35.4  48.9  1:53pm   25.0  5:53am  22.8  0.0  0.00   6  10  00:00   SSW  28.6 52.6
23   36.4  48.9  1:53pm   28.9 12:53am  22.3  0.0  0.00  11  21  00:00   WNW  28.7 53.6
24   43.7  61.0 12:53pm   30.0  5:53am  12.6  0.0  0.06  18  36  00:00   SSW  28.6 43.1
25   33.9  42.1 12:53pm   28.9 11:53pm  27.0  0.0  0.00  11  21  00:00    SE  28.9 70.6
26   29.8  46.9  2:53pm   24.1  6:53am  26.6  0.0  0.05   6  12  00:00     E  29.5 72.2
27   39.5  59.0  3:53pm   23.0  6:53am  15.7  0.0  0.00   6  12  00:00   SSW  28.8 39.6
28   43.9  59.0  2:53pm   34.0  2:53am  13.5  0.0  0.00  13  25  00:00   SSW  28.7 34.5
29   43.2  61.0  2:53pm   27.0  4:53am  12.9  0.0  0.00   8  15  00:00    SW  28.9 39.2