NOAA-Style Climate Reports

Select a Year or Month report
2018: Jan Feb Mar Apr May Jun Jul Aug Sep Oct Nov Dec
2017: Jan Feb Mar Apr May Jun Jul Aug Sep Oct Nov Dec
2016: Jan Feb Mar Apr May Jun Jul Aug Sep Oct Nov Dec
2015: Jan Feb Mar Apr May Jun Jul Aug Sep Oct Nov Dec
2014: Jan Feb Mar Apr May Jun Jul Aug Sep Oct Nov Dec
2013: Jan Feb Mar Apr May Jun Jul Aug Sep Oct Nov Dec
2012: Jan Feb Mar Apr May Jun Jul Aug Sep Oct Nov Dec
2011: Jan Feb Mar Apr May Jun Jul Aug Sep Oct Nov Dec
2010: Jan Feb Mar Apr May Jun Jul Aug Sep Oct Nov Dec
2009: Jan Feb Mar Apr May Jun Jul Aug Sep Oct Nov Dec
2008: Jan Feb Mar Apr May Jun Jul Aug Sep Oct Nov Dec
2007: Jan Feb Mar Apr May Jun Jul Aug Sep Oct Nov Dec
2006: Jan Feb Mar Apr May Jun Jul Aug Sep Oct Nov Dec
2005: Jan Feb Mar Apr May Jun Jul Aug Sep Oct Nov Dec
2004: Jan Feb Mar Apr May Jun Jul Aug Sep Oct Nov Dec
2003: Jan Feb Mar Apr May Jun Jul Aug Sep Oct Nov Dec
2002: Jan Feb Mar Apr May Jun Jul Aug Sep Oct Nov Dec
2001: Jan Feb Mar Apr May Jun Jul Aug Sep Oct Nov Dec
2000: Jan Feb Mar Apr May Jun Jul Aug Sep Oct Nov Dec
1999: Jan Feb Mar Apr May Jun Jul Aug Sep Oct Nov Dec
1998: Jan Feb Mar Apr May Jun Jul Aug Sep Oct Nov Dec
1997: Jan Feb Mar Apr May Jun Jul Aug Sep Oct Nov Dec
1996: Jan Feb Mar Apr May Jun Jul Aug Sep Oct Nov Dec
1995: Jan Feb Mar Apr May Jun Jul Aug Sep Oct Nov Dec
1994: Jan Feb Mar Apr May Jun Jul Aug Sep Oct Nov Dec
1993: Jan Feb Mar Apr May Jun Jul Aug Sep Oct Nov Dec
1992: Jan Feb Mar Apr May Jun Jul Aug Sep Oct Nov Dec
1991: Jan Feb Mar Apr May Jun Jul Aug Sep Oct Nov Dec
1990: Jan Feb Mar Apr May Jun Jul Aug Sep Oct Nov Dec
1989: Jan Feb Mar Apr May Jun Jul Aug Sep Oct Nov Dec
1988: Jan Feb Mar Apr May Jun Jul Aug Sep Oct Nov Dec
1987: Jan Feb Mar Apr May Jun Jul Aug Sep Oct Nov Dec
1986: Jan Feb Mar Apr May Jun Jul Aug Sep Oct Nov Dec

Report for 2008 March
                  MONTHLY CLIMATOLOGICAL SUMMARY FOR 3/2008
                                        HEAT  COOL        
     MEAN                               DEG   DEG       WIND SPEED       DOM MEAN  MEAN
DAY  TEMP  HIGH   TIME     LOW   TIME   DAYS  DAYS RAIN AVG  HI  TIME    DIR BAROM HUM
---------------------------------------------------------------------------------------
1    55.8  71.1 12:53pm   46.9 12:53am   1.5  0.0  0.00  18  36  00:00    SW  28.5 14.2
2    27.7  50.0 12:53am   21.0 11:53pm  26.1  0.0  0.31  21  40  00:00   ENE  29.2 75.0
3    25.3  37.9  4:53pm    9.0  5:53am  33.4  0.0  0.00   6  12  00:00   SSW  29.0 50.0
4    36.4  48.9 12:53pm   27.0 11:53pm  22.3  0.0  0.00  20  38  00:00   WSW  28.7 36.5
5    21.9  27.0  4:53pm   19.0 11:53pm  40.5  0.0  0.08  13  27  00:00    NE  29.5 79.5
6    24.9  33.8  2:28pm   15.1  3:53am  35.6  0.0  0.00  12  22  00:00   WNW  29.0 46.2
7    34.2  46.9  4:53pm   23.0  5:53am  24.4  0.0  0.00   6  13  00:00     W  28.9 36.9
8    38.1  46.0  1:53pm   34.0  6:53am  22.9  0.0  0.00  18  35  00:00   SSW  28.7 37.4
9    35.7  46.9  4:53pm   26.1  5:53am  23.7  0.0  0.00   5   9  00:00   SSE  29.0 54.5
10   36.5  52.0  3:53pm   26.1  5:53am  20.7  0.0  0.00   5   9  00:00    SW  29.1 48.9
11   45.2  64.0  4:53pm   30.0  3:53am  10.4  0.0  0.00   7  13  00:00    SW  28.9 26.4
12     46  57.0  1:53pm   39.9 12:53am  13.5  0.0  0.00  13  25  00:00     S  28.6 28.3
13   40.2  55.9  2:53pm   28.0  4:53am  16.9  0.0  0.00  16  30  00:00     W  28.6 45.6
14   36.5  46.9  1:53pm   28.9 11:53pm  23.3  0.0  0.00  13  24  00:00   SSW  28.8 60.6
15   33.7  46.9  2:53pm   18.0  6:53am  24.7  0.0  0.00  20  38  00:00     S  28.7 51.9
16     34  45.0 11:53am   28.0  6:53am  25.5  0.0  0.08  16  30  00:00     W  28.8 74.4
17   29.8  39.0  4:53pm   26.6  6:11am  30.6  0.0  0.10   7  13  00:00   WSW  29.2 83.2
18   34.6  48.9  3:53pm   21.9  6:53am  23.2  0.0  0.00  16  30  00:00    NW  28.9 41.9
19   43.2  57.9  5:53pm   28.9 12:53am  14.4  0.0  0.00  14  27  00:00     S  28.8 27.6
20     47  64.9  1:53pm   30.9  3:53am   9.0  0.0  0.00  18  37  00:00    SW  28.7 25.5
21   41.4  57.9  2:53pm   30.0  5:53am  15.3  0.0  0.00  16  30  00:00    SW  28.9 32.0
22   31.7  43.0  2:53pm   26.1 11:53pm  27.6  0.0  0.03  16  30  00:00     E  29.3 57.7
23   32.5  50.0  5:53pm   18.0  5:53am  23.7  0.0  0.00   7  13  00:00   WSW  29.0 49.2
24     48  64.0  2:53pm   30.0 12:53am   9.0  0.0  0.00  13  24  00:00    SW  28.6 16.5
25   44.8  64.0  4:53pm   34.0  6:53am  10.6  0.0  0.00  10  18  00:00     S  28.6 27.9
26   48.9  69.1  2:53pm   30.9  6:53am   6.0  0.0  0.00  18  36  00:00   WSW  28.5 30.3
27   36.2  46.0  4:53pm   30.9 10:53pm  23.9  0.0  0.00   9  17  00:00   ENE  28.9 66.6
28   34.5  46.0  3:53pm   28.4  7:06am  24.7  0.0  0.00  16  31  00:00   SSE  28.9 55.6
29   47.4  64.9  4:53pm   30.0  2:53am   8.8  0.0  0.00  14  28  00:00   SSW  28.6 34.6
30   35.9  51.1  1:53pm   26.6  7:37am  21.5  0.0  0.00  16  32  00:00     S  28.8 59.9
31   34.9  39.9  1:53pm   25.0  7:17am  27.5  0.0  0.16   8  15  00:00   ESE  29.3 78.5