NOAA-Style Climate Reports

Select a Year or Month report
2018: Jan Feb Mar Apr May Jun Jul Aug Sep Oct Nov Dec
2017: Jan Feb Mar Apr May Jun Jul Aug Sep Oct Nov Dec
2016: Jan Feb Mar Apr May Jun Jul Aug Sep Oct Nov Dec
2015: Jan Feb Mar Apr May Jun Jul Aug Sep Oct Nov Dec
2014: Jan Feb Mar Apr May Jun Jul Aug Sep Oct Nov Dec
2013: Jan Feb Mar Apr May Jun Jul Aug Sep Oct Nov Dec
2012: Jan Feb Mar Apr May Jun Jul Aug Sep Oct Nov Dec
2011: Jan Feb Mar Apr May Jun Jul Aug Sep Oct Nov Dec
2010: Jan Feb Mar Apr May Jun Jul Aug Sep Oct Nov Dec
2009: Jan Feb Mar Apr May Jun Jul Aug Sep Oct Nov Dec
2008: Jan Feb Mar Apr May Jun Jul Aug Sep Oct Nov Dec
2007: Jan Feb Mar Apr May Jun Jul Aug Sep Oct Nov Dec
2006: Jan Feb Mar Apr May Jun Jul Aug Sep Oct Nov Dec
2005: Jan Feb Mar Apr May Jun Jul Aug Sep Oct Nov Dec
2004: Jan Feb Mar Apr May Jun Jul Aug Sep Oct Nov Dec
2003: Jan Feb Mar Apr May Jun Jul Aug Sep Oct Nov Dec
2002: Jan Feb Mar Apr May Jun Jul Aug Sep Oct Nov Dec
2001: Jan Feb Mar Apr May Jun Jul Aug Sep Oct Nov Dec
2000: Jan Feb Mar Apr May Jun Jul Aug Sep Oct Nov Dec
1999: Jan Feb Mar Apr May Jun Jul Aug Sep Oct Nov Dec
1998: Jan Feb Mar Apr May Jun Jul Aug Sep Oct Nov Dec
1997: Jan Feb Mar Apr May Jun Jul Aug Sep Oct Nov Dec
1996: Jan Feb Mar Apr May Jun Jul Aug Sep Oct Nov Dec
1995: Jan Feb Mar Apr May Jun Jul Aug Sep Oct Nov Dec
1994: Jan Feb Mar Apr May Jun Jul Aug Sep Oct Nov Dec
1993: Jan Feb Mar Apr May Jun Jul Aug Sep Oct Nov Dec
1992: Jan Feb Mar Apr May Jun Jul Aug Sep Oct Nov Dec
1991: Jan Feb Mar Apr May Jun Jul Aug Sep Oct Nov Dec
1990: Jan Feb Mar Apr May Jun Jul Aug Sep Oct Nov Dec
1989: Jan Feb Mar Apr May Jun Jul Aug Sep Oct Nov Dec
1988: Jan Feb Mar Apr May Jun Jul Aug Sep Oct Nov Dec
1987: Jan Feb Mar Apr May Jun Jul Aug Sep Oct Nov Dec
1986: Jan Feb Mar Apr May Jun Jul Aug Sep Oct Nov Dec

Report for 2008 April
                  MONTHLY CLIMATOLOGICAL SUMMARY FOR 4/2008
                                        HEAT  COOL        
     MEAN                               DEG   DEG       WIND SPEED       DOM MEAN  MEAN
DAY  TEMP  HIGH   TIME     LOW   TIME   DAYS  DAYS RAIN AVG  HI  TIME    DIR BAROM HUM
---------------------------------------------------------------------------------------
1    28.9  42.1  3:53pm   18.0  3:53am  29.5  0.0  0.00  14  28  00:00   SSE  29.0 47.7
2      39  55.9  3:53pm   23.0  3:53am  17.5  0.0  0.00  10  18  00:00   SSW  28.8 46.2
3    34.7  46.0  1:53pm   27.0 11:53pm  24.6  0.0  0.10  18  36  00:00    NE  29.2 78.8
4    40.4  59.0  3:53pm   24.1 12:53am  15.3  0.0  0.00   6  12  00:00   SSW  28.7 36.6
5    46.2  60.8  4:59pm   32.0  2:53am  11.5  0.0  0.00  13  24  00:00     S  28.4 22.1
6    40.2  55.0  4:53pm   27.0  6:53am  17.4  0.0  0.00   7  13  00:00   SSE  28.6 32.2
7    34.5  44.1  4:53pm   30.9  7:53am  25.7  0.0  0.07  14  27  00:00    SW  29.1 74.8
8    40.1  54.0  3:53pm   27.0  4:53am  17.9  0.0  0.00  13  25  00:00   SSW  28.7 40.7
9    41.2  55.0 11:53am   35.1  6:53am  16.9  0.0  0.95  17  33  00:00     S  28.8 73.4
10   32.1  37.9  6:53pm   28.9  5:53am  30.0  0.0  0.50  19  37  00:00     N  28.6 81.9
11   32.8  39.9  1:53pm   27.0 11:53pm  28.6  0.0  0.01  21  41  00:00   WSW  29.2 61.8
12   33.7  46.9  2:53pm   21.9  2:53am  24.7  0.0  0.01  16  31  00:00   SSW  29.3 55.9
13   42.7  55.9  3:53pm   25.0  4:53am  15.7  0.0  0.00   6  10  00:00   SSE  28.8 49.0
14   54.2  73.0  3:53pm   34.0  4:53am   1.4  0.0  0.00  10  20  00:00     S  28.6 28.2
15     61  78.1  1:53pm   41.0  4:53am   0.0  4.6  0.00  24  47  00:00    SW  28.3 15.9
16   33.7  53.1 12:53am   29.7  6:53pm  21.6  0.0  0.06  16  31  00:00     W  29.1 71.9
17   33.6  45.0  5:53pm   28.4  6:24am  25.7  0.0  0.03  10  18  00:00   WNW  29.1 61.3
18   46.5  64.9  4:53pm   28.9  5:53am   9.3  0.0  0.00   5  10  00:00   WSW  28.7 34.0
19   54.8  73.0  3:53pm   39.0  6:53am   1.1  0.0  0.00  23  45  00:00    SW  28.5 22.6
20   58.1  71.1  1:53pm   46.0  5:53am   0.4  0.0  0.00  20  38  00:00    SW  28.3 11.4
21   44.1  57.0 12:53pm   32.0  6:53am  14.4  0.0  0.00  23  45  00:00   WSW  28.7 36.0
22   47.2  64.9  1:53pm   28.0  5:53am   8.9  0.0  0.00  16  31  00:00     S  28.8 39.1
23   59.6  75.2  1:51pm   42.1  4:53am   0.0  2.4  0.00  16  31  00:00    SW  28.7 25.8
24   53.1  70.0  1:53pm   41.0 11:53pm   3.4  0.0  0.00  21  40  00:00   SSE  28.6 28.3
25   41.8  54.0  2:53pm   33.8  2:13am  17.1  0.0  0.00  18  35  00:00   WNW  28.9 30.5
26   35.8  44.1  9:53am   28.0  4:53am  25.0  0.0  0.00  19  37  00:00    SE  29.2 46.3
27   41.5  59.0  3:53pm   24.1  5:53am  14.7  0.0  0.00   9  17  00:00    SE  29.1 36.5
28   51.9  71.1  4:53pm   36.0 12:53am   3.5  0.0  0.00  13  24  00:00     W  28.8 17.3
29     60  73.9  4:53pm   50.0  2:53am   0.0  2.0  0.00  14  28  00:00   WSW  28.5 15.4
30   60.9  78.8  3:44pm   46.9  2:53am   0.0  4.9  0.00  18  35  00:00    SW  28.2 16.8