NOAA-Style Climate Reports

Select a Year or Month report
2018: Jan Feb Mar Apr May Jun Jul Aug Sep Oct Nov Dec
2017: Jan Feb Mar Apr May Jun Jul Aug Sep Oct Nov Dec
2016: Jan Feb Mar Apr May Jun Jul Aug Sep Oct Nov Dec
2015: Jan Feb Mar Apr May Jun Jul Aug Sep Oct Nov Dec
2014: Jan Feb Mar Apr May Jun Jul Aug Sep Oct Nov Dec
2013: Jan Feb Mar Apr May Jun Jul Aug Sep Oct Nov Dec
2012: Jan Feb Mar Apr May Jun Jul Aug Sep Oct Nov Dec
2011: Jan Feb Mar Apr May Jun Jul Aug Sep Oct Nov Dec
2010: Jan Feb Mar Apr May Jun Jul Aug Sep Oct Nov Dec
2009: Jan Feb Mar Apr May Jun Jul Aug Sep Oct Nov Dec
2008: Jan Feb Mar Apr May Jun Jul Aug Sep Oct Nov Dec
2007: Jan Feb Mar Apr May Jun Jul Aug Sep Oct Nov Dec
2006: Jan Feb Mar Apr May Jun Jul Aug Sep Oct Nov Dec
2005: Jan Feb Mar Apr May Jun Jul Aug Sep Oct Nov Dec
2004: Jan Feb Mar Apr May Jun Jul Aug Sep Oct Nov Dec
2003: Jan Feb Mar Apr May Jun Jul Aug Sep Oct Nov Dec
2002: Jan Feb Mar Apr May Jun Jul Aug Sep Oct Nov Dec
2001: Jan Feb Mar Apr May Jun Jul Aug Sep Oct Nov Dec
2000: Jan Feb Mar Apr May Jun Jul Aug Sep Oct Nov Dec
1999: Jan Feb Mar Apr May Jun Jul Aug Sep Oct Nov Dec
1998: Jan Feb Mar Apr May Jun Jul Aug Sep Oct Nov Dec
1997: Jan Feb Mar Apr May Jun Jul Aug Sep Oct Nov Dec
1996: Jan Feb Mar Apr May Jun Jul Aug Sep Oct Nov Dec
1995: Jan Feb Mar Apr May Jun Jul Aug Sep Oct Nov Dec
1994: Jan Feb Mar Apr May Jun Jul Aug Sep Oct Nov Dec
1993: Jan Feb Mar Apr May Jun Jul Aug Sep Oct Nov Dec
1992: Jan Feb Mar Apr May Jun Jul Aug Sep Oct Nov Dec
1991: Jan Feb Mar Apr May Jun Jul Aug Sep Oct Nov Dec
1990: Jan Feb Mar Apr May Jun Jul Aug Sep Oct Nov Dec
1989: Jan Feb Mar Apr May Jun Jul Aug Sep Oct Nov Dec
1988: Jan Feb Mar Apr May Jun Jul Aug Sep Oct Nov Dec
1987: Jan Feb Mar Apr May Jun Jul Aug Sep Oct Nov Dec
1986: Jan Feb Mar Apr May Jun Jul Aug Sep Oct Nov Dec

Report for 2008 May
                  MONTHLY CLIMATOLOGICAL SUMMARY FOR 5/2008
                                        HEAT  COOL        
     MEAN                               DEG   DEG       WIND SPEED       DOM MEAN  MEAN
DAY  TEMP  HIGH   TIME     LOW   TIME   DAYS  DAYS RAIN AVG  HI  TIME    DIR BAROM HUM
---------------------------------------------------------------------------------------
1    34.8  46.0 12:53am   30.9  9:53pm  24.6  0.0  0.21  14  28  00:00     E  28.8 77.2
2    35.7  42.1 12:53pm   32.0  2:53am  26.1  0.0  0.00  20  39  00:00     S  28.7 47.5
3    40.9  55.9  4:53pm   25.0  2:53am  16.6  0.0  0.00   9  16  00:00   SSE  28.9 41.3
4    49.2  64.0  1:53pm   33.1  4:53am   8.4  0.0  0.00  11  21  00:00   SSW  28.7 34.2
5    53.5  71.1 12:53pm   39.0  4:53am   2.7  0.0  0.00  18  36  00:00     S  28.6 39.0
6    58.2  73.0 11:53am   44.1  4:53am   0.0  0.6  0.00  18  35  00:00   WSW  28.6 37.8
7    49.2  63.0  3:53pm   46.0  1:53am   8.9  0.0  1.12  13  25  00:00   SSW  28.8 69.4
8    49.1  59.0 10:53am   41.0 11:53pm  10.9  0.0  0.18  18  35  00:00   SSW  28.6 62.9
9    51.7  71.1  5:53pm   36.0  4:53am   3.6  0.0  0.00  14  29  00:00     S  28.5 47.7
10   42.4  51.1 12:53pm   37.0 10:53pm  18.2  0.0  0.28  20  38  00:00     S  28.8 58.3
11   52.5  72.0  3:53pm   35.1 12:53am   2.7  0.0  0.00   5   9  00:00     S  28.7 31.9
12   54.4  75.9  1:53pm   39.2 11:18pm   0.0  0.2  0.27  25  48  00:00   SSE  28.7 43.6
13   37.1  45.0  3:53pm   34.2  7:53am  23.9  0.0  0.42   7  14  00:00    NW  29.1 83.6
14   47.9  61.0  2:53pm   34.0  1:53am  10.5  0.0  0.02  16  31  00:00    SW  28.9 49.2
15   44.5  55.0  3:53pm   41.0  3:53am  15.2  0.0  0.24  16  30  00:00   WNW  29.2 68.0
16   52.9  66.9  4:53pm   41.0  1:53am   5.1  0.0  0.00  13  25  00:00   WNW  29.0 47.7
17   59.1  73.0  3:53pm   50.0  5:53am   0.0  1.1  0.00  13  24  00:00   WNW  28.9 39.0
18   61.7  80.1  3:53pm   45.0  3:53am   0.0  5.9  0.00  17  33  00:00     W  28.6 32.5
19   66.6  81.0  2:53pm   55.9  4:53am   0.0  8.8  0.00   7  13  00:00     S  28.6 28.9
20   64.3  80.1  2:53pm   50.0  5:53am   0.0  7.2  0.00   7  13  00:00   SSW  28.6 40.1
21   66.9  84.9  3:53pm   57.0  5:53am   0.0 10.9  0.00  18  36  00:00     S  28.0 31.1
22   56.1  70.0  2:53pm   45.0 11:53pm   1.9  0.0  0.00  25  48  00:00    SW  28.2 49.1
23   51.4  66.9 12:53pm   37.0  5:53am   5.8  0.0  0.00  20  39  00:00   SSW  28.4 45.0
24   54.3  68.0  4:53pm   42.1  3:53am   3.8  0.0  0.00   9  16  00:00   SSE  28.5 27.2
25   58.2  73.9  3:53pm   39.0  4:53am   0.0  1.1  0.00  14  27  00:00    SW  28.6 30.6
26   48.5  59.0 12:53am   46.4 10:15pm  11.2  0.0  0.14   6  12  00:00   SSE  29.2 79.5
27   46.4  53.6  4:21pm   41.0  4:53am  15.0  0.0  0.14   9  17  00:00   ESE  29.1 77.3
28   58.3  75.9  5:53pm   46.9  3:53am   0.0  2.1  0.00  22  43  00:00   SSW  28.8 57.0
29   62.7  81.0 12:53pm   45.0  5:53am   0.0  6.9  0.00  21  41  00:00     W  28.6 37.0
30   61.5  78.1  2:53pm   46.0  5:53am   0.0  4.8  0.00  12  23  00:00    SE  28.7 33.6
31   65.2  81.0  2:53pm   55.9  4:53am   0.0  8.1  0.00  12  23  00:00    SW  28.8 32.6