NOAA-Style Climate Reports

Select a Year or Month report
2018: Jan Feb Mar Apr May Jun Jul Aug Sep Oct Nov Dec
2017: Jan Feb Mar Apr May Jun Jul Aug Sep Oct Nov Dec
2016: Jan Feb Mar Apr May Jun Jul Aug Sep Oct Nov Dec
2015: Jan Feb Mar Apr May Jun Jul Aug Sep Oct Nov Dec
2014: Jan Feb Mar Apr May Jun Jul Aug Sep Oct Nov Dec
2013: Jan Feb Mar Apr May Jun Jul Aug Sep Oct Nov Dec
2012: Jan Feb Mar Apr May Jun Jul Aug Sep Oct Nov Dec
2011: Jan Feb Mar Apr May Jun Jul Aug Sep Oct Nov Dec
2010: Jan Feb Mar Apr May Jun Jul Aug Sep Oct Nov Dec
2009: Jan Feb Mar Apr May Jun Jul Aug Sep Oct Nov Dec
2008: Jan Feb Mar Apr May Jun Jul Aug Sep Oct Nov Dec
2007: Jan Feb Mar Apr May Jun Jul Aug Sep Oct Nov Dec
2006: Jan Feb Mar Apr May Jun Jul Aug Sep Oct Nov Dec
2005: Jan Feb Mar Apr May Jun Jul Aug Sep Oct Nov Dec
2004: Jan Feb Mar Apr May Jun Jul Aug Sep Oct Nov Dec
2003: Jan Feb Mar Apr May Jun Jul Aug Sep Oct Nov Dec
2002: Jan Feb Mar Apr May Jun Jul Aug Sep Oct Nov Dec
2001: Jan Feb Mar Apr May Jun Jul Aug Sep Oct Nov Dec
2000: Jan Feb Mar Apr May Jun Jul Aug Sep Oct Nov Dec
1999: Jan Feb Mar Apr May Jun Jul Aug Sep Oct Nov Dec
1998: Jan Feb Mar Apr May Jun Jul Aug Sep Oct Nov Dec
1997: Jan Feb Mar Apr May Jun Jul Aug Sep Oct Nov Dec
1996: Jan Feb Mar Apr May Jun Jul Aug Sep Oct Nov Dec
1995: Jan Feb Mar Apr May Jun Jul Aug Sep Oct Nov Dec
1994: Jan Feb Mar Apr May Jun Jul Aug Sep Oct Nov Dec
1993: Jan Feb Mar Apr May Jun Jul Aug Sep Oct Nov Dec
1992: Jan Feb Mar Apr May Jun Jul Aug Sep Oct Nov Dec
1991: Jan Feb Mar Apr May Jun Jul Aug Sep Oct Nov Dec
1990: Jan Feb Mar Apr May Jun Jul Aug Sep Oct Nov Dec
1989: Jan Feb Mar Apr May Jun Jul Aug Sep Oct Nov Dec
1988: Jan Feb Mar Apr May Jun Jul Aug Sep Oct Nov Dec
1987: Jan Feb Mar Apr May Jun Jul Aug Sep Oct Nov Dec
1986: Jan Feb Mar Apr May Jun Jul Aug Sep Oct Nov Dec

Report for 2008 June
                  MONTHLY CLIMATOLOGICAL SUMMARY FOR 6/2008
                                        HEAT  COOL        
     MEAN                               DEG   DEG       WIND SPEED       DOM MEAN  MEAN
DAY  TEMP  HIGH   TIME     LOW   TIME   DAYS  DAYS RAIN AVG  HI  TIME    DIR BAROM HUM
---------------------------------------------------------------------------------------
1    64.8  82.0  1:53pm   48.0  5:53am   0.0  8.4  0.00  17  33  00:00    SW  28.7 46.1
2    70.4  87.1 12:53pm   55.0  3:53am   0.0 13.8  0.00  12  23  00:00   ESE  28.6 40.6
3    63.8  77.0 11:53am   53.1  5:53am   0.0  5.4  1.40  16  31  00:00     S  28.9 51.5
4    56.8  66.9 11:53am   48.9  5:53am   3.1  0.0  0.03  13  25  00:00   SSE  28.8 72.3
5    48.9  57.9  4:53pm   45.0 11:53pm  11.6  0.0  0.56  13  24  00:00   WSW  28.6 75.4
6    60.4  79.0  3:53pm   44.1  1:53am   0.0  4.7  0.00  10  20  00:00     S  28.4 37.8
7      57  77.0  2:53pm   46.9  4:53am   0.0  2.0  0.00  15  29  00:00   SSE  28.5 44.2
8    55.4  66.2  6:28pm   48.0 11:53pm   4.2  0.0  0.00  15  29  00:00     S  28.7 40.1
9    56.3  73.9  4:53pm   42.1  4:53am   0.0  0.1  0.00   7  13  00:00    SE  28.7 29.3
10   68.6  89.1  2:53pm   48.9 12:53am   0.0 13.9  0.00  17  32  00:00    SW  28.4 18.2
11   54.6  70.0  4:53pm   44.1  4:53am   2.7  0.0  0.00  19  37  00:00   SSE  28.6 38.4
12   56.7  70.0  1:53pm   43.0  4:53am   1.6  0.0  0.00  21  40  00:00   WSW  28.7 17.8
13   59.1  78.1  5:53pm   42.1  5:53am   0.0  3.6  0.00   7  13  00:00   SSE  28.8 25.8
14   67.6  87.1  3:53pm   48.9  4:53am   0.0 12.4  0.00   5   8  00:00     S  28.7 17.8
15     70  88.0  2:53pm   50.0  3:53am   0.0 14.0  0.00  11  21  00:00    SE  28.7 18.2
16   61.5  73.0  2:53pm   55.9  5:53am   0.0  2.3  0.00  12  23  00:00   SSW  29.0 59.2
17     69  87.1 12:53pm   54.0  4:53am   0.0 13.1  0.00  15  29  00:00   SSW  28.8 35.4
18   69.1  88.0 11:53am   55.0  3:53am   0.0 13.6  0.00  16  31  00:00   ESE  28.8 30.7
19   65.8  82.0 11:53am   57.0  1:53am   0.0  8.9  0.00  16  31  00:00    SE  29.1 44.1
20   64.6  82.0  2:53pm   53.1  5:53am   0.0  8.3  0.00  21  41  00:00   ESE  29.0 49.0
21   67.7  84.9  3:53pm   55.9 12:53am   0.0 11.3  0.00  10  20  00:00    SE  29.0 33.1
22   71.8  89.1  1:53pm   59.0  1:53am   0.0 15.5  0.00  20  38  00:00    SW  28.9 22.6
23   68.3  82.0  2:53pm   61.0  1:53am   0.0 10.2  0.00   7  14  00:00   WSW  28.7 29.5
24   68.5  88.0  2:53pm   53.1  5:53am   0.0 13.3  0.00  20  38  00:00   WSW  28.7 30.4
25   71.8  88.0  3:53pm   54.0  4:53am   0.0 14.9  0.00  13  25  00:00   SSW  28.9 25.6
26   72.1  90.0 12:53pm   59.0  3:53am   0.0 16.1  0.00  12  22  00:00     S  28.7 27.0
27   70.9  87.1  2:53pm   57.9  3:53am   0.0 14.0  0.00  12  23  00:00    SE  28.6 27.0
28   61.9  73.0  3:53pm   54.0 10:53am   0.0  2.5  0.00   8  15  00:00   WSW  29.1 45.6
29   66.1  82.9  4:53pm   50.0  4:53am   0.0  9.5  0.00  11  21  00:00   SSW  28.9 28.3
30   71.4  90.0  4:53pm   57.9  4:53am   0.0 15.7  0.00  13  25  00:00   SSW  28.8 28.9