NOAA-Style Climate Reports

Select a Year or Month report
2018: Jan Feb Mar Apr May Jun Jul Aug Sep Oct Nov Dec
2017: Jan Feb Mar Apr May Jun Jul Aug Sep Oct Nov Dec
2016: Jan Feb Mar Apr May Jun Jul Aug Sep Oct Nov Dec
2015: Jan Feb Mar Apr May Jun Jul Aug Sep Oct Nov Dec
2014: Jan Feb Mar Apr May Jun Jul Aug Sep Oct Nov Dec
2013: Jan Feb Mar Apr May Jun Jul Aug Sep Oct Nov Dec
2012: Jan Feb Mar Apr May Jun Jul Aug Sep Oct Nov Dec
2011: Jan Feb Mar Apr May Jun Jul Aug Sep Oct Nov Dec
2010: Jan Feb Mar Apr May Jun Jul Aug Sep Oct Nov Dec
2009: Jan Feb Mar Apr May Jun Jul Aug Sep Oct Nov Dec
2008: Jan Feb Mar Apr May Jun Jul Aug Sep Oct Nov Dec
2007: Jan Feb Mar Apr May Jun Jul Aug Sep Oct Nov Dec
2006: Jan Feb Mar Apr May Jun Jul Aug Sep Oct Nov Dec
2005: Jan Feb Mar Apr May Jun Jul Aug Sep Oct Nov Dec
2004: Jan Feb Mar Apr May Jun Jul Aug Sep Oct Nov Dec
2003: Jan Feb Mar Apr May Jun Jul Aug Sep Oct Nov Dec
2002: Jan Feb Mar Apr May Jun Jul Aug Sep Oct Nov Dec
2001: Jan Feb Mar Apr May Jun Jul Aug Sep Oct Nov Dec
2000: Jan Feb Mar Apr May Jun Jul Aug Sep Oct Nov Dec
1999: Jan Feb Mar Apr May Jun Jul Aug Sep Oct Nov Dec
1998: Jan Feb Mar Apr May Jun Jul Aug Sep Oct Nov Dec
1997: Jan Feb Mar Apr May Jun Jul Aug Sep Oct Nov Dec
1996: Jan Feb Mar Apr May Jun Jul Aug Sep Oct Nov Dec
1995: Jan Feb Mar Apr May Jun Jul Aug Sep Oct Nov Dec
1994: Jan Feb Mar Apr May Jun Jul Aug Sep Oct Nov Dec
1993: Jan Feb Mar Apr May Jun Jul Aug Sep Oct Nov Dec
1992: Jan Feb Mar Apr May Jun Jul Aug Sep Oct Nov Dec
1991: Jan Feb Mar Apr May Jun Jul Aug Sep Oct Nov Dec
1990: Jan Feb Mar Apr May Jun Jul Aug Sep Oct Nov Dec
1989: Jan Feb Mar Apr May Jun Jul Aug Sep Oct Nov Dec
1988: Jan Feb Mar Apr May Jun Jul Aug Sep Oct Nov Dec
1987: Jan Feb Mar Apr May Jun Jul Aug Sep Oct Nov Dec
1986: Jan Feb Mar Apr May Jun Jul Aug Sep Oct Nov Dec

Report for 2008 July
                  MONTHLY CLIMATOLOGICAL SUMMARY FOR 7/2008
                                        HEAT  COOL        
     MEAN                               DEG   DEG       WIND SPEED       DOM MEAN  MEAN
DAY  TEMP  HIGH   TIME     LOW   TIME   DAYS  DAYS RAIN AVG  HI  TIME    DIR BAROM HUM
---------------------------------------------------------------------------------------
1    73.2  87.1 11:53am   61.0  4:53am   0.0 15.2  0.00  21  41  00:00    SW  28.8 24.3
2    68.2  84.9  2:53pm   59.0  4:53am   0.0 11.6  0.00  20  40  00:00     S  28.8 37.9
3    66.8  82.0  2:53pm   55.0  4:53am   0.0  9.4  0.00  13  24  00:00   SSW  28.8 53.0
4      74  93.9  4:53pm   60.1  3:53am   0.0 19.0  0.00   9  17  00:00   SSW  28.7 35.1
5    74.5  90.0 10:53am   64.0 11:53pm   0.0 17.3  0.03  20  39  00:00   WSW  28.6 26.6
6    67.2  82.0 11:53am   59.0 10:53pm   0.0  9.6  0.34  13  27  00:00     S  28.8 47.8
7    62.8  78.1  3:53pm   55.9  2:53am   0.0  5.5  0.00  15  29  00:00     W  28.6 52.7
8    65.4  84.0  1:53pm   57.9  1:53am   0.0  9.7  0.18  18  36  00:00     S  29.0 47.5
9    69.5  88.0  2:53pm   55.0  2:53am   0.0 13.8  0.00  16  31  00:00     S  28.8 37.9
10     77  93.0  5:53pm   64.9  1:53am   0.0 20.0  0.00  11  21  00:00   SSW  28.6 23.2
11   77.3  93.9  1:53pm   66.9  2:53am   0.0 20.6  0.00  16  31  00:00   SSW  28.5 16.9
12   65.2  80.1  4:53pm   57.0  5:53am   0.0  7.7  0.00  10  20  00:00   ESE  28.8 32.7
13   70.4  89.1  3:53pm   54.0  4:53am   0.0 14.8  0.00  12  22  00:00     S  28.8 28.2
14   74.8  90.0 11:53am   61.0  3:53am   0.0 17.4  0.00  13  25  00:00     W  28.6 22.9
15     75  90.0 12:53pm   60.1  5:53am   0.0 17.5  0.00  18  35  00:00     W  28.7 23.9
16   76.5  95.0  3:53pm   64.0  3:53am   0.0 20.8  0.00  15  29  00:00     S  28.7 27.0
17   73.3  86.0 12:53pm   68.0  6:53am   0.0 14.7  0.00  15  29  00:00    SW  28.7 32.7
18   70.8  88.0  2:53pm   63.0  4:53am   0.0 14.4  0.47  20  38  00:00   SSE  28.9 46.1
19     76  93.0  2:53pm   64.0 12:53am   0.0 19.5  0.00  15  29  00:00    SW  28.7 28.0
20     79  95.0  2:53pm   66.9  5:53am   0.0 22.0  0.00  14  28  00:00     S  28.7 21.6
21   74.6  91.9  2:53pm   62.1  3:53am   0.0 18.3  0.00  12  23  00:00     W  28.6 29.8
22   76.7  95.0  2:53pm   64.0  5:53am   0.0 20.9  0.00  12  23  00:00    SW  28.6 27.7
23   71.2  91.0 12:53pm   66.2  4:34pm   0.0 16.1  0.10  20  38  00:00   SSW  28.9 45.8
24   72.5  91.0  2:53pm   62.1  6:53am   0.0 16.8  0.00  16  31  00:00    SE  28.8 43.2
25   73.6  91.0  1:53pm   60.1  5:53am   0.0 17.3  0.00  21  40  00:00   SSW  29.0 36.4
26   71.9  91.0  4:53pm   62.6  6:22am   0.0 16.5  0.00  12  23  00:00    SW  28.9 47.9
27   75.7  91.0  1:53pm   64.9  3:53am   0.0 18.4  0.00  16  31  00:00    SW  28.6 29.9
28   73.4  91.9  3:53pm   62.1  5:53am   0.0 17.7  0.00  15  29  00:00   WSW  28.6 34.2
29   72.9  89.1  1:53pm   61.0  6:53am   0.0 16.0  0.00  14  28  00:00    SW  28.6 29.6
30   76.7  93.9  3:53pm   66.9  1:53am   0.0 20.3  0.00   9  16  00:00    SW  28.6 20.7
31   76.9  93.9  1:53pm   64.0  4:53am   0.0 20.4  0.00  14  27  00:00    SE  28.6 19.6