NOAA-Style Climate Reports

Select a Year or Month report
2018: Jan Feb Mar Apr May Jun Jul Aug Sep Oct Nov Dec
2017: Jan Feb Mar Apr May Jun Jul Aug Sep Oct Nov Dec
2016: Jan Feb Mar Apr May Jun Jul Aug Sep Oct Nov Dec
2015: Jan Feb Mar Apr May Jun Jul Aug Sep Oct Nov Dec
2014: Jan Feb Mar Apr May Jun Jul Aug Sep Oct Nov Dec
2013: Jan Feb Mar Apr May Jun Jul Aug Sep Oct Nov Dec
2012: Jan Feb Mar Apr May Jun Jul Aug Sep Oct Nov Dec
2011: Jan Feb Mar Apr May Jun Jul Aug Sep Oct Nov Dec
2010: Jan Feb Mar Apr May Jun Jul Aug Sep Oct Nov Dec
2009: Jan Feb Mar Apr May Jun Jul Aug Sep Oct Nov Dec
2008: Jan Feb Mar Apr May Jun Jul Aug Sep Oct Nov Dec
2007: Jan Feb Mar Apr May Jun Jul Aug Sep Oct Nov Dec
2006: Jan Feb Mar Apr May Jun Jul Aug Sep Oct Nov Dec
2005: Jan Feb Mar Apr May Jun Jul Aug Sep Oct Nov Dec
2004: Jan Feb Mar Apr May Jun Jul Aug Sep Oct Nov Dec
2003: Jan Feb Mar Apr May Jun Jul Aug Sep Oct Nov Dec
2002: Jan Feb Mar Apr May Jun Jul Aug Sep Oct Nov Dec
2001: Jan Feb Mar Apr May Jun Jul Aug Sep Oct Nov Dec
2000: Jan Feb Mar Apr May Jun Jul Aug Sep Oct Nov Dec
1999: Jan Feb Mar Apr May Jun Jul Aug Sep Oct Nov Dec
1998: Jan Feb Mar Apr May Jun Jul Aug Sep Oct Nov Dec
1997: Jan Feb Mar Apr May Jun Jul Aug Sep Oct Nov Dec
1996: Jan Feb Mar Apr May Jun Jul Aug Sep Oct Nov Dec
1995: Jan Feb Mar Apr May Jun Jul Aug Sep Oct Nov Dec
1994: Jan Feb Mar Apr May Jun Jul Aug Sep Oct Nov Dec
1993: Jan Feb Mar Apr May Jun Jul Aug Sep Oct Nov Dec
1992: Jan Feb Mar Apr May Jun Jul Aug Sep Oct Nov Dec
1991: Jan Feb Mar Apr May Jun Jul Aug Sep Oct Nov Dec
1990: Jan Feb Mar Apr May Jun Jul Aug Sep Oct Nov Dec
1989: Jan Feb Mar Apr May Jun Jul Aug Sep Oct Nov Dec
1988: Jan Feb Mar Apr May Jun Jul Aug Sep Oct Nov Dec
1987: Jan Feb Mar Apr May Jun Jul Aug Sep Oct Nov Dec
1986: Jan Feb Mar Apr May Jun Jul Aug Sep Oct Nov Dec

Report for 2008 August
                  MONTHLY CLIMATOLOGICAL SUMMARY FOR 8/2008
                                        HEAT  COOL        
     MEAN                               DEG   DEG       WIND SPEED       DOM MEAN  MEAN
DAY  TEMP  HIGH   TIME     LOW   TIME   DAYS  DAYS RAIN AVG  HI  TIME    DIR BAROM HUM
---------------------------------------------------------------------------------------
1    79.4  99.0  3:53pm   63.0  5:53am   0.0 24.2  0.00  12  22  00:00   WSW  28.6 21.0
2    81.9  98.1 11:53am   66.9  5:53am   0.0 25.0  0.00  34  67  00:00   SSW  28.8 16.8
3    74.3  91.0 11:53am   64.9  4:53am   0.0 17.7  0.00  12  23  00:00   SSW  28.6 31.2
4    73.3  90.0 12:53pm   60.1  5:53am   0.0 16.7  0.00  12  23  00:00   SSW  28.8 34.9
5    68.3  82.0  2:53pm   62.1  4:53am   0.0 10.2  0.00  18  36  00:00   WSW  28.9 48.7
6    69.2  86.0  4:47pm   61.0  9:53pm   0.0 12.6  0.02  13  24  00:00   ESE  29.1 55.8
7      63  73.0  1:53pm   60.1  1:53am   0.0  3.0  0.06  10  20  00:00    SW  29.2 70.8
8    67.1  82.9  4:53pm   61.0 12:53am   0.0 10.0  0.01  16  31  00:00   SSW  28.8 60.6
9    69.8  86.0  3:53pm   60.1  5:53am   0.0 12.9  0.00  12  23  00:00     W  28.7 47.8
10   67.6  81.0  1:53pm   62.1  5:53am   0.0  9.3  0.00   9  16  00:00    SW  28.7 48.8
11   66.5  84.0  2:53pm   57.2 12:19am   0.0 10.3  0.34  14  27  00:00   SSW  29.0 46.9
12   69.4  89.1  2:53pm   54.0  5:53am   0.0 14.3  0.00  10  20  00:00   SSE  28.7 36.0
13     71  87.1  3:53pm   59.0  4:53am   0.0 14.1  0.00  13  24  00:00    SE  28.7 31.0
14   62.4  75.9  2:53pm   57.0  4:53am   0.0  4.2  0.14  17  35  00:00    SE  29.0 52.9
15   49.9  57.2  2:11am   48.0  8:53am  11.4  0.0  1.77   7  14  00:00   WNW  29.7 88.9
16   50.4  57.0  2:53pm   48.2  7:05am  11.3  0.0  2.49   9  18  00:00   SSE  29.6 87.3
17   54.3  62.6  1:49pm   51.8  3:02am   6.5  0.0  0.46  13  24  00:00    SW  29.3 74.9
18   60.2  75.0  4:53pm   50.0  3:53am   0.0  2.6  0.00   5   8  00:00   SSW  28.8 59.1
19   63.6  81.0  3:53pm   54.0  5:53am   0.0  7.3  0.00   9  17  00:00   SSE  28.7 54.5
20   66.9  87.1  1:53pm   55.0  4:53am   0.0 12.0  0.00  18  35  00:00    SW  28.5 43.5
21     73  89.1  3:53pm   63.0  1:53am   0.0 16.1  0.00  13  25  00:00   SSW  28.5 26.0
22   68.2  82.9  9:53am   62.1  1:53am   0.0 10.6  0.00  10  20  00:00    SE  28.7 36.3
23   64.6  79.0  1:53pm   57.9  5:53am   0.0  6.8  0.04  14  28  00:00   WSW  29.1 55.9
24   68.4  86.0  3:53pm   57.0  5:53am   0.0 12.2  0.00  17  32  00:00   SSW  29.0 44.9
25   71.2  86.0 12:53pm   55.9  4:53am   0.0 13.6  0.00  13  24  00:00   SSW  28.8 33.6
26   73.1  88.0  2:53pm   64.0 12:53am   0.0 15.6  0.00  10  20  00:00   SSW  28.5 29.7
27   67.4  88.0  3:53pm   57.9  5:53am   0.0 12.7  0.00   9  16  00:00   WNW  28.7 43.5
28     62  73.9  3:53pm   55.9  6:53am   0.0  3.0  0.00   7  13  00:00   SSE  28.8 41.9
29   67.7  82.9  2:53pm   59.0 12:53am   0.0 10.3  0.00  12  22  00:00     S  28.7 48.3
30   69.2  84.9  1:53pm   60.1  5:53am   0.0 12.1  0.00  16  30  00:00     S  28.6 44.0
31   70.1  89.1  3:53pm   60.1  5:53am   0.0 14.6  0.03  16  30  00:00    SW  28.6 42.8