NOAA-Style Climate Reports

Select a Year or Month report
2018: Jan Feb Mar Apr May Jun Jul Aug Sep Oct Nov Dec
2017: Jan Feb Mar Apr May Jun Jul Aug Sep Oct Nov Dec
2016: Jan Feb Mar Apr May Jun Jul Aug Sep Oct Nov Dec
2015: Jan Feb Mar Apr May Jun Jul Aug Sep Oct Nov Dec
2014: Jan Feb Mar Apr May Jun Jul Aug Sep Oct Nov Dec
2013: Jan Feb Mar Apr May Jun Jul Aug Sep Oct Nov Dec
2012: Jan Feb Mar Apr May Jun Jul Aug Sep Oct Nov Dec
2011: Jan Feb Mar Apr May Jun Jul Aug Sep Oct Nov Dec
2010: Jan Feb Mar Apr May Jun Jul Aug Sep Oct Nov Dec
2009: Jan Feb Mar Apr May Jun Jul Aug Sep Oct Nov Dec
2008: Jan Feb Mar Apr May Jun Jul Aug Sep Oct Nov Dec
2007: Jan Feb Mar Apr May Jun Jul Aug Sep Oct Nov Dec
2006: Jan Feb Mar Apr May Jun Jul Aug Sep Oct Nov Dec
2005: Jan Feb Mar Apr May Jun Jul Aug Sep Oct Nov Dec
2004: Jan Feb Mar Apr May Jun Jul Aug Sep Oct Nov Dec
2003: Jan Feb Mar Apr May Jun Jul Aug Sep Oct Nov Dec
2002: Jan Feb Mar Apr May Jun Jul Aug Sep Oct Nov Dec
2001: Jan Feb Mar Apr May Jun Jul Aug Sep Oct Nov Dec
2000: Jan Feb Mar Apr May Jun Jul Aug Sep Oct Nov Dec
1999: Jan Feb Mar Apr May Jun Jul Aug Sep Oct Nov Dec
1998: Jan Feb Mar Apr May Jun Jul Aug Sep Oct Nov Dec
1997: Jan Feb Mar Apr May Jun Jul Aug Sep Oct Nov Dec
1996: Jan Feb Mar Apr May Jun Jul Aug Sep Oct Nov Dec
1995: Jan Feb Mar Apr May Jun Jul Aug Sep Oct Nov Dec
1994: Jan Feb Mar Apr May Jun Jul Aug Sep Oct Nov Dec
1993: Jan Feb Mar Apr May Jun Jul Aug Sep Oct Nov Dec
1992: Jan Feb Mar Apr May Jun Jul Aug Sep Oct Nov Dec
1991: Jan Feb Mar Apr May Jun Jul Aug Sep Oct Nov Dec
1990: Jan Feb Mar Apr May Jun Jul Aug Sep Oct Nov Dec
1989: Jan Feb Mar Apr May Jun Jul Aug Sep Oct Nov Dec
1988: Jan Feb Mar Apr May Jun Jul Aug Sep Oct Nov Dec
1987: Jan Feb Mar Apr May Jun Jul Aug Sep Oct Nov Dec
1986: Jan Feb Mar Apr May Jun Jul Aug Sep Oct Nov Dec

Report for 2008 September
                  MONTHLY CLIMATOLOGICAL SUMMARY FOR 9/2008
                                        HEAT  COOL        
     MEAN                               DEG   DEG       WIND SPEED       DOM MEAN  MEAN
DAY  TEMP  HIGH   TIME     LOW   TIME   DAYS  DAYS RAIN AVG  HI  TIME    DIR BAROM HUM
---------------------------------------------------------------------------------------
1    68.4  84.9  3:53pm   57.0 11:53pm   0.0 11.7  0.00  21  41  00:00     S  28.5 37.9
2    52.3  63.0  2:53pm   46.9  5:53am   7.3  0.0  0.00  12  22  00:00    SE  28.9 48.1
3    56.6  72.0  2:53pm   50.0  5:53am   0.7  0.0  0.00  18  36  00:00   SSW  28.8 46.9
4    56.2  73.9  4:53pm   44.1  5:53am   0.0  0.1  0.00  14  27  00:00     S  28.7 45.5
5    48.9  53.1 12:53am   46.0  5:53am  14.0  0.0  0.00   8  15  00:00    SE  29.2 73.4
6    52.8  68.0  3:53pm   46.4  2:26am   4.6  0.0  0.00   9  17  00:00   SSW  29.0 65.8
7    57.9  77.0  1:53pm   46.9  6:53am   0.0  2.5  0.00  16  31  00:00   WNW  28.9 54.9
8    44.7  52.0  2:53pm   41.0  5:53am  16.6  0.0  0.03   9  17  00:00     E  29.4 79.5
9    61.7  82.9 12:53pm   44.1  2:53am   0.0  7.3  0.00  13  24  00:00   SSW  28.7 43.4
10   62.1  77.0  1:53pm   52.0  2:53am   0.0  4.6  0.04  12  24  00:00     S  28.7 43.3
11   51.8  61.0  3:53pm   50.0  5:42am   8.6  0.0  1.20   8  15  00:00   SSW  29.3 74.4
12   49.4  59.0  5:53pm   48.0  5:53am  10.8  0.0  0.75   7  13  00:00   WNW  29.2 81.7
13   56.6  73.0  2:53pm   45.0  1:53am   0.2  0.0  0.05  19  37  00:00   SSE  28.9 46.6
14   49.2  61.0  4:53pm   46.0  5:53am   9.9  0.0  0.00   4   8  00:00     E  29.1 67.5
15   56.5  72.0  2:53pm   44.1  6:53am   0.7  0.0  0.00  10  20  00:00     S  29.1 45.7
16   61.1  80.1  2:53pm   48.9  3:53am   0.0  5.6  0.00   5   9  00:00     S  28.9 36.3
17   62.9  80.1  2:53pm   53.1  6:53am   0.0  6.5  0.00   6  12  00:00   SSW  28.8 34.4
18   59.1  75.9  2:53pm   48.0  4:53am   0.0  2.5  0.00  12  23  00:00   WSW  28.8 42.5
19   59.2  73.0  2:53pm   46.9  5:53am   0.0  1.1  0.00  10  18  00:00    SW  28.8 42.0
20   59.5  77.0  2:53pm   48.0  6:53am   0.0  3.3  0.00   9  16  00:00   SSW  28.8 47.1
21   61.3  75.9  2:53pm   54.0  2:53am   0.0  3.6  0.00  22  43  00:00   WSW  28.7 47.7
22   65.3  84.0  1:53pm   54.0  1:53am   0.0  9.7  0.00  18  35  00:00     S  28.7 34.9
23   58.8  73.9  1:53pm   46.9  6:53am   0.0  1.4  0.00  13  24  00:00     S  28.8 38.6
24     60  78.1  3:53pm   48.9  5:53am   0.0  4.1  0.00   5   9  00:00   SSE  29.0 44.2
25     63  82.9  3:53pm   50.0  4:53am   0.0  8.0  0.00   6  10  00:00   SSW  28.9 33.4
26   65.1  82.0  1:53pm   53.1  5:53am   0.0  8.6  0.00  15  30  00:00   WSW  28.9 29.0
27   58.5  72.0 12:53pm   48.9  6:53am   0.0  0.3  0.00  11  21  00:00    SW  28.9 45.8
28   65.2  80.6  2:53pm   53.1  3:53am   0.0  7.9  0.00  19  37  00:00   SSE  28.9 28.5
29   56.4  75.9  3:53pm   46.0  4:53am   0.0  1.2  0.00   7  14  00:00   SSW  29.1 46.6
30   58.4  77.0  3:53pm   46.9  3:53am   0.0  2.7  0.00   5   8  00:00    SE  29.0 39.3