NOAA-Style Climate Reports

Select a Year or Month report
2018: Jan Feb Mar Apr May Jun Jul Aug Sep Oct Nov Dec
2017: Jan Feb Mar Apr May Jun Jul Aug Sep Oct Nov Dec
2016: Jan Feb Mar Apr May Jun Jul Aug Sep Oct Nov Dec
2015: Jan Feb Mar Apr May Jun Jul Aug Sep Oct Nov Dec
2014: Jan Feb Mar Apr May Jun Jul Aug Sep Oct Nov Dec
2013: Jan Feb Mar Apr May Jun Jul Aug Sep Oct Nov Dec
2012: Jan Feb Mar Apr May Jun Jul Aug Sep Oct Nov Dec
2011: Jan Feb Mar Apr May Jun Jul Aug Sep Oct Nov Dec
2010: Jan Feb Mar Apr May Jun Jul Aug Sep Oct Nov Dec
2009: Jan Feb Mar Apr May Jun Jul Aug Sep Oct Nov Dec
2008: Jan Feb Mar Apr May Jun Jul Aug Sep Oct Nov Dec
2007: Jan Feb Mar Apr May Jun Jul Aug Sep Oct Nov Dec
2006: Jan Feb Mar Apr May Jun Jul Aug Sep Oct Nov Dec
2005: Jan Feb Mar Apr May Jun Jul Aug Sep Oct Nov Dec
2004: Jan Feb Mar Apr May Jun Jul Aug Sep Oct Nov Dec
2003: Jan Feb Mar Apr May Jun Jul Aug Sep Oct Nov Dec
2002: Jan Feb Mar Apr May Jun Jul Aug Sep Oct Nov Dec
2001: Jan Feb Mar Apr May Jun Jul Aug Sep Oct Nov Dec
2000: Jan Feb Mar Apr May Jun Jul Aug Sep Oct Nov Dec
1999: Jan Feb Mar Apr May Jun Jul Aug Sep Oct Nov Dec
1998: Jan Feb Mar Apr May Jun Jul Aug Sep Oct Nov Dec
1997: Jan Feb Mar Apr May Jun Jul Aug Sep Oct Nov Dec
1996: Jan Feb Mar Apr May Jun Jul Aug Sep Oct Nov Dec
1995: Jan Feb Mar Apr May Jun Jul Aug Sep Oct Nov Dec
1994: Jan Feb Mar Apr May Jun Jul Aug Sep Oct Nov Dec
1993: Jan Feb Mar Apr May Jun Jul Aug Sep Oct Nov Dec
1992: Jan Feb Mar Apr May Jun Jul Aug Sep Oct Nov Dec
1991: Jan Feb Mar Apr May Jun Jul Aug Sep Oct Nov Dec
1990: Jan Feb Mar Apr May Jun Jul Aug Sep Oct Nov Dec
1989: Jan Feb Mar Apr May Jun Jul Aug Sep Oct Nov Dec
1988: Jan Feb Mar Apr May Jun Jul Aug Sep Oct Nov Dec
1987: Jan Feb Mar Apr May Jun Jul Aug Sep Oct Nov Dec
1986: Jan Feb Mar Apr May Jun Jul Aug Sep Oct Nov Dec

Report for 2008 October
                  MONTHLY CLIMATOLOGICAL SUMMARY FOR 10/2008
                                        HEAT  COOL        
     MEAN                               DEG   DEG       WIND SPEED       DOM MEAN  MEAN
DAY  TEMP  HIGH   TIME     LOW   TIME   DAYS  DAYS RAIN AVG  HI  TIME    DIR BAROM HUM
---------------------------------------------------------------------------------------
1    59.3  78.1  2:53pm   45.0  4:53am   0.0  3.7  0.00   7  13  00:00     W  28.9 33.2
2    58.4  75.9  1:53pm   48.0  4:53am   0.0  2.2  0.00  20  38  00:00   WSW  28.8 36.9
3    59.5  75.9  1:53pm   46.9  6:53am   0.0  2.7  0.00  12  22  00:00    SW  28.6 33.0
4    59.1  75.0  1:53pm   51.1  4:53am   0.0  2.1  0.00  14  27  00:00    SW  28.5 37.4
5    53.8  69.1  2:53pm   48.0 11:53pm   3.5  0.0  0.48  13  25  00:00   SSW  28.8 57.0
6    50.2  61.0  4:53pm   41.0 11:53pm   9.4  0.0  0.02  11  22  00:00   SSE  28.9 52.6
7    50.7  71.1  4:53pm   37.0  3:53am   4.1  0.0  0.00   7  13  00:00     S  29.0 39.3
8      59  77.0  2:53pm   48.0  4:53am   0.0  3.0  0.00  10  20  00:00     S  28.8 26.0
9    47.5  57.9  2:53pm   42.1 11:53pm  12.3  0.0  0.00  10  20  00:00   WNW  28.6 59.2
10   43.9  54.0  1:53am   39.0 11:53pm  16.0  0.0  0.00   6  12  00:00   SSW  28.9 73.7
11   37.7  41.0 11:53am   37.0  6:53am  25.6  0.0  0.38   7  13  00:00   SSW  29.2 91.2
12   37.1  41.0  3:53pm   36.0  8:53am  25.9  0.0  0.07   7  13  00:00   SSE  29.1 86.7
13   39.5  52.0  3:53pm   32.0  7:53am  19.2  0.0  0.00   4   7  00:00     S  29.1 63.5
14   39.5  53.1 12:53pm   32.0  2:53am  18.7  0.0  0.00   7  14  00:00    SW  29.0 63.2
15   43.6  59.0  1:53pm   34.0  5:53am  13.7  0.0  0.00   7  14  00:00   SSW  29.2 55.2
16   52.9  72.0  2:53pm   35.1  5:53am   2.5  0.0  0.00  12  23  00:00   WSW  29.0 36.6
17   54.1  72.0  2:53pm   39.9  5:53am   1.9  0.0  0.00   7  14  00:00    SE  29.0 35.9
18   57.4  79.0  1:53pm   43.0  6:53am   0.0  3.2  0.00   5  10  00:00   SSE  28.8 31.1
19   56.2  72.0  2:53pm   46.9  5:53am   0.9  0.0  0.00   9  17  00:00     S  28.9 29.1
20   46.5  59.0  1:53pm   39.0  5:53am  12.2  0.0  0.19  14  27  00:00   SSE  29.2 73.4
21   45.6  64.9  1:53pm   35.1 10:53pm   9.7  0.0  0.19  18  36  00:00   SSE  29.1 62.6
22   33.5  43.0  2:53pm   30.0  8:53pm  26.7  0.0  0.00  18  36  00:00   WSW  29.1 49.5
23     36  52.0  3:53pm   26.1  5:53am  21.0  0.0  0.00   9  17  00:00     S  28.9 37.6
24   47.1  59.0  2:53pm   39.0 10:53pm  11.9  0.0  0.00  10  18  00:00     S  28.8 29.4
25   55.7  70.0 12:53pm   37.9 12:53am   2.1  0.0  0.00  17  33  00:00   WNW  28.7 22.3
26   43.3  60.1 12:53am   30.0  9:53pm  13.3  0.0  0.00  13  24  00:00    SE  29.2 46.6
27   41.9  64.0  2:53pm   27.0  4:53am  12.0  0.0  0.00   6  12  00:00     W  29.3 49.4
28   50.6  72.0  2:53pm   35.1  1:53am   3.7  0.0  0.00   5   8  00:00     E  29.2 31.3
29   54.1  73.0  1:53pm   39.0  5:53am   1.4  0.0  0.00   7  14  00:00     S  28.9 24.9
30   53.4  72.0  2:53pm   41.0  3:53am   2.3  0.0  0.00   7  14  00:00   SSE  28.9 25.2
31   54.5  73.9  2:53pm   39.9  4:53am   0.8  0.0  0.00   9  16  00:00     S  29.2 25.8