NOAA-Style Climate Reports

Select a Year or Month report
2018: Jan Feb Mar Apr May Jun Jul Aug Sep Oct Nov Dec
2017: Jan Feb Mar Apr May Jun Jul Aug Sep Oct Nov Dec
2016: Jan Feb Mar Apr May Jun Jul Aug Sep Oct Nov Dec
2015: Jan Feb Mar Apr May Jun Jul Aug Sep Oct Nov Dec
2014: Jan Feb Mar Apr May Jun Jul Aug Sep Oct Nov Dec
2013: Jan Feb Mar Apr May Jun Jul Aug Sep Oct Nov Dec
2012: Jan Feb Mar Apr May Jun Jul Aug Sep Oct Nov Dec
2011: Jan Feb Mar Apr May Jun Jul Aug Sep Oct Nov Dec
2010: Jan Feb Mar Apr May Jun Jul Aug Sep Oct Nov Dec
2009: Jan Feb Mar Apr May Jun Jul Aug Sep Oct Nov Dec
2008: Jan Feb Mar Apr May Jun Jul Aug Sep Oct Nov Dec
2007: Jan Feb Mar Apr May Jun Jul Aug Sep Oct Nov Dec
2006: Jan Feb Mar Apr May Jun Jul Aug Sep Oct Nov Dec
2005: Jan Feb Mar Apr May Jun Jul Aug Sep Oct Nov Dec
2004: Jan Feb Mar Apr May Jun Jul Aug Sep Oct Nov Dec
2003: Jan Feb Mar Apr May Jun Jul Aug Sep Oct Nov Dec
2002: Jan Feb Mar Apr May Jun Jul Aug Sep Oct Nov Dec
2001: Jan Feb Mar Apr May Jun Jul Aug Sep Oct Nov Dec
2000: Jan Feb Mar Apr May Jun Jul Aug Sep Oct Nov Dec
1999: Jan Feb Mar Apr May Jun Jul Aug Sep Oct Nov Dec
1998: Jan Feb Mar Apr May Jun Jul Aug Sep Oct Nov Dec
1997: Jan Feb Mar Apr May Jun Jul Aug Sep Oct Nov Dec
1996: Jan Feb Mar Apr May Jun Jul Aug Sep Oct Nov Dec
1995: Jan Feb Mar Apr May Jun Jul Aug Sep Oct Nov Dec
1994: Jan Feb Mar Apr May Jun Jul Aug Sep Oct Nov Dec
1993: Jan Feb Mar Apr May Jun Jul Aug Sep Oct Nov Dec
1992: Jan Feb Mar Apr May Jun Jul Aug Sep Oct Nov Dec
1991: Jan Feb Mar Apr May Jun Jul Aug Sep Oct Nov Dec
1990: Jan Feb Mar Apr May Jun Jul Aug Sep Oct Nov Dec
1989: Jan Feb Mar Apr May Jun Jul Aug Sep Oct Nov Dec
1988: Jan Feb Mar Apr May Jun Jul Aug Sep Oct Nov Dec
1987: Jan Feb Mar Apr May Jun Jul Aug Sep Oct Nov Dec
1986: Jan Feb Mar Apr May Jun Jul Aug Sep Oct Nov Dec

Report for 2008 November
                  MONTHLY CLIMATOLOGICAL SUMMARY FOR 11/2008
                                        HEAT  COOL        
     MEAN                               DEG   DEG       WIND SPEED       DOM MEAN  MEAN
DAY  TEMP  HIGH   TIME     LOW   TIME   DAYS  DAYS RAIN AVG  HI  TIME    DIR BAROM HUM
---------------------------------------------------------------------------------------
1    55.8  72.0  1:53pm   44.1  1:53am   1.1  0.0  0.00   6  12  00:00    SW  29.0 26.5
2    56.6  73.0  1:53pm   46.0  1:53am   0.2  0.0  0.00  13  24  00:00    SW  28.6 27.6
3    54.8  66.9  1:53pm   48.0  5:53am   4.1  0.0  0.00  16  31  00:00   SSE  28.6 32.1
4    52.7  68.0 11:53am   46.9  5:53am   4.6  0.0  0.00  16  31  00:00   SSW  28.3 30.4
5    36.2  46.0 11:53am   32.0 11:53pm  23.9  0.0  0.19  16  31  00:00   WSW  28.8 59.4
6    36.1  46.9 12:53pm   30.0  9:53pm  23.5  0.0  0.00  18  35  00:00    NW  28.8 21.7
7    40.5  55.0 12:53pm   28.0  4:53am  17.2  0.0  0.00  16  30  00:00     W  28.9 30.5
8    44.3  57.0 11:53am   36.0  2:53am  14.3  0.0  0.00   7  13  00:00   SSW  28.8 44.6
9    43.4  57.0  1:53pm   32.0  4:53am  14.8  0.0  0.00   5   9  00:00     S  28.5 47.9
10     35  41.0  2:53pm   30.0 11:53pm  27.0  0.0  0.00   5   9  00:00     W  28.6 70.2
11   37.8  52.0  1:53pm   30.0  1:53am  20.1  0.0  0.00   4   7  00:00   ESE  28.8 61.3
12   43.5  55.0  1:53pm   34.0  2:53am  15.7  0.0  0.00  13  24  00:00   WNW  28.7 38.3
13   50.1  64.0 11:53am   36.0 11:53pm   7.9  0.0  0.00  20  38  00:00   WNW  28.4 38.3
14   28.7  37.0 12:53pm   19.9 10:53pm  32.1  0.0  0.04  13  25  00:00     E  29.4 71.5
15   34.8  55.9  1:53pm   18.0  2:53am  19.6  0.0  0.00   7  14  00:00   SSE  29.2 43.4
16   49.6  68.0  1:53pm   34.0  3:53am   6.2  0.0  0.00  12  23  00:00     W  29.0 29.4
17   49.7  70.0  1:53pm   36.0  1:53am   5.1  0.0  0.00   6  12  00:00   WSW  29.1 29.4
18   56.4  73.9 11:53am   46.9  1:53am   0.0  0.2  0.00   9  16  00:00    SW  29.0 18.1
19   48.2  66.9 12:53pm   32.0 11:32pm   7.4  0.0  0.00  10  18  00:00   SSE  29.1 35.1
20   27.3  32.0  2:53pm   24.8  6:59am  35.3  0.0  0.01   8  15  00:00     E  29.8 83.5
21   36.9  55.9 10:53am   23.0  5:53am  18.6  0.0  0.00  14  27  00:00    SE  28.9 50.3
22   42.7  63.0  1:53pm   30.0  5:53am  12.1  0.0  0.00  13  25  00:00     S  28.9 30.2
23   37.5  54.0 10:53am   25.0 10:53pm  19.2  0.0  0.00  12  22  00:00   ESE  28.9 34.7
24   41.2  64.0  2:53pm   21.9  1:53am  12.4  0.0  0.00  10  18  00:00   SSW  29.0 27.1
25   41.6  59.0  1:53pm   30.0 11:53pm  14.7  0.0  0.00   7  14  00:00    SW  28.9 14.0
26   42.6  63.0 12:53pm   26.1  4:53am  12.2  0.0  0.00   5   8  00:00    SE  28.9 19.4
27   32.9  41.0 12:53am   30.0  3:53am  28.0  0.0  0.00  17  33  00:00   SSW  29.0 52.0
28   32.6  48.0 12:53pm   26.1  2:53am  24.7  0.0  0.14  13  24  00:00     E  29.1 72.6
29   29.5  37.0  9:53am   21.9  4:53am  31.7  0.0  0.12   6  10  00:00     S  29.0 79.3
30   28.4  35.1  1:53am   25.0  8:53pm  33.2  0.0  0.31  15  29  00:00    SW  29.3 83.9