NOAA-Style Climate Reports

Select a Year or Month report
2018: Jan Feb Mar Apr May Jun Jul Aug Sep Oct Nov Dec
2017: Jan Feb Mar Apr May Jun Jul Aug Sep Oct Nov Dec
2016: Jan Feb Mar Apr May Jun Jul Aug Sep Oct Nov Dec
2015: Jan Feb Mar Apr May Jun Jul Aug Sep Oct Nov Dec
2014: Jan Feb Mar Apr May Jun Jul Aug Sep Oct Nov Dec
2013: Jan Feb Mar Apr May Jun Jul Aug Sep Oct Nov Dec
2012: Jan Feb Mar Apr May Jun Jul Aug Sep Oct Nov Dec
2011: Jan Feb Mar Apr May Jun Jul Aug Sep Oct Nov Dec
2010: Jan Feb Mar Apr May Jun Jul Aug Sep Oct Nov Dec
2009: Jan Feb Mar Apr May Jun Jul Aug Sep Oct Nov Dec
2008: Jan Feb Mar Apr May Jun Jul Aug Sep Oct Nov Dec
2007: Jan Feb Mar Apr May Jun Jul Aug Sep Oct Nov Dec
2006: Jan Feb Mar Apr May Jun Jul Aug Sep Oct Nov Dec
2005: Jan Feb Mar Apr May Jun Jul Aug Sep Oct Nov Dec
2004: Jan Feb Mar Apr May Jun Jul Aug Sep Oct Nov Dec
2003: Jan Feb Mar Apr May Jun Jul Aug Sep Oct Nov Dec
2002: Jan Feb Mar Apr May Jun Jul Aug Sep Oct Nov Dec
2001: Jan Feb Mar Apr May Jun Jul Aug Sep Oct Nov Dec
2000: Jan Feb Mar Apr May Jun Jul Aug Sep Oct Nov Dec
1999: Jan Feb Mar Apr May Jun Jul Aug Sep Oct Nov Dec
1998: Jan Feb Mar Apr May Jun Jul Aug Sep Oct Nov Dec
1997: Jan Feb Mar Apr May Jun Jul Aug Sep Oct Nov Dec
1996: Jan Feb Mar Apr May Jun Jul Aug Sep Oct Nov Dec
1995: Jan Feb Mar Apr May Jun Jul Aug Sep Oct Nov Dec
1994: Jan Feb Mar Apr May Jun Jul Aug Sep Oct Nov Dec
1993: Jan Feb Mar Apr May Jun Jul Aug Sep Oct Nov Dec
1992: Jan Feb Mar Apr May Jun Jul Aug Sep Oct Nov Dec
1991: Jan Feb Mar Apr May Jun Jul Aug Sep Oct Nov Dec
1990: Jan Feb Mar Apr May Jun Jul Aug Sep Oct Nov Dec
1989: Jan Feb Mar Apr May Jun Jul Aug Sep Oct Nov Dec
1988: Jan Feb Mar Apr May Jun Jul Aug Sep Oct Nov Dec
1987: Jan Feb Mar Apr May Jun Jul Aug Sep Oct Nov Dec
1986: Jan Feb Mar Apr May Jun Jul Aug Sep Oct Nov Dec

Report for 2008 December
                  MONTHLY CLIMATOLOGICAL SUMMARY FOR 12/2008
                                        HEAT  COOL        
     MEAN                               DEG   DEG       WIND SPEED       DOM MEAN  MEAN
DAY  TEMP  HIGH   TIME     LOW   TIME   DAYS  DAYS RAIN AVG  HI  TIME    DIR BAROM HUM
---------------------------------------------------------------------------------------
1      35  52.0  9:53pm   17.1  3:53am  21.5  0.0  0.00  13  24  00:00    SW  28.9 55.9
2    48.4  66.0 12:53pm   30.0 11:53pm   7.8  0.0  0.00  17  32  00:00   WSW  28.6 31.7
3    23.2  28.4 12:22am   21.0  5:53pm  39.2  0.0  0.00  12  23  00:00   ESE  29.2 72.1
4    13.6  23.0 12:53am    1.4  9:44pm  46.7  0.0  0.14   8  15  00:00   WNW  29.6 83.2
5    33.1  48.0 12:53pm    3.0 12:53am  24.4  0.0  0.00  11  21  00:00     W  28.9 44.5
6    43.3  60.1  2:53pm   34.0  3:53am  13.3  0.0  0.00   9  17  00:00     W  28.9 47.8
7      48  64.0  1:53pm   39.9 11:53pm   9.0  0.0  0.00   5   9  00:00     S  28.6 45.0
8      35  48.9  9:53am   21.0 11:53pm  23.0  0.0  0.21  16  31  00:00   ESE  28.6 60.3
9    19.3  27.0  1:53pm   12.9  7:53pm  41.8  0.0  0.10   9  17  00:00   WNW  29.4 76.1
10   31.1  45.0  2:53pm   19.9  2:53am  26.9  0.0  0.00   5   9  00:00     S  29.0 57.3
11   33.6  46.9 12:53pm   25.0  6:53am  24.7  0.0  0.00  13  24  00:00    SW  29.1 53.2
12   32.1  46.9 12:53pm   23.0  3:53am  25.5  0.0  0.00   7  14  00:00   SSW  28.7 60.4
13   38.2  52.0 11:53am   21.0 11:53pm  19.9  0.0  0.01  21  40  00:00     S  28.3 51.2
14    3.8  19.4 12:00am   -4.0 10:53pm  53.4  0.0  0.07  14  28  00:00     E  29.0 75.6
15   -0.5  10.0  1:53pm   -8.0  3:53am  60.2  0.0  0.00   3   6  00:00   ENE  29.2 74.0
16   18.9  37.0  1:53pm   -0.9  1:53am  37.0  0.0  0.00   6  10  00:00   SSE  28.8 60.9
17   26.6  39.0  1:53pm   15.1  4:53am  32.2  0.0  0.00   7  14  00:00    SW  28.8 51.1
18   23.8  32.0  1:53pm   16.0  5:53am  37.1  0.0  0.05  13  25  00:00   SSW  29.0 75.9
19   33.5  44.1 12:53pm   21.0 11:53pm  26.2  0.0  0.04  17  33  00:00    SW  28.7 34.0
20   17.4  25.0 12:53pm   10.9 11:53pm  43.8  0.0  0.00   7  14  00:00   SSE  29.0 56.7
21   11.6  19.4  3:45pm    7.0  6:53am  49.5  0.0  0.00   8  16  00:00   SSW  29.2 63.1
22   21.5  37.9  6:53pm    7.0 12:53am  35.3  0.0  0.00  13  25  00:00   SSW  28.5 59.2
23   23.8  35.1 12:53am   14.0  8:53pm  35.5  0.0  0.00  10  20  00:00     S  28.4 59.0
24   24.7  39.9  1:53pm   12.9  3:53am  32.7  0.0  0.00  13  25  00:00     S  28.7 29.2
25   38.5  48.9 12:53pm   21.0  1:53am  21.3  0.0  0.00  20  39  00:00   WSW  28.5 35.6
26   33.1  45.0 11:53am   14.0 11:53pm  25.9  0.0  0.01  17  33  00:00    SW  28.4 56.7
27   22.6  35.1 11:53pm   10.0  3:53am  36.1  0.0  0.00  14  28  00:00     W  28.7 38.7
28   39.3  51.1 12:53pm   26.1  6:53am  19.8  0.0  0.00  17  32  00:00     W  28.9 33.9
29   42.9  60.1  2:53pm   28.9  3:53am  13.5  0.0  0.00  15  29  00:00   SSW  28.8 37.0
30   43.4  59.0 10:53am   24.1 10:53pm  13.8  0.0  0.00  20  38  00:00   SSW  28.9 32.4
31   34.5  55.9  2:53pm   18.0  5:53am  19.8  0.0  0.00   7  14  00:00   SSW  28.8 41.6