NOAA-Style Climate Reports

Select a Year or Month report
2018: Jan Feb Mar Apr May Jun Jul Aug Sep Oct Nov Dec
2017: Jan Feb Mar Apr May Jun Jul Aug Sep Oct Nov Dec
2016: Jan Feb Mar Apr May Jun Jul Aug Sep Oct Nov Dec
2015: Jan Feb Mar Apr May Jun Jul Aug Sep Oct Nov Dec
2014: Jan Feb Mar Apr May Jun Jul Aug Sep Oct Nov Dec
2013: Jan Feb Mar Apr May Jun Jul Aug Sep Oct Nov Dec
2012: Jan Feb Mar Apr May Jun Jul Aug Sep Oct Nov Dec
2011: Jan Feb Mar Apr May Jun Jul Aug Sep Oct Nov Dec
2010: Jan Feb Mar Apr May Jun Jul Aug Sep Oct Nov Dec
2009: Jan Feb Mar Apr May Jun Jul Aug Sep Oct Nov Dec
2008: Jan Feb Mar Apr May Jun Jul Aug Sep Oct Nov Dec
2007: Jan Feb Mar Apr May Jun Jul Aug Sep Oct Nov Dec
2006: Jan Feb Mar Apr May Jun Jul Aug Sep Oct Nov Dec
2005: Jan Feb Mar Apr May Jun Jul Aug Sep Oct Nov Dec
2004: Jan Feb Mar Apr May Jun Jul Aug Sep Oct Nov Dec
2003: Jan Feb Mar Apr May Jun Jul Aug Sep Oct Nov Dec
2002: Jan Feb Mar Apr May Jun Jul Aug Sep Oct Nov Dec
2001: Jan Feb Mar Apr May Jun Jul Aug Sep Oct Nov Dec
2000: Jan Feb Mar Apr May Jun Jul Aug Sep Oct Nov Dec
1999: Jan Feb Mar Apr May Jun Jul Aug Sep Oct Nov Dec
1998: Jan Feb Mar Apr May Jun Jul Aug Sep Oct Nov Dec
1997: Jan Feb Mar Apr May Jun Jul Aug Sep Oct Nov Dec
1996: Jan Feb Mar Apr May Jun Jul Aug Sep Oct Nov Dec
1995: Jan Feb Mar Apr May Jun Jul Aug Sep Oct Nov Dec
1994: Jan Feb Mar Apr May Jun Jul Aug Sep Oct Nov Dec
1993: Jan Feb Mar Apr May Jun Jul Aug Sep Oct Nov Dec
1992: Jan Feb Mar Apr May Jun Jul Aug Sep Oct Nov Dec
1991: Jan Feb Mar Apr May Jun Jul Aug Sep Oct Nov Dec
1990: Jan Feb Mar Apr May Jun Jul Aug Sep Oct Nov Dec
1989: Jan Feb Mar Apr May Jun Jul Aug Sep Oct Nov Dec
1988: Jan Feb Mar Apr May Jun Jul Aug Sep Oct Nov Dec
1987: Jan Feb Mar Apr May Jun Jul Aug Sep Oct Nov Dec
1986: Jan Feb Mar Apr May Jun Jul Aug Sep Oct Nov Dec

Report for 2009 January
                  MONTHLY CLIMATOLOGICAL SUMMARY FOR 1/2009
                                        HEAT  COOL        
     MEAN                               DEG   DEG       WIND SPEED       DOM MEAN  MEAN
DAY  TEMP  HIGH   TIME     LOW   TIME   DAYS  DAYS RAIN AVG  HI  TIME    DIR BAROM HUM
---------------------------------------------------------------------------------------
1    43.9  54.0 11:53am   33.1  4:53am  16.0  0.0  0.00  12  23  00:00   SSW  28.5 26.4
2    47.6  62.1  2:53pm   39.0  4:53am  10.1  0.0  0.00  14  28  00:00    SW  28.4 27.2
3    24.8  46.9 12:53am   15.1 11:53pm  29.1  0.0  0.14  10  20  00:00   ENE  29.1 73.1
4    13.5  19.9  1:53pm    8.1 10:53pm  48.3  0.0  0.02   7  14  00:00   SSE  29.2 71.4
5    26.9  42.1  1:53pm    7.0  1:53am  30.5  0.0  0.00  14  28  00:00   WSW  28.6 40.8
6    31.1  37.9 11:53am   25.0  7:53am  30.5  0.0  0.00  16  32  00:00    NW  28.5 34.3
7    42.5  53.1  1:53pm   30.0  4:53am  17.2  0.0  0.00  20  38  00:00    NW  28.5 34.9
8      46  61.0 12:53pm   34.0  6:53am  11.5  0.0  0.00  11  21  00:00    SW  28.6 33.5
9    32.1  43.0  1:53am   21.0 10:53pm  27.4  0.0  0.00  17  33  00:00     E  28.8 55.4
10   30.8  43.0 12:53pm   19.0 12:53am  28.1  0.0  0.00  14  28  00:00     W  29.0 37.2
11   34.7  45.0  2:53pm   25.0  1:53am  25.1  0.0  0.00  17  33  00:00   WSW  28.9 37.5
12   25.5  41.0  2:53am   15.1  9:53pm  31.7  0.0  0.28  18  35  00:00     S  29.4 67.9
13   32.7  46.9  1:53pm   18.0  2:53am  25.2  0.0  0.11  15  29  00:00     W  28.9 46.7
14   32.9  44.1  3:53pm   27.0 12:53am  26.5  0.0  0.00   5   9  00:00    SW  29.0 55.1
15   30.1  44.1  1:53pm   24.1 12:53am  27.9  0.0  0.00   6  10  00:00     S  29.4 72.9
16   41.1  57.0  2:53pm   28.0 12:53am  15.9  0.0  0.00   5  10  00:00   WSW  29.1 34.6
17   37.4  54.0  1:53pm   28.9  5:53am  19.3  0.0  0.00   5   8  00:00     S  29.1 36.4
18   42.7  59.0  1:53pm   30.0  1:53am  14.1  0.0  0.00   7  13  00:00    SW  29.1 23.3
19   45.2  61.0 12:53pm   37.0  5:53am  11.9  0.0  0.00  18  36  00:00    SW  29.1 23.5
20     45  64.9  1:53pm   33.1  1:53am  10.0  0.0  0.00   6  10  00:00   WSW  29.0 22.3
21     51  69.1  1:53pm   39.9 10:53pm   4.9  0.0  0.00   9  17  00:00   WSW  28.8 12.3
22   49.9  64.0  1:53pm   42.1  5:53am   8.0  0.0  0.00  16  31  00:00     S  28.7 33.0
23   26.8  43.0 12:53am   19.4  7:06pm  30.1  0.0  0.02   5  10  00:00   ENE  29.3 71.8
24   25.5  46.0  1:53pm   17.6  6:47am  29.2  0.0  0.00   9  16  00:00   SSE  29.2 77.0
25   16.5  19.9 11:53am   12.0 11:53pm  46.8  0.0  0.00   6  12  00:00    SE  29.2 87.5
26    7.1  12.0 12:53am    3.2 11:24pm  55.4  0.0  0.04   7  14  00:00   SSE  29.4 79.1
27   10.7  28.9  3:53pm   -2.0  6:53am  45.2  0.0  0.01  10  20  00:00     S  29.2 63.0
28   31.1  39.9  1:53pm   23.0 10:53pm  29.5  0.0  0.00  23  45  00:00    NW  28.8 34.0
29   28.1  37.9  1:53pm   23.0  6:53am  32.0  0.0  0.00  14  27  00:00    NW  29.0 32.4
30   36.2  55.0 12:53pm   19.9  2:53am  19.4  0.0  0.00   6  10  00:00     S  29.1 35.0
31   44.2  60.1  2:53pm   33.1  6:53am  12.8  0.0  0.00  14  28  00:00   WNW  28.7 17.3