NOAA-Style Climate Reports

Select a Year or Month report
2018: Jan Feb Mar Apr May Jun Jul Aug Sep Oct Nov Dec
2017: Jan Feb Mar Apr May Jun Jul Aug Sep Oct Nov Dec
2016: Jan Feb Mar Apr May Jun Jul Aug Sep Oct Nov Dec
2015: Jan Feb Mar Apr May Jun Jul Aug Sep Oct Nov Dec
2014: Jan Feb Mar Apr May Jun Jul Aug Sep Oct Nov Dec
2013: Jan Feb Mar Apr May Jun Jul Aug Sep Oct Nov Dec
2012: Jan Feb Mar Apr May Jun Jul Aug Sep Oct Nov Dec
2011: Jan Feb Mar Apr May Jun Jul Aug Sep Oct Nov Dec
2010: Jan Feb Mar Apr May Jun Jul Aug Sep Oct Nov Dec
2009: Jan Feb Mar Apr May Jun Jul Aug Sep Oct Nov Dec
2008: Jan Feb Mar Apr May Jun Jul Aug Sep Oct Nov Dec
2007: Jan Feb Mar Apr May Jun Jul Aug Sep Oct Nov Dec
2006: Jan Feb Mar Apr May Jun Jul Aug Sep Oct Nov Dec
2005: Jan Feb Mar Apr May Jun Jul Aug Sep Oct Nov Dec
2004: Jan Feb Mar Apr May Jun Jul Aug Sep Oct Nov Dec
2003: Jan Feb Mar Apr May Jun Jul Aug Sep Oct Nov Dec
2002: Jan Feb Mar Apr May Jun Jul Aug Sep Oct Nov Dec
2001: Jan Feb Mar Apr May Jun Jul Aug Sep Oct Nov Dec
2000: Jan Feb Mar Apr May Jun Jul Aug Sep Oct Nov Dec
1999: Jan Feb Mar Apr May Jun Jul Aug Sep Oct Nov Dec
1998: Jan Feb Mar Apr May Jun Jul Aug Sep Oct Nov Dec
1997: Jan Feb Mar Apr May Jun Jul Aug Sep Oct Nov Dec
1996: Jan Feb Mar Apr May Jun Jul Aug Sep Oct Nov Dec
1995: Jan Feb Mar Apr May Jun Jul Aug Sep Oct Nov Dec
1994: Jan Feb Mar Apr May Jun Jul Aug Sep Oct Nov Dec
1993: Jan Feb Mar Apr May Jun Jul Aug Sep Oct Nov Dec
1992: Jan Feb Mar Apr May Jun Jul Aug Sep Oct Nov Dec
1991: Jan Feb Mar Apr May Jun Jul Aug Sep Oct Nov Dec
1990: Jan Feb Mar Apr May Jun Jul Aug Sep Oct Nov Dec
1989: Jan Feb Mar Apr May Jun Jul Aug Sep Oct Nov Dec
1988: Jan Feb Mar Apr May Jun Jul Aug Sep Oct Nov Dec
1987: Jan Feb Mar Apr May Jun Jul Aug Sep Oct Nov Dec
1986: Jan Feb Mar Apr May Jun Jul Aug Sep Oct Nov Dec

Report for 2009 February
                  MONTHLY CLIMATOLOGICAL SUMMARY FOR 2/2009
                                        HEAT  COOL        
     MEAN                               DEG   DEG       WIND SPEED       DOM MEAN  MEAN
DAY  TEMP  HIGH   TIME     LOW   TIME   DAYS  DAYS RAIN AVG  HI  TIME    DIR BAROM HUM
---------------------------------------------------------------------------------------
1    35.2  46.0 12:53pm   26.1 11:53pm  24.4  0.0  0.00  12  23  00:00   SSE  28.8 35.7
2    37.9  51.1  2:53pm   26.1  1:53am  20.5  0.0  0.00  12  24  00:00   WNW  28.9 29.3
3    39.1  55.0  1:53pm   26.1  6:53am  17.9  0.0  0.00   6  10  00:00   SSW  29.0 40.3
4    44.4  64.9  2:53pm   32.0  3:53am  10.3  0.0  0.00   7  14  00:00   SSW  29.0 22.9
5    46.3  66.0  1:53pm   35.1 12:53am   8.8  0.0  0.00   6  12  00:00     S  28.8 15.7
6    47.3  59.0 12:53pm   37.0  9:53pm  11.8  0.0  0.00  21  41  00:00    SW  28.6 19.4
7    41.3  55.9  1:53pm   30.9  6:53am  16.4  0.0  0.00  14  28  00:00    SW  28.9 35.4
8    36.8  48.9  2:53pm   32.0  5:53am  22.1  0.0  0.00  13  24  00:00    SW  28.7 56.9
9    37.5  51.1 12:53pm   30.0 12:53am  20.7  0.0  0.00  20  39  00:00   WNW  28.3 43.1
10   31.4  39.0 12:53pm   28.0 11:53pm  29.8  0.0  0.12  12  22  00:00   WSW  28.9 66.0
11   29.5  45.0  2:53pm   18.0  6:53am  27.7  0.0  0.00  12  23  00:00   WSW  28.8 51.1
12   30.1  43.0 12:53pm   21.9  1:53am  28.4  0.0  0.04  14  27  00:00    SW  28.9 51.0
13     26  30.2  3:46pm   23.0  5:53am  36.9  0.0  0.02  14  28  00:00   SSW  29.0 71.9
14   25.1  34.0  1:53pm   18.0  6:53am  35.4  0.0  0.05  12  23  00:00   ESE  29.2 75.2
15   29.3  45.0  1:53pm   15.1  3:53am  27.8  0.0  0.00  13  25  00:00   SSE  28.9 44.3
16   41.3  57.9 12:53pm   28.0  2:53am  15.4  0.0  0.00  16  30  00:00    SW  28.7 22.7
17   40.2  50.0 11:53am   30.0 11:53pm  19.9  0.0  0.00  22  44  00:00   WSW  28.4 23.8
18   34.8  45.0 12:53pm   21.0 11:53pm  25.1  0.0  0.00  15  30  00:00    NW  28.8 36.7
19   31.1  46.0  1:53pm   17.1  3:53am  26.4  0.0  0.00  14  28  00:00   WSW  29.0 34.6
20     27  55.9 11:53am   15.1 11:53pm  23.5  0.0  0.16  24  46  00:00    SE  29.4 55.0
21   28.7  50.0  2:53pm    9.0  2:53am  25.6  0.0  0.06   6  12  00:00    SE  29.0 49.0
22   39.6  62.1  1:53pm   24.1  2:53am  14.1  0.0  0.00   7  13  00:00   WSW  29.0 33.0
23   46.4  63.0  1:53pm   30.0 12:53am  10.3  0.0  0.00   5  10  00:00     W  28.8 38.3
24   47.4  64.9  1:53pm   35.1  1:53am   8.8  0.0  0.00   9  17  00:00     S  28.7 38.7
25   48.4  64.0  1:53pm   36.0  2:53am   8.8  0.0  0.00  21  40  00:00   SSW  28.7 26.1
26   43.9  57.0 12:53pm   32.0  6:53am  14.5  0.0  0.00  16  31  00:00   SSW  28.6 32.0
27   28.3  37.9  4:53pm   19.0  9:53pm  31.9  0.0  0.00  16  31  00:00     S  29.1 60.7
28   27.8  46.0  3:53pm   15.1  4:53am  28.1  0.0  0.00   7  13  00:00   SSE  29.3 35.3