NOAA-Style Climate Reports

Select a Year or Month report
2018: Jan Feb Mar Apr May Jun Jul Aug Sep Oct Nov Dec
2017: Jan Feb Mar Apr May Jun Jul Aug Sep Oct Nov Dec
2016: Jan Feb Mar Apr May Jun Jul Aug Sep Oct Nov Dec
2015: Jan Feb Mar Apr May Jun Jul Aug Sep Oct Nov Dec
2014: Jan Feb Mar Apr May Jun Jul Aug Sep Oct Nov Dec
2013: Jan Feb Mar Apr May Jun Jul Aug Sep Oct Nov Dec
2012: Jan Feb Mar Apr May Jun Jul Aug Sep Oct Nov Dec
2011: Jan Feb Mar Apr May Jun Jul Aug Sep Oct Nov Dec
2010: Jan Feb Mar Apr May Jun Jul Aug Sep Oct Nov Dec
2009: Jan Feb Mar Apr May Jun Jul Aug Sep Oct Nov Dec
2008: Jan Feb Mar Apr May Jun Jul Aug Sep Oct Nov Dec
2007: Jan Feb Mar Apr May Jun Jul Aug Sep Oct Nov Dec
2006: Jan Feb Mar Apr May Jun Jul Aug Sep Oct Nov Dec
2005: Jan Feb Mar Apr May Jun Jul Aug Sep Oct Nov Dec
2004: Jan Feb Mar Apr May Jun Jul Aug Sep Oct Nov Dec
2003: Jan Feb Mar Apr May Jun Jul Aug Sep Oct Nov Dec
2002: Jan Feb Mar Apr May Jun Jul Aug Sep Oct Nov Dec
2001: Jan Feb Mar Apr May Jun Jul Aug Sep Oct Nov Dec
2000: Jan Feb Mar Apr May Jun Jul Aug Sep Oct Nov Dec
1999: Jan Feb Mar Apr May Jun Jul Aug Sep Oct Nov Dec
1998: Jan Feb Mar Apr May Jun Jul Aug Sep Oct Nov Dec
1997: Jan Feb Mar Apr May Jun Jul Aug Sep Oct Nov Dec
1996: Jan Feb Mar Apr May Jun Jul Aug Sep Oct Nov Dec
1995: Jan Feb Mar Apr May Jun Jul Aug Sep Oct Nov Dec
1994: Jan Feb Mar Apr May Jun Jul Aug Sep Oct Nov Dec
1993: Jan Feb Mar Apr May Jun Jul Aug Sep Oct Nov Dec
1992: Jan Feb Mar Apr May Jun Jul Aug Sep Oct Nov Dec
1991: Jan Feb Mar Apr May Jun Jul Aug Sep Oct Nov Dec
1990: Jan Feb Mar Apr May Jun Jul Aug Sep Oct Nov Dec
1989: Jan Feb Mar Apr May Jun Jul Aug Sep Oct Nov Dec
1988: Jan Feb Mar Apr May Jun Jul Aug Sep Oct Nov Dec
1987: Jan Feb Mar Apr May Jun Jul Aug Sep Oct Nov Dec
1986: Jan Feb Mar Apr May Jun Jul Aug Sep Oct Nov Dec

Report for 2009 March
                  MONTHLY CLIMATOLOGICAL SUMMARY FOR 3/2009
                                        HEAT  COOL        
     MEAN                               DEG   DEG       WIND SPEED       DOM MEAN  MEAN
DAY  TEMP  HIGH   TIME     LOW   TIME   DAYS  DAYS RAIN AVG  HI  TIME    DIR BAROM HUM
---------------------------------------------------------------------------------------
1    42.1  64.9  2:53pm   23.0  2:53am  11.5  0.0  0.00   5   9  00:00   SSE  29.1 24.2
2    52.8  73.9  1:53pm   39.0  1:53am   1.6  0.0  0.00   6  10  00:00   SSE  28.8 16.7
3    57.5  73.0  1:53pm   50.0 12:53am   0.0  0.3  0.00  15  29  00:00   WSW  28.7 16.4
4    57.8  71.1  1:53pm   52.0  2:53am   0.5  0.0  0.00  19  37  00:00   WSW  28.5 15.7
5    50.1  64.0 12:53pm   33.1 11:53pm   7.9  0.0  0.00  20  39  00:00   SSW  28.5 13.7
6    37.7  51.1  1:53pm   23.0  5:53am  20.6  0.0  0.00   8  15  00:00    SE  28.6 28.8
7    30.7  39.0 12:53pm   25.0  6:53am  30.1  0.0  0.00   7  14  00:00   WNW  28.7 56.3
8    43.6  64.0  3:53pm   24.1  5:53am  11.2  0.0  0.00  18  35  00:00    SW  28.6 20.4
9    34.9  46.9 12:53am   23.0  8:53pm  24.1  0.0  0.00  12  22  00:00   SSW  28.6 44.4
10     22  37.9  2:53pm   12.2  7:30am  35.0  0.0  0.01  13  24  00:00     E  29.0 66.7
11   27.9  42.1  1:53pm   16.0  5:53am  30.0  0.0  0.00  10  20  00:00   WSW  29.0 43.3
12   31.1  44.1  2:53pm   21.0  7:53am  27.4  0.0  0.00   9  17  00:00   ESE  29.0 38.4
13   33.9  46.9  3:53pm   23.0  6:53am  24.6  0.0  0.00   6  10  00:00     S  29.0 38.8
14   39.2  59.0  3:53pm   21.9  4:53am  15.9  0.0  0.00   8  15  00:00   SSE  28.7 26.5
15   43.8  61.0  3:53pm   28.9  3:53am  12.6  0.0  0.00   7  13  00:00   WSW  28.6 17.6
16   50.5  68.0  2:53pm   36.0  3:53am   5.7  0.0  0.00   7  13  00:00     S  28.8 18.1
17   53.1  69.1  2:53pm   41.0 12:53am   3.9  0.0  0.00   6  12  00:00     S  28.8 18.4
18   46.8  59.0  1:53pm   37.9  5:53am  12.1  0.0  0.00  14  27  00:00     S  28.9 33.4
19   47.2  64.0  2:53pm   32.0  6:53am   9.4  0.0  0.00  17  32  00:00     S  28.9 42.4
20   51.1  64.9  1:53pm   41.0  1:53am   7.0  0.0  0.00  13  25  00:00   SSE  28.8 35.3
21   55.2  73.0  2:53pm   39.9  1:53am   0.9  0.0  0.00  18  36  00:00   SSW  28.6 29.7
22   60.2  73.9  2:53pm   51.1  6:53am   0.0  2.1  0.00  20  38  00:00    SW  28.3 16.5
23   41.4  55.0 12:53pm   30.0 11:53pm  16.8  0.0  0.00  17  33  00:00    SW  28.4 48.6
24   36.7  50.0  2:53pm   28.9 12:53am  21.6  0.0  0.00  13  24  00:00    SE  28.6 46.0
25   37.4  46.9  3:53pm   30.9  6:53am  22.8  0.0  0.00  13  24  00:00   WNW  28.5 38.4
26   23.1  35.1 12:53am   14.0  6:53pm  35.9  0.0  0.56  21  40  00:00   SSE  29.1 80.7
27   17.4  28.9  4:53pm   12.0  5:53am  41.8  0.0  0.21   9  16  00:00    NW  29.2 70.6
28   29.8  46.9  5:53pm   14.0  3:53am  26.6  0.0  0.00  10  20  00:00     S  28.8 52.0
29   45.2  64.0  3:53pm   30.9  2:53am  10.4  0.0  0.00  18  36  00:00     S  28.2 36.6
30     28  35.1 12:53am   23.0  8:16am  33.4  0.0  0.15  20  38  00:00    SE  28.8 65.1
31   32.6  45.0  4:53pm   21.0  2:53am  26.2  0.0  0.00  18  36  00:00   WNW  28.6 34.8