NOAA-Style Climate Reports

Select a Year or Month report
2018: Jan Feb Mar Apr May Jun Jul Aug Sep Oct Nov Dec
2017: Jan Feb Mar Apr May Jun Jul Aug Sep Oct Nov Dec
2016: Jan Feb Mar Apr May Jun Jul Aug Sep Oct Nov Dec
2015: Jan Feb Mar Apr May Jun Jul Aug Sep Oct Nov Dec
2014: Jan Feb Mar Apr May Jun Jul Aug Sep Oct Nov Dec
2013: Jan Feb Mar Apr May Jun Jul Aug Sep Oct Nov Dec
2012: Jan Feb Mar Apr May Jun Jul Aug Sep Oct Nov Dec
2011: Jan Feb Mar Apr May Jun Jul Aug Sep Oct Nov Dec
2010: Jan Feb Mar Apr May Jun Jul Aug Sep Oct Nov Dec
2009: Jan Feb Mar Apr May Jun Jul Aug Sep Oct Nov Dec
2008: Jan Feb Mar Apr May Jun Jul Aug Sep Oct Nov Dec
2007: Jan Feb Mar Apr May Jun Jul Aug Sep Oct Nov Dec
2006: Jan Feb Mar Apr May Jun Jul Aug Sep Oct Nov Dec
2005: Jan Feb Mar Apr May Jun Jul Aug Sep Oct Nov Dec
2004: Jan Feb Mar Apr May Jun Jul Aug Sep Oct Nov Dec
2003: Jan Feb Mar Apr May Jun Jul Aug Sep Oct Nov Dec
2002: Jan Feb Mar Apr May Jun Jul Aug Sep Oct Nov Dec
2001: Jan Feb Mar Apr May Jun Jul Aug Sep Oct Nov Dec
2000: Jan Feb Mar Apr May Jun Jul Aug Sep Oct Nov Dec
1999: Jan Feb Mar Apr May Jun Jul Aug Sep Oct Nov Dec
1998: Jan Feb Mar Apr May Jun Jul Aug Sep Oct Nov Dec
1997: Jan Feb Mar Apr May Jun Jul Aug Sep Oct Nov Dec
1996: Jan Feb Mar Apr May Jun Jul Aug Sep Oct Nov Dec
1995: Jan Feb Mar Apr May Jun Jul Aug Sep Oct Nov Dec
1994: Jan Feb Mar Apr May Jun Jul Aug Sep Oct Nov Dec
1993: Jan Feb Mar Apr May Jun Jul Aug Sep Oct Nov Dec
1992: Jan Feb Mar Apr May Jun Jul Aug Sep Oct Nov Dec
1991: Jan Feb Mar Apr May Jun Jul Aug Sep Oct Nov Dec
1990: Jan Feb Mar Apr May Jun Jul Aug Sep Oct Nov Dec
1989: Jan Feb Mar Apr May Jun Jul Aug Sep Oct Nov Dec
1988: Jan Feb Mar Apr May Jun Jul Aug Sep Oct Nov Dec
1987: Jan Feb Mar Apr May Jun Jul Aug Sep Oct Nov Dec
1986: Jan Feb Mar Apr May Jun Jul Aug Sep Oct Nov Dec

Report for 2009 April
                  MONTHLY CLIMATOLOGICAL SUMMARY FOR 4/2009
                                        HEAT  COOL        
     MEAN                               DEG   DEG       WIND SPEED       DOM MEAN  MEAN
DAY  TEMP  HIGH   TIME     LOW   TIME   DAYS  DAYS RAIN AVG  HI  TIME    DIR BAROM HUM
---------------------------------------------------------------------------------------
1    31.2  43.0  1:53pm   24.8 11:40pm  27.9  0.0  0.01  17  35  00:00   SSW  28.9 65.9
2    34.3  53.1  5:53pm   17.1  2:53am  21.3  0.0  0.00   7  13  00:00   SSW  28.6 48.8
3    45.7  60.1  1:53pm   35.1 12:53am  12.1  0.0  0.00  18  36  00:00   WSW  28.4 44.7
4    26.5  37.4 12:11am   21.9 10:53pm  33.0  0.0  0.04  25  48  00:00   NNW  29.1 82.2
5    24.1  30.9  1:53pm   14.0  6:53am  37.5  0.0  0.17  13  24  00:00    NE  29.8 81.0
6    32.1  48.9  4:53pm   17.1  2:53am  24.5  0.0  0.07   8  15  00:00   SSE  29.2 47.2
7    48.8  68.0  3:53pm   30.0  1:53am   6.6  0.0  0.00  12  22  00:00   WSW  28.8 19.2
8    52.3  71.1  2:53pm   39.9  2:53am   3.3  0.0  0.00  15  29  00:00    SW  28.4 22.2
9    40.3  54.0  1:53pm   30.0 11:53pm  17.8  0.0  0.00  13  24  00:00    SE  28.5 51.7
10   39.4  60.1  2:53pm   26.1  4:53am  15.2  0.0  0.00  14  28  00:00   SSW  28.8 58.5
11   42.1  55.9  1:53pm   37.0  6:53am  16.0  0.0  0.00  25  48  00:00     S  28.6 59.0
12   38.2  41.0  2:53pm   37.0  2:53am  25.4  0.0  0.14  15  29  00:00   WSW  29.1 87.3
13   46.9  63.0  5:53pm   32.0  4:53am  10.0  0.0  0.00   5   8  00:00    SW  28.6 45.8
14   52.9  66.9  2:53pm   39.9 12:53am   5.1  0.0  0.00  16  31  00:00     S  28.6 32.8
15   53.2  70.0  2:53pm   43.0  4:53am   3.4  0.0  0.00  19  37  00:00     S  28.3 31.9
16   36.5  43.0 12:53am   34.0 10:53pm  25.2  0.0  0.23  13  24  00:00     N  28.9 88.8
17   32.1  35.6  3:06am   32.0  4:53am  31.1  0.0  2.51  13  24  00:00    NW  29.5 93.7
18   33.3  37.4  7:27pm   30.9  1:53am  29.6  0.0  1.50   9  16  00:00   NNW  29.3 93.0
19   39.9  48.9  4:53pm   33.1  6:53am  20.6  0.0  0.00   6  10  00:00    SW  29.1 59.3
20   48.4  62.1  1:53pm   41.0  1:53am   9.7  0.0  0.00  10  20  00:00   WSW  29.0 38.8
21   53.2  68.0  3:53pm   42.1  4:53am   4.4  0.0  0.00   6  12  00:00    SW  28.9 39.1
22   56.6  71.1 12:53pm   45.0  4:53am   1.1  0.0  0.00  18  35  00:00   WSW  28.8 32.4
23   59.9  75.0 12:53pm   48.9  3:53am   0.0  2.5  0.00  17  33  00:00   SSW  28.5 24.2
24   56.4  73.9  1:53pm   43.0 11:53pm   0.0  0.2  0.00  14  27  00:00     S  28.4 36.0
25   40.6  46.9  2:53pm   37.4  8:18am  21.2  0.0  0.00   6  12  00:00     S  28.9 74.9
26   42.1  57.9  1:53pm   33.1 11:53pm  15.0  0.0  0.84  12  23  00:00   SSE  28.9 65.0
27     35  43.0  3:53pm   30.9  4:53am  26.0  0.0  0.33  10  18  00:00    SE  29.4 82.1
28   49.8  64.9  4:53pm   41.0  1:53am   7.6  0.0  0.00  22  44  00:00    SW  28.9 57.3
29   57.9  72.0  1:53pm   46.0  5:53am   0.0  0.0  0.00  16  31  00:00     S  28.6 32.4
30   49.1  63.0  3:53pm   41.0  6:53am   8.9  0.0  0.00  13  25  00:00    SW  28.9 56.6