NOAA-Style Climate Reports

Select a Year or Month report
2018: Jan Feb Mar Apr May Jun Jul Aug Sep Oct Nov Dec
2017: Jan Feb Mar Apr May Jun Jul Aug Sep Oct Nov Dec
2016: Jan Feb Mar Apr May Jun Jul Aug Sep Oct Nov Dec
2015: Jan Feb Mar Apr May Jun Jul Aug Sep Oct Nov Dec
2014: Jan Feb Mar Apr May Jun Jul Aug Sep Oct Nov Dec
2013: Jan Feb Mar Apr May Jun Jul Aug Sep Oct Nov Dec
2012: Jan Feb Mar Apr May Jun Jul Aug Sep Oct Nov Dec
2011: Jan Feb Mar Apr May Jun Jul Aug Sep Oct Nov Dec
2010: Jan Feb Mar Apr May Jun Jul Aug Sep Oct Nov Dec
2009: Jan Feb Mar Apr May Jun Jul Aug Sep Oct Nov Dec
2008: Jan Feb Mar Apr May Jun Jul Aug Sep Oct Nov Dec
2007: Jan Feb Mar Apr May Jun Jul Aug Sep Oct Nov Dec
2006: Jan Feb Mar Apr May Jun Jul Aug Sep Oct Nov Dec
2005: Jan Feb Mar Apr May Jun Jul Aug Sep Oct Nov Dec
2004: Jan Feb Mar Apr May Jun Jul Aug Sep Oct Nov Dec
2003: Jan Feb Mar Apr May Jun Jul Aug Sep Oct Nov Dec
2002: Jan Feb Mar Apr May Jun Jul Aug Sep Oct Nov Dec
2001: Jan Feb Mar Apr May Jun Jul Aug Sep Oct Nov Dec
2000: Jan Feb Mar Apr May Jun Jul Aug Sep Oct Nov Dec
1999: Jan Feb Mar Apr May Jun Jul Aug Sep Oct Nov Dec
1998: Jan Feb Mar Apr May Jun Jul Aug Sep Oct Nov Dec
1997: Jan Feb Mar Apr May Jun Jul Aug Sep Oct Nov Dec
1996: Jan Feb Mar Apr May Jun Jul Aug Sep Oct Nov Dec
1995: Jan Feb Mar Apr May Jun Jul Aug Sep Oct Nov Dec
1994: Jan Feb Mar Apr May Jun Jul Aug Sep Oct Nov Dec
1993: Jan Feb Mar Apr May Jun Jul Aug Sep Oct Nov Dec
1992: Jan Feb Mar Apr May Jun Jul Aug Sep Oct Nov Dec
1991: Jan Feb Mar Apr May Jun Jul Aug Sep Oct Nov Dec
1990: Jan Feb Mar Apr May Jun Jul Aug Sep Oct Nov Dec
1989: Jan Feb Mar Apr May Jun Jul Aug Sep Oct Nov Dec
1988: Jan Feb Mar Apr May Jun Jul Aug Sep Oct Nov Dec
1987: Jan Feb Mar Apr May Jun Jul Aug Sep Oct Nov Dec
1986: Jan Feb Mar Apr May Jun Jul Aug Sep Oct Nov Dec

Report for 2009 May
                  MONTHLY CLIMATOLOGICAL SUMMARY FOR 5/2009
                                        HEAT  COOL        
     MEAN                               DEG   DEG       WIND SPEED       DOM MEAN  MEAN
DAY  TEMP  HIGH   TIME     LOW   TIME   DAYS  DAYS RAIN AVG  HI  TIME    DIR BAROM HUM
---------------------------------------------------------------------------------------
1    40.4  48.2  1:22am   37.4  9:08am  20.7  0.0  0.00   8  15  00:00   ESE  29.4 84.3
2    42.7  46.9 11:53am   41.0  5:53am  20.2  0.0  0.09   5   9  00:00   WNW  28.9 80.7
3    46.4  59.0  1:53pm   41.0  4:53am  12.3  0.0  0.03   9  17  00:00     S  29.0 72.2
4    52.1  63.0  1:53pm   45.0 12:53am   7.4  0.0  0.00  13  24  00:00   SSW  28.6 49.4
5    56.2  66.9  4:53pm   46.0  5:53am   3.4  0.0  0.00  12  22  00:00     W  28.7 37.0
6    60.7  79.0  4:53pm   42.1  4:53am   0.0  4.9  0.00  13  25  00:00    SW  28.6 32.0
7    62.6  80.1  3:53pm   48.9  4:53am   0.0  6.4  0.00  13  24  00:00    SE  28.5 31.5
8    49.5  63.0  1:53pm   37.4 10:37pm   8.7  0.0  0.40  17  32  00:00    SE  28.8 55.1
9    48.7  61.0  2:53pm   39.0  5:53am  10.1  0.0  0.09  14  28  00:00   SSW  29.0 55.2
10   44.5  51.1  1:53pm   42.1  3:53am  17.2  0.0  0.18   6  12  00:00   SSW  29.2 82.1
11   53.5  71.1  4:53pm   44.1  3:53am   2.7  0.0  0.00  13  24  00:00   SSE  28.8 61.4
12   63.5  82.0  2:53pm   48.0  3:53am   0.0  7.8  0.00  20  38  00:00    SW  28.4 33.9
13   55.6  69.1 12:53pm   45.0 11:53pm   2.6  0.0  0.00  18  35  00:00    SE  28.6 28.1
14   56.7  73.9  3:53pm   43.0  3:53am   0.0  0.3  0.00  20  39  00:00     W  28.7 22.7
15   55.8  70.0 11:53am   46.0  5:53am   2.1  0.0  0.04  14  28  00:00    SE  28.7 38.9
16   52.6  66.9  1:53pm   44.1  3:53am   5.2  0.0  0.24  16  30  00:00   SSE  29.0 57.7
17   59.8  77.0  2:53pm   43.0  4:53am   0.0  3.4  0.00   6  12  00:00   SSE  28.9 36.3
18   67.8  84.0  3:53pm   53.1  4:53am   0.0 10.9  0.00  13  24  00:00     S  28.8 24.1
19   69.3  84.2  3:19pm   60.1  1:53am   0.0 11.8  0.00  20  39  00:00   SSW  28.8 27.7
20   66.1  79.0  2:53pm   57.0  4:53am   0.0  7.6  0.00  14  27  00:00   SSW  28.6 29.8
21   52.2  62.1 12:53am   52.0 10:53pm   7.8  0.0  0.04   7  14  00:00     S  29.0 74.7
22     56  68.0  3:53pm   48.9  1:53am   3.0  0.0  0.00  18  36  00:00     W  28.7 64.6
23   55.2  66.0  2:53pm   53.1  2:53am   4.4  0.0  0.13  13  25  00:00   WNW  28.9 67.9
24   57.5  73.4  1:45pm   50.0  5:26am   0.0  0.5  0.11  20  39  00:00    SW  29.1 70.4
25   51.7  57.9  9:53am   48.9 11:53pm  10.2  0.0  1.01   8  15  00:00     W  28.9 75.9
26   49.5  59.0  3:53pm   46.9  4:53am  10.7  0.0  0.44  10  18  00:00     S  29.1 76.8
27   53.7  68.0  2:53pm   42.1  4:53am   4.1  0.0  0.00  11  22  00:00     W  28.9 54.5
28     58  73.0  1:53pm   48.9  1:53am   0.0  0.5  0.00  24  46  00:00   WSW  28.8 42.6
29   60.9  77.0  2:53pm   46.9  5:53am   0.0  4.0  0.00  12  23  00:00   SSW  28.9 39.3
30   60.4  75.0  2:53pm   48.9  5:53am   0.0  2.7  0.00  17  32  00:00    SW  28.9 44.4
31   60.9  75.9  3:53pm   52.0  3:53am   0.0  3.4  0.54  14  28  00:00   SSW  28.9 51.2