NOAA-Style Climate Reports

Select a Year or Month report
2018: Jan Feb Mar Apr May Jun Jul Aug Sep Oct Nov Dec
2017: Jan Feb Mar Apr May Jun Jul Aug Sep Oct Nov Dec
2016: Jan Feb Mar Apr May Jun Jul Aug Sep Oct Nov Dec
2015: Jan Feb Mar Apr May Jun Jul Aug Sep Oct Nov Dec
2014: Jan Feb Mar Apr May Jun Jul Aug Sep Oct Nov Dec
2013: Jan Feb Mar Apr May Jun Jul Aug Sep Oct Nov Dec
2012: Jan Feb Mar Apr May Jun Jul Aug Sep Oct Nov Dec
2011: Jan Feb Mar Apr May Jun Jul Aug Sep Oct Nov Dec
2010: Jan Feb Mar Apr May Jun Jul Aug Sep Oct Nov Dec
2009: Jan Feb Mar Apr May Jun Jul Aug Sep Oct Nov Dec
2008: Jan Feb Mar Apr May Jun Jul Aug Sep Oct Nov Dec
2007: Jan Feb Mar Apr May Jun Jul Aug Sep Oct Nov Dec
2006: Jan Feb Mar Apr May Jun Jul Aug Sep Oct Nov Dec
2005: Jan Feb Mar Apr May Jun Jul Aug Sep Oct Nov Dec
2004: Jan Feb Mar Apr May Jun Jul Aug Sep Oct Nov Dec
2003: Jan Feb Mar Apr May Jun Jul Aug Sep Oct Nov Dec
2002: Jan Feb Mar Apr May Jun Jul Aug Sep Oct Nov Dec
2001: Jan Feb Mar Apr May Jun Jul Aug Sep Oct Nov Dec
2000: Jan Feb Mar Apr May Jun Jul Aug Sep Oct Nov Dec
1999: Jan Feb Mar Apr May Jun Jul Aug Sep Oct Nov Dec
1998: Jan Feb Mar Apr May Jun Jul Aug Sep Oct Nov Dec
1997: Jan Feb Mar Apr May Jun Jul Aug Sep Oct Nov Dec
1996: Jan Feb Mar Apr May Jun Jul Aug Sep Oct Nov Dec
1995: Jan Feb Mar Apr May Jun Jul Aug Sep Oct Nov Dec
1994: Jan Feb Mar Apr May Jun Jul Aug Sep Oct Nov Dec
1993: Jan Feb Mar Apr May Jun Jul Aug Sep Oct Nov Dec
1992: Jan Feb Mar Apr May Jun Jul Aug Sep Oct Nov Dec
1991: Jan Feb Mar Apr May Jun Jul Aug Sep Oct Nov Dec
1990: Jan Feb Mar Apr May Jun Jul Aug Sep Oct Nov Dec
1989: Jan Feb Mar Apr May Jun Jul Aug Sep Oct Nov Dec
1988: Jan Feb Mar Apr May Jun Jul Aug Sep Oct Nov Dec
1987: Jan Feb Mar Apr May Jun Jul Aug Sep Oct Nov Dec
1986: Jan Feb Mar Apr May Jun Jul Aug Sep Oct Nov Dec

Report for 2009 June
                  MONTHLY CLIMATOLOGICAL SUMMARY FOR 6/2009
                                        HEAT  COOL        
     MEAN                               DEG   DEG       WIND SPEED       DOM MEAN  MEAN
DAY  TEMP  HIGH   TIME     LOW   TIME   DAYS  DAYS RAIN AVG  HI  TIME    DIR BAROM HUM
---------------------------------------------------------------------------------------
1    56.7  71.1  2:53pm   53.6 10:06pm   1.1  0.0  0.26  11  21  00:00   WSW  28.9 70.2
2    46.1  53.6 12:26am   44.6  2:42pm  15.1  0.0  1.51  16  30  00:00    SE  29.5 94.3
3      53  66.0  2:53pm   45.0  3:53am   5.5  0.0  0.00  13  24  00:00     S  29.2 70.5
4    57.1  71.1  3:53pm   48.0  3:53am   0.9  0.0  0.00  12  22  00:00   SSE  28.9 68.0
5    63.8  78.1  2:53pm   54.0  4:53am   0.0  6.0  0.00  12  22  00:00    SW  28.8 57.1
6    64.9  78.1  3:53pm   53.1  4:53am   0.0  6.5  0.00  23  45  00:00    SW  28.4 25.5
7    53.4  66.2  1:20pm   45.0 11:53pm   5.2  0.0  0.04  17  32  00:00    SW  28.8 60.0
8    52.2  64.9  2:53pm   42.1  4:53am   6.4  0.0  0.04   9  16  00:00   WSW  28.8 70.7
9    55.6  70.0  1:53pm   48.9  5:53am   2.2  0.0  0.00  18  36  00:00   ESE  29.0 66.3
10   55.5  70.0  1:53pm   48.9  4:53am   2.2  0.0  0.11  12  22  00:00     S  28.8 66.6
11     54  66.0 11:53am   48.2 11:42pm   5.0  0.0  0.40  16  30  00:00     S  29.1 76.5
12   55.9  70.0  1:53pm   44.1  4:53am   2.0  0.0  0.51  10  18  00:00     E  29.1 69.9
13   60.7  73.4  1:53pm   52.0  3:53am   0.0  2.1  0.05  17  32  00:00   SSW  28.9 60.9
14   58.9  72.0 12:53pm   50.0  5:29am   0.0  0.5  0.03  14  29  00:00   WSW  29.0 60.6
15   56.8  69.1 10:53am   48.9  5:53am   2.0  0.0  0.00  14  27  00:00    SW  28.6 59.3
16   61.5  79.0  2:53pm   48.0  3:53am   0.0  5.3  0.10  14  27  00:00     S  28.8 49.9
17   62.8  80.1  2:53pm   48.9  4:53am   0.0  6.5  0.00  12  22  00:00    SW  28.6 54.5
18   64.4  79.0 12:53pm   54.0  5:53am   0.0  6.7  0.00  13  27  00:00   ESE  28.5 38.9
19   61.1  75.9  4:53pm   52.0  3:53am   0.0  3.5  0.00  12  22  00:00     S  28.7 51.1
20   61.1  71.1  2:53pm   55.0  9:53pm   0.0  1.1  0.00  19  37  00:00     S  28.5 57.4
21   66.4  82.4  5:05pm   52.0  1:53am   0.0  9.4  0.00  13  24  00:00   SSW  28.6 41.2
22     68  87.1  3:53pm   48.9  5:53am   0.0 12.6  0.00  12  23  00:00     S  28.6 44.1
23   63.8  82.0  2:53pm   57.0  5:53am   0.0  7.9  0.15  20  39  00:00    SW  28.9 61.8
24   68.2  86.0  1:53pm   55.0  5:53am   0.0 12.1  0.00   8  15  00:00   SSW  28.7 46.8
25   66.5  84.0 11:53am   62.1  5:53am   0.0 10.3  2.34  16  31  00:00   SSW  29.2 64.3
26   67.9  84.0  1:53pm   62.1  6:53am   0.0 11.0  0.00  23  46  00:00     S  28.6 54.6
27     66  80.1  3:53pm   57.9  1:53am   0.0  8.1  0.00   6  12  00:00    SE  28.8 51.9
28   64.7  78.1 12:53pm   55.0  5:53am   0.0  6.4  0.00  12  23  00:00   SSW  28.9 52.3
29     70  84.9  3:53pm   57.0  2:53am   0.0 12.5  0.00  14  27  00:00   SSW  28.8 35.0
30   70.7  86.0  2:53pm   60.1  4:53am   0.0 13.4  0.00  12  23  00:00   SSW  28.7 32.6