NOAA-Style Climate Reports

Select a Year or Month report
2018: Jan Feb Mar Apr May Jun Jul Aug Sep Oct Nov Dec
2017: Jan Feb Mar Apr May Jun Jul Aug Sep Oct Nov Dec
2016: Jan Feb Mar Apr May Jun Jul Aug Sep Oct Nov Dec
2015: Jan Feb Mar Apr May Jun Jul Aug Sep Oct Nov Dec
2014: Jan Feb Mar Apr May Jun Jul Aug Sep Oct Nov Dec
2013: Jan Feb Mar Apr May Jun Jul Aug Sep Oct Nov Dec
2012: Jan Feb Mar Apr May Jun Jul Aug Sep Oct Nov Dec
2011: Jan Feb Mar Apr May Jun Jul Aug Sep Oct Nov Dec
2010: Jan Feb Mar Apr May Jun Jul Aug Sep Oct Nov Dec
2009: Jan Feb Mar Apr May Jun Jul Aug Sep Oct Nov Dec
2008: Jan Feb Mar Apr May Jun Jul Aug Sep Oct Nov Dec
2007: Jan Feb Mar Apr May Jun Jul Aug Sep Oct Nov Dec
2006: Jan Feb Mar Apr May Jun Jul Aug Sep Oct Nov Dec
2005: Jan Feb Mar Apr May Jun Jul Aug Sep Oct Nov Dec
2004: Jan Feb Mar Apr May Jun Jul Aug Sep Oct Nov Dec
2003: Jan Feb Mar Apr May Jun Jul Aug Sep Oct Nov Dec
2002: Jan Feb Mar Apr May Jun Jul Aug Sep Oct Nov Dec
2001: Jan Feb Mar Apr May Jun Jul Aug Sep Oct Nov Dec
2000: Jan Feb Mar Apr May Jun Jul Aug Sep Oct Nov Dec
1999: Jan Feb Mar Apr May Jun Jul Aug Sep Oct Nov Dec
1998: Jan Feb Mar Apr May Jun Jul Aug Sep Oct Nov Dec
1997: Jan Feb Mar Apr May Jun Jul Aug Sep Oct Nov Dec
1996: Jan Feb Mar Apr May Jun Jul Aug Sep Oct Nov Dec
1995: Jan Feb Mar Apr May Jun Jul Aug Sep Oct Nov Dec
1994: Jan Feb Mar Apr May Jun Jul Aug Sep Oct Nov Dec
1993: Jan Feb Mar Apr May Jun Jul Aug Sep Oct Nov Dec
1992: Jan Feb Mar Apr May Jun Jul Aug Sep Oct Nov Dec
1991: Jan Feb Mar Apr May Jun Jul Aug Sep Oct Nov Dec
1990: Jan Feb Mar Apr May Jun Jul Aug Sep Oct Nov Dec
1989: Jan Feb Mar Apr May Jun Jul Aug Sep Oct Nov Dec
1988: Jan Feb Mar Apr May Jun Jul Aug Sep Oct Nov Dec
1987: Jan Feb Mar Apr May Jun Jul Aug Sep Oct Nov Dec
1986: Jan Feb Mar Apr May Jun Jul Aug Sep Oct Nov Dec

Report for 2009 July
                  MONTHLY CLIMATOLOGICAL SUMMARY FOR 7/2009
                                        HEAT  COOL        
     MEAN                               DEG   DEG       WIND SPEED       DOM MEAN  MEAN
DAY  TEMP  HIGH   TIME     LOW   TIME   DAYS  DAYS RAIN AVG  HI  TIME    DIR BAROM HUM
---------------------------------------------------------------------------------------
1    70.2  89.1 12:53pm   55.9  4:53am   0.0 14.7  0.56  19  37  00:00     S  28.9 43.8
2    62.8  77.0 12:53pm   57.0  4:53am   0.0  4.9  2.20  25  50  00:00   SSE  29.3 69.7
3    65.8  81.0  3:53pm   60.1  4:53am   0.0  8.4  0.02  26  51  00:00     S  28.9 61.0
4    60.4  71.6 12:53pm   55.4  6:16pm   0.0  1.0  1.64  12  23  00:00   SSE  29.5 80.0
5    57.8  73.4  2:53pm   52.0  3:53am   0.0  0.6  0.00  13  24  00:00   WSW  29.1 77.7
6    64.4  82.0  3:53pm   54.0  3:53am   0.0  8.2  0.43  20  39  00:00   SSE  28.9 57.4
7    68.9  82.9 12:53pm   55.0  5:53am   0.0 10.9  0.00  12  24  00:00    SE  28.7 44.6
8    70.4  88.0  2:53pm   57.0  4:53am   0.0 14.2  0.00  10  18  00:00     S  28.6 45.3
9    65.7  78.1  3:53pm   61.0  4:53am   0.0  6.9  0.04   6  10  00:00    SE  28.8 54.8
10     70  88.0  3:53pm   57.9  5:53am   0.0 14.0  0.00  12  23  00:00   SSE  28.9 52.4
11   69.5  90.0  1:53pm   60.1  4:53am   0.0 14.8  0.00  10  18  00:00   SSW  28.9 46.2
12   69.9  86.0 11:53am   61.0 11:53pm   0.0 13.0  0.01  17  33  00:00     S  29.1 46.4
13   67.7  88.0 12:53pm   57.0  3:53am   0.0 12.9  0.26  14  27  00:00    SW  28.9 50.3
14   70.7  89.1  3:53pm   57.9  5:53am   0.0 14.9  0.00  17  32  00:00   SSE  28.8 40.3
15   66.8  86.0  2:53pm   54.0  5:53am   0.0 11.4  0.00   5   8  00:00   SSE  28.8 47.9
16     70  82.0 11:53am   61.0  6:53am   0.0 11.0  0.00  13  24  00:00     S  28.9 38.4
17   68.5  86.0  3:53pm   55.9  5:53am   0.0 12.3  0.00  13  24  00:00   SSW  28.8 43.0
18   66.7  82.0  4:53pm   57.9  3:53am   0.0  9.4  0.00  14  28  00:00   WSW  28.9 52.4
19   71.9  89.1  3:53pm   57.0  4:53am   0.0 15.5  0.00  14  27  00:00    SW  28.8 37.4
20   70.3  87.1  2:53pm   55.4 11:13pm   0.0 13.7  2.10  19  37  00:00   SSW  29.0 44.4
21   62.4  75.0  2:53pm   55.4  5:27am   0.0  3.7  0.00  11  21  00:00     S  29.0 70.7
22   66.7  82.0  3:53pm   57.0  4:53am   0.0  9.4  0.00   7  14  00:00   SSW  28.8 53.8
23   71.6  89.1  2:53pm   55.9  5:53am   0.0 15.4  0.00  26  51  00:00   SSE  28.6 36.4
24   74.7  91.0 12:53pm   59.0  4:53am   0.0 17.9  0.00  10  18  00:00     S  28.7 30.3
25   64.5  78.1  2:53pm   59.0 11:53pm   0.0  6.3  0.26   9  16  00:00     W  29.2 69.3
26   63.6  75.2 12:53pm   60.1 12:53am   0.0  4.4  0.00   7  14  00:00    SW  28.9 67.4
27     64  82.0  2:53pm   55.9  5:53am   0.0  8.0  0.03  21  40  00:00    SW  29.1 60.7
28   59.5  69.1  3:53pm   54.0  4:53am   0.7  0.0  0.01   6  10  00:00   WSW  29.0 71.0
29   56.5  66.9 10:53am   51.1 11:53pm   3.3  0.0  0.52  17  33  00:00    SE  29.2 81.3
30   53.2  64.0  5:53pm   50.0 12:53am   6.4  0.0  0.17   5  10  00:00     S  29.2 77.8
31   62.9  79.0  1:53pm   52.0  5:53am   0.0  6.0  0.12  17  33  00:00    SW  28.9 53.8