NOAA-Style Climate Reports

Select a Year or Month report
2018: Jan Feb Mar Apr May Jun Jul Aug Sep Oct Nov Dec
2017: Jan Feb Mar Apr May Jun Jul Aug Sep Oct Nov Dec
2016: Jan Feb Mar Apr May Jun Jul Aug Sep Oct Nov Dec
2015: Jan Feb Mar Apr May Jun Jul Aug Sep Oct Nov Dec
2014: Jan Feb Mar Apr May Jun Jul Aug Sep Oct Nov Dec
2013: Jan Feb Mar Apr May Jun Jul Aug Sep Oct Nov Dec
2012: Jan Feb Mar Apr May Jun Jul Aug Sep Oct Nov Dec
2011: Jan Feb Mar Apr May Jun Jul Aug Sep Oct Nov Dec
2010: Jan Feb Mar Apr May Jun Jul Aug Sep Oct Nov Dec
2009: Jan Feb Mar Apr May Jun Jul Aug Sep Oct Nov Dec
2008: Jan Feb Mar Apr May Jun Jul Aug Sep Oct Nov Dec
2007: Jan Feb Mar Apr May Jun Jul Aug Sep Oct Nov Dec
2006: Jan Feb Mar Apr May Jun Jul Aug Sep Oct Nov Dec
2005: Jan Feb Mar Apr May Jun Jul Aug Sep Oct Nov Dec
2004: Jan Feb Mar Apr May Jun Jul Aug Sep Oct Nov Dec
2003: Jan Feb Mar Apr May Jun Jul Aug Sep Oct Nov Dec
2002: Jan Feb Mar Apr May Jun Jul Aug Sep Oct Nov Dec
2001: Jan Feb Mar Apr May Jun Jul Aug Sep Oct Nov Dec
2000: Jan Feb Mar Apr May Jun Jul Aug Sep Oct Nov Dec
1999: Jan Feb Mar Apr May Jun Jul Aug Sep Oct Nov Dec
1998: Jan Feb Mar Apr May Jun Jul Aug Sep Oct Nov Dec
1997: Jan Feb Mar Apr May Jun Jul Aug Sep Oct Nov Dec
1996: Jan Feb Mar Apr May Jun Jul Aug Sep Oct Nov Dec
1995: Jan Feb Mar Apr May Jun Jul Aug Sep Oct Nov Dec
1994: Jan Feb Mar Apr May Jun Jul Aug Sep Oct Nov Dec
1993: Jan Feb Mar Apr May Jun Jul Aug Sep Oct Nov Dec
1992: Jan Feb Mar Apr May Jun Jul Aug Sep Oct Nov Dec
1991: Jan Feb Mar Apr May Jun Jul Aug Sep Oct Nov Dec
1990: Jan Feb Mar Apr May Jun Jul Aug Sep Oct Nov Dec
1989: Jan Feb Mar Apr May Jun Jul Aug Sep Oct Nov Dec
1988: Jan Feb Mar Apr May Jun Jul Aug Sep Oct Nov Dec
1987: Jan Feb Mar Apr May Jun Jul Aug Sep Oct Nov Dec
1986: Jan Feb Mar Apr May Jun Jul Aug Sep Oct Nov Dec

Report for 2009 August
                  MONTHLY CLIMATOLOGICAL SUMMARY FOR 8/2009
                                        HEAT  COOL        
     MEAN                               DEG   DEG       WIND SPEED       DOM MEAN  MEAN
DAY  TEMP  HIGH   TIME     LOW   TIME   DAYS  DAYS RAIN AVG  HI  TIME    DIR BAROM HUM
---------------------------------------------------------------------------------------
1    62.2  79.0  3:53pm   48.9  4:53am   0.0  5.6  0.01   6  12  00:00    SW  28.9 57.1
2    70.6  89.1  1:53pm   59.0  4:53am   0.0 14.9  0.00   6  12  00:00   SSW  28.7 37.0
3    72.1  89.1 11:53am   60.1  2:53am   0.0 15.6  0.00  23  45  00:00    SW  28.9 28.9
4    69.8  90.0  1:53pm   54.0  4:53am   0.0 14.9  0.00  14  27  00:00    SW  28.8 37.9
5    71.2  88.0  3:53pm   62.1  6:53am   0.0 14.6  0.00  17  32  00:00     S  28.8 37.8
6    70.4  87.8  2:39pm   64.9 12:53am   0.0 14.1  0.01  13  24  00:00     S  29.0 49.0
7    72.7  90.0  2:53pm   60.1  1:53am   0.0 16.4  0.00  15  29  00:00    SW  28.5 34.7
8    68.9  84.9  4:53pm   62.1  6:53am   0.0 11.9  0.00  14  28  00:00   SSW  28.6 31.4
9    65.2  82.0  4:53pm   57.0  6:53am   0.0  8.6  0.00  10  21  00:00    SE  28.9 49.0
10     65  82.9  3:53pm   54.0  5:53am   0.0  9.0  0.14  13  25  00:00     S  29.0 53.5
11   70.3  87.1  2:53pm   59.0  1:53am   0.0 13.7  0.00   8  15  00:00    SW  28.9 40.8
12   73.2  91.0  1:53pm   57.9  6:53am   0.0 17.1  0.00  10  20  00:00     S  28.8 31.5
13   72.3  88.0 11:53am   62.1  5:53am   0.0 15.2  0.00  18  35  00:00     S  28.8 30.7
14   68.8  80.1  4:53pm   64.9  9:53pm   0.0  9.5  0.00  13  25  00:00   WSW  28.6 39.6
15   65.8  81.0  4:53pm   53.1 10:53pm   0.0  8.4  0.00  13  24  00:00   SSE  28.7 43.6
16   60.9  77.0  1:53pm   50.0  3:53am   0.0  4.0  0.00  14  27  00:00     S  28.9 44.8
17   57.4  73.0  3:53pm   46.9  5:53am   0.0  0.2  1.52  11  21  00:00   ESE  29.1 66.5
18   61.2  73.9 12:53pm   55.4 12:12am   0.0  2.6  0.41  16  30  00:00    SW  29.0 55.0
19   65.2  80.1  2:53pm   57.0  5:53am   0.0  7.7  0.00   9  17  00:00     S  28.6 33.4
20   62.9  79.0  5:53pm   51.1  5:53am   0.0  6.0  0.00   5   9  00:00   ESE  28.9 47.2
21   66.1  84.0  2:53pm   51.1  5:53am   0.0 10.1  0.00   6  12  00:00    SW  28.9 40.7
22     74  93.0  3:53pm   60.1  5:53am   0.0 18.5  0.00  14  27  00:00     S  28.7 35.3
23   76.3  93.0  2:53pm   63.0  6:53am   0.0 19.7  0.00  18  35  00:00   SSW  28.6 25.6
24   67.2  81.0 10:53am   60.1 11:53pm   0.0  9.1  0.02  12  22  00:00   WSW  28.7 47.0
25     61  73.9 12:53pm   55.0  5:53am   0.0  2.5  0.74  11  21  00:00   SSW  29.2 67.7
26   63.8  80.1  3:53pm   54.0  5:53am   0.0  7.0  0.00   6  12  00:00   WNW  28.9 51.3
27   64.4  84.0  3:53pm   53.1  3:53am   0.0  9.2  0.00  14  28  00:00   SSW  28.9 39.3
28   64.9  81.0  2:53pm   54.0  4:53am   0.0  8.0  0.00   6  10  00:00     S  28.9 35.5
29   62.5  75.0  3:53pm   53.1  6:53am   0.0  3.8  0.00   6  12  00:00     W  28.9 49.2
30   58.2  69.8  2:53pm   55.0  5:53am   1.0  0.0  0.00   7  13  00:00    SW  29.0 72.1
31   65.2  84.9  1:53pm   52.0  3:53am   0.0 10.1  0.00  15  29  00:00   SSW  28.9 52.4