NOAA-Style Climate Reports

Select a Year or Month report
2018: Jan Feb Mar Apr May Jun Jul Aug Sep Oct Nov Dec
2017: Jan Feb Mar Apr May Jun Jul Aug Sep Oct Nov Dec
2016: Jan Feb Mar Apr May Jun Jul Aug Sep Oct Nov Dec
2015: Jan Feb Mar Apr May Jun Jul Aug Sep Oct Nov Dec
2014: Jan Feb Mar Apr May Jun Jul Aug Sep Oct Nov Dec
2013: Jan Feb Mar Apr May Jun Jul Aug Sep Oct Nov Dec
2012: Jan Feb Mar Apr May Jun Jul Aug Sep Oct Nov Dec
2011: Jan Feb Mar Apr May Jun Jul Aug Sep Oct Nov Dec
2010: Jan Feb Mar Apr May Jun Jul Aug Sep Oct Nov Dec
2009: Jan Feb Mar Apr May Jun Jul Aug Sep Oct Nov Dec
2008: Jan Feb Mar Apr May Jun Jul Aug Sep Oct Nov Dec
2007: Jan Feb Mar Apr May Jun Jul Aug Sep Oct Nov Dec
2006: Jan Feb Mar Apr May Jun Jul Aug Sep Oct Nov Dec
2005: Jan Feb Mar Apr May Jun Jul Aug Sep Oct Nov Dec
2004: Jan Feb Mar Apr May Jun Jul Aug Sep Oct Nov Dec
2003: Jan Feb Mar Apr May Jun Jul Aug Sep Oct Nov Dec
2002: Jan Feb Mar Apr May Jun Jul Aug Sep Oct Nov Dec
2001: Jan Feb Mar Apr May Jun Jul Aug Sep Oct Nov Dec
2000: Jan Feb Mar Apr May Jun Jul Aug Sep Oct Nov Dec
1999: Jan Feb Mar Apr May Jun Jul Aug Sep Oct Nov Dec
1998: Jan Feb Mar Apr May Jun Jul Aug Sep Oct Nov Dec
1997: Jan Feb Mar Apr May Jun Jul Aug Sep Oct Nov Dec
1996: Jan Feb Mar Apr May Jun Jul Aug Sep Oct Nov Dec
1995: Jan Feb Mar Apr May Jun Jul Aug Sep Oct Nov Dec
1994: Jan Feb Mar Apr May Jun Jul Aug Sep Oct Nov Dec
1993: Jan Feb Mar Apr May Jun Jul Aug Sep Oct Nov Dec
1992: Jan Feb Mar Apr May Jun Jul Aug Sep Oct Nov Dec
1991: Jan Feb Mar Apr May Jun Jul Aug Sep Oct Nov Dec
1990: Jan Feb Mar Apr May Jun Jul Aug Sep Oct Nov Dec
1989: Jan Feb Mar Apr May Jun Jul Aug Sep Oct Nov Dec
1988: Jan Feb Mar Apr May Jun Jul Aug Sep Oct Nov Dec
1987: Jan Feb Mar Apr May Jun Jul Aug Sep Oct Nov Dec
1986: Jan Feb Mar Apr May Jun Jul Aug Sep Oct Nov Dec

Report for 2009 September
                  MONTHLY CLIMATOLOGICAL SUMMARY FOR 9/2009
                                        HEAT  COOL        
     MEAN                               DEG   DEG       WIND SPEED       DOM MEAN  MEAN
DAY  TEMP  HIGH   TIME     LOW   TIME   DAYS  DAYS RAIN AVG  HI  TIME    DIR BAROM HUM
---------------------------------------------------------------------------------------
1    69.8  87.1  1:53pm   55.0  3:53am   0.0 13.5  0.00  11  21  00:00   SSE  28.7 30.8
2    68.2  84.9  4:53pm   55.9  5:53am   0.0 11.6  0.00   9  17  00:00   SSE  28.8 32.9
3    66.9  84.0  2:53pm   55.0  6:53am   0.0 10.5  0.00  12  23  00:00    SE  28.8 34.9
4    65.8  84.0  2:53pm   54.0  2:53am   0.0  9.9  0.00   8  15  00:00   SSW  28.8 34.6
5    66.8  82.9  1:53pm   52.0  6:53am   0.0  9.9  1.45  14  28  00:00   SSE  29.1 42.7
6    64.8  78.1 12:53pm   57.0  4:53am   0.0  6.5  0.00  15  29  00:00    SW  28.9 50.0
7    68.3  84.0  3:53pm   53.1  4:53am   0.0 11.2  0.00  12  23  00:00   SSW  28.8 38.5
8    68.1  84.9 12:53pm   54.0  5:53am   0.0 11.5  0.00  13  24  00:00   SSW  28.7 37.6
9    64.2  81.0  1:53pm   53.1  5:53am   0.0  7.6  0.00  12  22  00:00     S  28.8 50.8
10     67  84.0  1:53pm   53.1  4:53am   0.0 10.5  0.00   7  14  00:00   SSW  28.9 41.2
11   59.9  71.1  3:53pm   55.0 11:53pm   0.0  0.5  0.00  14  27  00:00   SSE  29.0 39.8
12   48.6  55.9 11:53am   46.0  6:53pm  12.7  0.0  0.89   6  12  00:00   SSW  29.3 71.5
13   59.2  73.9 12:53pm   48.9 12:53am   0.0  1.6  0.00  16  31  00:00   SSW  28.9 64.1
14   63.9  79.0  4:53pm   53.1  5:53am   0.0  6.5  0.00  13  25  00:00   WSW  28.7 48.2
15   63.5  80.6  2:53pm   52.0  5:53am   0.0  7.1  0.00   7  14  00:00     S  28.8 47.3
16   57.4  68.0  1:53pm   52.0 11:53pm   2.3  0.0  0.01   6  10  00:00   WSW  29.0 64.9
17   57.9  73.9  3:53pm   48.9  2:53am   0.0  0.9  0.00   7  13  00:00    SE  29.0 55.9
18   58.2  73.9  2:53pm   46.9  5:53am   0.0  1.1  0.00   7  14  00:00   SSE  28.9 48.0
19   59.9  78.1  4:53pm   46.9  6:53am   0.0  4.0  0.00   7  14  00:00   SSW  28.8 45.5
20   61.8  79.0  1:53pm   53.1  9:53pm   0.0  5.4  0.00  14  28  00:00     W  28.6 37.9
21     42  51.8  3:31am   35.6 10:07am  18.1  0.0  0.27  15  29  00:00    SE  29.3 75.6
22     41  48.9 10:53am   37.9 12:53am  20.0  0.0  0.14  14  27  00:00    SW  29.3 66.2
23   40.5  46.0  3:53am   39.0 12:53pm  21.7  0.0  0.39  10  21  00:00    SW  29.3 75.0
24     46  57.9  2:53pm   37.0 12:53am  13.0  0.0  0.00   9  17  00:00   WSW  29.0 64.8
25   48.1  61.0  3:53pm   44.1  5:53am  10.4  0.0  0.38  12  22  00:00     W  29.1 70.0
26   60.3  81.0  3:53pm   43.0  1:53am   0.0  5.7  0.00  11  21  00:00   WSW  28.8 33.2
27   62.2  77.0 10:53am   48.0 11:53pm   0.0  4.6  0.00  11  22  00:00   SSE  28.7 26.4
28   50.9  68.0  3:53pm   39.0  3:53am   5.5  0.0  0.00   6  12  00:00     S  28.9 47.9
29   61.7  82.9  1:53pm   44.1  6:53am   0.0  7.3  0.00   7  13  00:00    SW  28.7 35.0
30   63.8  78.1  1:53pm   48.0 11:53pm   0.0  6.0  0.00  22  44  00:00   WSW  28.4 24.2