NOAA-Style Climate Reports

Select a Year or Month report
2018: Jan Feb Mar Apr May Jun Jul Aug Sep Oct Nov Dec
2017: Jan Feb Mar Apr May Jun Jul Aug Sep Oct Nov Dec
2016: Jan Feb Mar Apr May Jun Jul Aug Sep Oct Nov Dec
2015: Jan Feb Mar Apr May Jun Jul Aug Sep Oct Nov Dec
2014: Jan Feb Mar Apr May Jun Jul Aug Sep Oct Nov Dec
2013: Jan Feb Mar Apr May Jun Jul Aug Sep Oct Nov Dec
2012: Jan Feb Mar Apr May Jun Jul Aug Sep Oct Nov Dec
2011: Jan Feb Mar Apr May Jun Jul Aug Sep Oct Nov Dec
2010: Jan Feb Mar Apr May Jun Jul Aug Sep Oct Nov Dec
2009: Jan Feb Mar Apr May Jun Jul Aug Sep Oct Nov Dec
2008: Jan Feb Mar Apr May Jun Jul Aug Sep Oct Nov Dec
2007: Jan Feb Mar Apr May Jun Jul Aug Sep Oct Nov Dec
2006: Jan Feb Mar Apr May Jun Jul Aug Sep Oct Nov Dec
2005: Jan Feb Mar Apr May Jun Jul Aug Sep Oct Nov Dec
2004: Jan Feb Mar Apr May Jun Jul Aug Sep Oct Nov Dec
2003: Jan Feb Mar Apr May Jun Jul Aug Sep Oct Nov Dec
2002: Jan Feb Mar Apr May Jun Jul Aug Sep Oct Nov Dec
2001: Jan Feb Mar Apr May Jun Jul Aug Sep Oct Nov Dec
2000: Jan Feb Mar Apr May Jun Jul Aug Sep Oct Nov Dec
1999: Jan Feb Mar Apr May Jun Jul Aug Sep Oct Nov Dec
1998: Jan Feb Mar Apr May Jun Jul Aug Sep Oct Nov Dec
1997: Jan Feb Mar Apr May Jun Jul Aug Sep Oct Nov Dec
1996: Jan Feb Mar Apr May Jun Jul Aug Sep Oct Nov Dec
1995: Jan Feb Mar Apr May Jun Jul Aug Sep Oct Nov Dec
1994: Jan Feb Mar Apr May Jun Jul Aug Sep Oct Nov Dec
1993: Jan Feb Mar Apr May Jun Jul Aug Sep Oct Nov Dec
1992: Jan Feb Mar Apr May Jun Jul Aug Sep Oct Nov Dec
1991: Jan Feb Mar Apr May Jun Jul Aug Sep Oct Nov Dec
1990: Jan Feb Mar Apr May Jun Jul Aug Sep Oct Nov Dec
1989: Jan Feb Mar Apr May Jun Jul Aug Sep Oct Nov Dec
1988: Jan Feb Mar Apr May Jun Jul Aug Sep Oct Nov Dec
1987: Jan Feb Mar Apr May Jun Jul Aug Sep Oct Nov Dec
1986: Jan Feb Mar Apr May Jun Jul Aug Sep Oct Nov Dec

Report for 2009 October
                  MONTHLY CLIMATOLOGICAL SUMMARY FOR 10/2009
                                        HEAT  COOL        
     MEAN                               DEG   DEG       WIND SPEED       DOM MEAN  MEAN
DAY  TEMP  HIGH   TIME     LOW   TIME   DAYS  DAYS RAIN AVG  HI  TIME    DIR BAROM HUM
---------------------------------------------------------------------------------------
1    43.2  53.1  2:53pm   34.0 11:53pm  16.8  0.0  0.00  19  37  00:00    NW  28.7 28.4
2    43.2  60.1  3:53pm   30.9  4:53am  13.3  0.0  0.00   6  12  00:00    SE  28.8 30.6
3    45.8  64.0  3:53pm   30.9  6:53am  10.1  0.0  0.00   9  17  00:00     S  28.7 34.5
4    44.9  57.0  2:53pm   42.1  7:53am  14.0  0.0  0.00   8  15  00:00   WNW  28.7 61.8
5    42.8  55.0 12:53pm   36.0 11:53pm  16.1  0.0  0.33  10  20  00:00   WSW  29.1 85.1
6    41.5  57.9  3:53pm   30.0  6:53am  15.3  0.0  0.00   6  12  00:00   SSE  28.8 55.4
7    52.2  69.1  2:53pm   37.0  1:53am   4.3  0.0  0.00  14  28  00:00    SW  28.6 33.8
8    33.2  43.0 12:53am   30.9 11:53pm  26.9  0.0  0.13  10  21  00:00    NE  29.4 85.0
9    33.9  54.0 12:53pm   19.4 11:28pm  21.0  0.0  0.01  19  37  00:00    SE  29.2 74.2
10   20.8  25.0  8:53pm   18.0  7:53am  42.1  0.0  0.00   6  12  00:00   ESE  29.4 83.7
11   26.5  35.1  2:53pm   23.0 12:53am  34.2  0.0  0.00   6  12  00:00    SW  28.9 70.5
12   32.7  50.0  2:53pm   25.0  1:53am  23.6  0.0  0.00   8  16  00:00   WSW  29.1 76.6
13   38.7  54.0  2:53pm   33.1 12:53am  18.6  0.0  0.00   5   9  00:00     W  28.9 73.7
14     45  68.0  3:53pm   33.1  2:53am   8.5  0.0  0.00  16  31  00:00     W  28.9 63.3
15   50.8  66.0  2:53pm   37.0  4:53am   6.6  0.0  0.00  16  30  00:00   WSW  28.9 42.2
16   45.7  61.0  1:53pm   34.0  4:53am  11.6  0.0  0.00   5   9  00:00   ESE  29.1 54.6
17   47.8  68.0  3:53pm   35.1  3:53am   7.1  0.0  0.00   7  13  00:00     S  29.1 47.1
18   59.4  81.0  3:53pm   39.9  3:53am   0.0  5.2  0.00  12  22  00:00   WSW  28.7 25.9
19   57.7  75.0 12:53pm   46.9  2:53am   0.0  1.4  0.00  11  21  00:00   SSW  28.6 29.0
20   42.8  53.1  6:53am   37.0 11:53pm  17.0  0.0  0.04  12  22  00:00   ESE  29.1 72.4
21     32  37.0 12:53am   32.0  4:53am  30.5  0.0  0.45   9  17  00:00   NNW  29.3 90.9
22   34.1  43.0  3:53pm   30.2  6:45am  26.4  0.0  0.02   5   8  00:00   WSW  29.0 73.2
23     40  51.1  2:53pm   33.1  1:53am  19.4  0.0  0.00   5   9  00:00   SSW  28.8 61.6
24   49.8  62.6 12:39pm   41.0 12:53am   8.8  0.0  0.00  20  39  00:00     W  28.6 38.2
25   34.2  42.8 12:10am   28.9 11:53pm  26.5  0.0  0.23  10  20  00:00   ESE  29.5 81.7
26     35  52.0  3:53pm   21.9  6:53am  21.5  0.0  0.03   9  16  00:00   SSW  28.9 52.0
27   40.5  55.9 12:53pm   32.0  9:30pm  16.8  0.0  0.18  21  41  00:00     W  28.8 62.9
28   26.9  32.0 12:34am   25.0  6:53pm  35.5  0.0  0.57  16  31  00:00     N  28.9 87.8
29   23.2  25.0 12:53am   21.2  9:41pm  40.9  0.0  0.67  17  33  00:00   NNW  29.1 83.8
30   32.5  46.9  3:53pm   17.1  4:53am  25.3  0.0  0.60   7  13  00:00     W  28.7 53.7
31   42.9  54.0  4:53pm   34.0  2:53am  16.5  0.0  0.00  11  22  00:00    SW  28.9 45.9