NOAA-Style Climate Reports

Select a Year or Month report
2018: Jan Feb Mar Apr May Jun Jul Aug Sep Oct Nov Dec
2017: Jan Feb Mar Apr May Jun Jul Aug Sep Oct Nov Dec
2016: Jan Feb Mar Apr May Jun Jul Aug Sep Oct Nov Dec
2015: Jan Feb Mar Apr May Jun Jul Aug Sep Oct Nov Dec
2014: Jan Feb Mar Apr May Jun Jul Aug Sep Oct Nov Dec
2013: Jan Feb Mar Apr May Jun Jul Aug Sep Oct Nov Dec
2012: Jan Feb Mar Apr May Jun Jul Aug Sep Oct Nov Dec
2011: Jan Feb Mar Apr May Jun Jul Aug Sep Oct Nov Dec
2010: Jan Feb Mar Apr May Jun Jul Aug Sep Oct Nov Dec
2009: Jan Feb Mar Apr May Jun Jul Aug Sep Oct Nov Dec
2008: Jan Feb Mar Apr May Jun Jul Aug Sep Oct Nov Dec
2007: Jan Feb Mar Apr May Jun Jul Aug Sep Oct Nov Dec
2006: Jan Feb Mar Apr May Jun Jul Aug Sep Oct Nov Dec
2005: Jan Feb Mar Apr May Jun Jul Aug Sep Oct Nov Dec
2004: Jan Feb Mar Apr May Jun Jul Aug Sep Oct Nov Dec
2003: Jan Feb Mar Apr May Jun Jul Aug Sep Oct Nov Dec
2002: Jan Feb Mar Apr May Jun Jul Aug Sep Oct Nov Dec
2001: Jan Feb Mar Apr May Jun Jul Aug Sep Oct Nov Dec
2000: Jan Feb Mar Apr May Jun Jul Aug Sep Oct Nov Dec
1999: Jan Feb Mar Apr May Jun Jul Aug Sep Oct Nov Dec
1998: Jan Feb Mar Apr May Jun Jul Aug Sep Oct Nov Dec
1997: Jan Feb Mar Apr May Jun Jul Aug Sep Oct Nov Dec
1996: Jan Feb Mar Apr May Jun Jul Aug Sep Oct Nov Dec
1995: Jan Feb Mar Apr May Jun Jul Aug Sep Oct Nov Dec
1994: Jan Feb Mar Apr May Jun Jul Aug Sep Oct Nov Dec
1993: Jan Feb Mar Apr May Jun Jul Aug Sep Oct Nov Dec
1992: Jan Feb Mar Apr May Jun Jul Aug Sep Oct Nov Dec
1991: Jan Feb Mar Apr May Jun Jul Aug Sep Oct Nov Dec
1990: Jan Feb Mar Apr May Jun Jul Aug Sep Oct Nov Dec
1989: Jan Feb Mar Apr May Jun Jul Aug Sep Oct Nov Dec
1988: Jan Feb Mar Apr May Jun Jul Aug Sep Oct Nov Dec
1987: Jan Feb Mar Apr May Jun Jul Aug Sep Oct Nov Dec
1986: Jan Feb Mar Apr May Jun Jul Aug Sep Oct Nov Dec

Report for 2009 November
                  MONTHLY CLIMATOLOGICAL SUMMARY FOR 11/2009
                                        HEAT  COOL        
     MEAN                               DEG   DEG       WIND SPEED       DOM MEAN  MEAN
DAY  TEMP  HIGH   TIME     LOW   TIME   DAYS  DAYS RAIN AVG  HI  TIME    DIR BAROM HUM
---------------------------------------------------------------------------------------
1    43.6  57.0  1:53pm   34.0  6:53am  14.7  0.0  0.00   5  10  00:00     S  28.9 44.9
2    33.9  43.0  1:53pm   28.4  9:23pm  26.5  0.0  0.00   5   8  00:00     S  29.4 76.3
3    44.9  64.0 12:53pm   30.9 12:53am  10.5  0.0  0.00   8  15  00:00    SW  29.0 45.5
4    40.7  57.9  2:53pm   28.0  4:53am  15.7  0.0  0.00   6  12  00:00    SW  29.1 56.2
5    54.8  72.0  2:53pm   43.0  5:53am   1.6  0.0  0.00  10  18  00:00     S  28.9 24.2
6    54.3  73.0  1:53pm   48.0  8:53pm   1.3  0.0  0.00  13  24  00:00    SW  28.7 25.2
7    52.4  70.0  1:53pm   44.1  6:53am   3.8  0.0  0.00  15  29  00:00   SSW  28.6 34.9
8    44.6  54.0  1:53pm   39.0  7:53pm  15.7  0.0  0.00   9  16  00:00     S  28.8 47.0
9      44  59.0  2:53pm   37.9  9:53pm  13.5  0.0  0.00  14  28  00:00   SSW  29.0 46.2
10   44.6  66.0  2:53pm   33.1  5:53am   9.7  0.0  0.00   6  10  00:00   SSW  29.0 51.0
11   50.5  69.1  1:53pm   37.0 12:53am   5.2  0.0  0.00  12  23  00:00     S  28.9 31.1
12   55.4  70.0 12:53pm   48.0  9:53pm   2.3  0.0  0.00  18  36  00:00    SW  28.4 24.4
13   36.6  50.0 12:53am   32.0  5:53pm  21.7  0.0  0.11  17  32  00:00    SE  28.9 76.3
14   31.6  39.2  1:23pm   27.0 11:53pm  29.6  0.0  0.40  10  18  00:00   SSE  29.3 86.3
15   24.8  27.0 12:53am   16.0  9:53pm  39.1  0.0  0.55   9  16  00:00   SSW  29.4 85.3
16   23.9  39.9  1:53pm   10.9  5:53am  33.1  0.0  0.00   6  12  00:00   WSW  29.2 51.8
17   35.5  50.0 12:53pm   26.1  6:53am  22.2  0.0  0.00   5   9  00:00   SSE  29.0 47.7
18   38.8  57.0  1:53pm   28.9  4:53am  17.1  0.0  0.00   3   6  00:00   SSW  28.7 46.7
19   34.5  44.1  1:53pm   28.9  1:53am  25.7  0.0  0.00   6  12  00:00    SE  28.9 53.3
20   38.4  55.9  1:53pm   27.0  3:53am  17.8  0.0  0.00   7  14  00:00     S  28.9 44.6
21   45.2  61.0  1:53pm   36.0 11:53pm  11.9  0.0  0.00  13  25  00:00     S  28.6 24.8
22   35.3  51.1 12:53pm   28.0 11:53pm  21.8  0.0  0.00   6  12  00:00     S  28.7 51.7
23   29.2  37.0 11:53am   21.0 11:53pm  31.9  0.0  0.00  10  20  00:00     S  28.9 51.8
24   30.9  45.0  1:53pm   19.9  2:53am  27.0  0.0  0.00   6  12  00:00     S  29.1 32.5
25   33.6  48.0  1:53pm   25.0  6:53am  24.2  0.0  0.00  12  23  00:00    SE  29.1 51.6
26   43.2  63.0 12:53pm   27.0  2:53am  11.9  0.0  0.00   6  12  00:00   WSW  28.9 34.2
27   44.3  66.9  1:53pm   28.9  4:53am   9.4  0.0  0.00   5   9  00:00     S  28.7 23.0
28   35.8  48.0 10:53am   30.0  5:53am  23.1  0.0  0.00   7  14  00:00   ENE  28.6 45.3
29   32.3  43.0  2:53pm   24.1 11:53pm  27.3  0.0  0.00   5   8  00:00    SE  28.9 55.0
30   37.8  60.1  1:53pm   25.0 12:53am  16.0  0.0  0.00   5   9  00:00   SSE  28.9 40.2