NOAA-Style Climate Reports

Select a Year or Month report
2018: Jan Feb Mar Apr May Jun Jul Aug Sep Oct Nov Dec
2017: Jan Feb Mar Apr May Jun Jul Aug Sep Oct Nov Dec
2016: Jan Feb Mar Apr May Jun Jul Aug Sep Oct Nov Dec
2015: Jan Feb Mar Apr May Jun Jul Aug Sep Oct Nov Dec
2014: Jan Feb Mar Apr May Jun Jul Aug Sep Oct Nov Dec
2013: Jan Feb Mar Apr May Jun Jul Aug Sep Oct Nov Dec
2012: Jan Feb Mar Apr May Jun Jul Aug Sep Oct Nov Dec
2011: Jan Feb Mar Apr May Jun Jul Aug Sep Oct Nov Dec
2010: Jan Feb Mar Apr May Jun Jul Aug Sep Oct Nov Dec
2009: Jan Feb Mar Apr May Jun Jul Aug Sep Oct Nov Dec
2008: Jan Feb Mar Apr May Jun Jul Aug Sep Oct Nov Dec
2007: Jan Feb Mar Apr May Jun Jul Aug Sep Oct Nov Dec
2006: Jan Feb Mar Apr May Jun Jul Aug Sep Oct Nov Dec
2005: Jan Feb Mar Apr May Jun Jul Aug Sep Oct Nov Dec
2004: Jan Feb Mar Apr May Jun Jul Aug Sep Oct Nov Dec
2003: Jan Feb Mar Apr May Jun Jul Aug Sep Oct Nov Dec
2002: Jan Feb Mar Apr May Jun Jul Aug Sep Oct Nov Dec
2001: Jan Feb Mar Apr May Jun Jul Aug Sep Oct Nov Dec
2000: Jan Feb Mar Apr May Jun Jul Aug Sep Oct Nov Dec
1999: Jan Feb Mar Apr May Jun Jul Aug Sep Oct Nov Dec
1998: Jan Feb Mar Apr May Jun Jul Aug Sep Oct Nov Dec
1997: Jan Feb Mar Apr May Jun Jul Aug Sep Oct Nov Dec
1996: Jan Feb Mar Apr May Jun Jul Aug Sep Oct Nov Dec
1995: Jan Feb Mar Apr May Jun Jul Aug Sep Oct Nov Dec
1994: Jan Feb Mar Apr May Jun Jul Aug Sep Oct Nov Dec
1993: Jan Feb Mar Apr May Jun Jul Aug Sep Oct Nov Dec
1992: Jan Feb Mar Apr May Jun Jul Aug Sep Oct Nov Dec
1991: Jan Feb Mar Apr May Jun Jul Aug Sep Oct Nov Dec
1990: Jan Feb Mar Apr May Jun Jul Aug Sep Oct Nov Dec
1989: Jan Feb Mar Apr May Jun Jul Aug Sep Oct Nov Dec
1988: Jan Feb Mar Apr May Jun Jul Aug Sep Oct Nov Dec
1987: Jan Feb Mar Apr May Jun Jul Aug Sep Oct Nov Dec
1986: Jan Feb Mar Apr May Jun Jul Aug Sep Oct Nov Dec

Report for 2009 December
                  MONTHLY CLIMATOLOGICAL SUMMARY FOR 12/2009
                                        HEAT  COOL        
     MEAN                               DEG   DEG       WIND SPEED       DOM MEAN  MEAN
DAY  TEMP  HIGH   TIME     LOW   TIME   DAYS  DAYS RAIN AVG  HI  TIME    DIR BAROM HUM
---------------------------------------------------------------------------------------
1    35.4  55.0 11:53am   24.1 11:53pm  19.8  0.0  0.00  12  22  00:00   ESE  28.7 42.7
2    15.2  24.8 12:12am    8.1  9:53pm  45.0  0.0  0.07   9  18  00:00   ENE  29.4 77.2
3       8  12.9  1:53pm    1.9  7:53pm  54.5  0.0  0.01   6  10  00:00     E  29.3 68.4
4    19.2  35.1  1:53pm    3.0 12:53am  37.8  0.0  0.02  10  20  00:00    SW  28.9 44.3
5    23.9  34.0 12:53pm   19.0 12:53am  36.0  0.0  0.00   6  12  00:00   WSW  28.7 50.7
6    12.1  18.0 12:53am    8.1  9:53pm  49.9  0.0  0.16   7  13  00:00    SE  29.3 78.3
7     6.7  10.9 11:53am    5.0  4:53am  56.2  0.0  0.01   5   9  00:00   SSW  29.1 76.6
8       2   6.8  9:27am   -5.1 11:53pm  60.6  0.0  0.01   9  18  00:00    NW  29.0 76.9
9     2.7  18.0  1:53pm   -9.9  3:53am  54.6  0.0  0.00   7  13  00:00    SE  28.8 57.3
10   14.5  28.0  1:53pm    8.1 12:53am  43.7  0.0  0.11   9  16  00:00   SSE  28.7 42.0
11   26.5  44.1  1:53pm   15.8 12:05am  29.7  0.0  0.00   9  17  00:00   SSE  28.8 34.7
12   34.6  48.0  1:53pm   25.0  1:53am  23.7  0.0  0.00  16  32  00:00   SSW  28.6 35.8
13   39.1  50.0 11:53am   35.1 12:53am  20.4  0.0  0.00  22  43  00:00   WSW  28.4 42.2
14   33.1  46.9  1:53pm   26.1  5:53am  25.0  0.0  0.00   7  14  00:00   WSW  28.7 39.5
15   36.8  53.1  1:53pm   21.0  4:53am  20.0  0.0  0.00  10  20  00:00   SSW  29.0 29.7
16   42.7  54.0  1:53pm   34.0 11:53pm  16.6  0.0  0.00   7  14  00:00    SW  28.9 29.5
17   35.9  51.1  1:53pm   26.1  9:53pm  21.5  0.0  0.00  16  32  00:00   WSW  28.9 49.6
18   28.3  39.0 12:53pm   19.9  3:53am  31.3  0.0  0.00   6  10  00:00    SE  29.1 61.9
19   31.7  50.0  2:53pm   19.0  2:53am  24.1  0.0  0.00   6  10  00:00   SSW  28.9 41.0
20   36.7  54.0  1:53pm   24.1  3:53am  19.6  0.0  0.00   7  13  00:00   SSE  28.9 39.5
21   41.1  55.0  2:53pm   32.0  7:53pm  16.9  0.0  0.00   7  13  00:00     S  28.6 29.6
22   34.9  44.1 12:53pm   30.0 10:53pm  25.5  0.0  0.12  13  25  00:00    NW  28.6 57.2
23   22.5  28.0  4:53am   12.9 11:53pm  39.7  0.0  0.14  14  27  00:00   WNW  29.2 84.1
24   10.1  21.0 11:53pm    1.9  6:53am  49.4  0.0  0.08  10  20  00:00     S  29.1 66.2
25   18.2  21.9  1:53pm   12.0  5:53am  44.9  0.0  0.02  16  31  00:00   ESE  28.8 59.3
26   21.2  28.9  1:53pm   15.1  4:53am  39.9  0.0  0.06   6  12  00:00   SSW  29.1 73.5
27   18.7  25.0 12:53pm   12.0 10:53pm  43.1  0.0  0.00   6  10  00:00   SSE  29.1 63.8
28   19.8  33.1  1:53pm    9.0  5:53am  38.5  0.0  0.00   7  14  00:00     S  29.2 61.8
29   24.4  34.0  2:53pm   17.1  3:53am  35.8  0.0  0.00   3   5  00:00     N  28.8 61.0
30   23.4  34.0  1:53pm   16.0  5:53am  36.3  0.0  0.00   5   9  00:00     S  28.7 57.5
31   22.4  36.0  1:53pm   12.0  7:53am  35.8  0.0  0.00   8  15  00:00   SSW  29.1 51.0