NOAA-Style Climate Reports

Select a Year or Month report
2018: Jan Feb Mar Apr May Jun Jul Aug Sep Oct Nov Dec
2017: Jan Feb Mar Apr May Jun Jul Aug Sep Oct Nov Dec
2016: Jan Feb Mar Apr May Jun Jul Aug Sep Oct Nov Dec
2015: Jan Feb Mar Apr May Jun Jul Aug Sep Oct Nov Dec
2014: Jan Feb Mar Apr May Jun Jul Aug Sep Oct Nov Dec
2013: Jan Feb Mar Apr May Jun Jul Aug Sep Oct Nov Dec
2012: Jan Feb Mar Apr May Jun Jul Aug Sep Oct Nov Dec
2011: Jan Feb Mar Apr May Jun Jul Aug Sep Oct Nov Dec
2010: Jan Feb Mar Apr May Jun Jul Aug Sep Oct Nov Dec
2009: Jan Feb Mar Apr May Jun Jul Aug Sep Oct Nov Dec
2008: Jan Feb Mar Apr May Jun Jul Aug Sep Oct Nov Dec
2007: Jan Feb Mar Apr May Jun Jul Aug Sep Oct Nov Dec
2006: Jan Feb Mar Apr May Jun Jul Aug Sep Oct Nov Dec
2005: Jan Feb Mar Apr May Jun Jul Aug Sep Oct Nov Dec
2004: Jan Feb Mar Apr May Jun Jul Aug Sep Oct Nov Dec
2003: Jan Feb Mar Apr May Jun Jul Aug Sep Oct Nov Dec
2002: Jan Feb Mar Apr May Jun Jul Aug Sep Oct Nov Dec
2001: Jan Feb Mar Apr May Jun Jul Aug Sep Oct Nov Dec
2000: Jan Feb Mar Apr May Jun Jul Aug Sep Oct Nov Dec
1999: Jan Feb Mar Apr May Jun Jul Aug Sep Oct Nov Dec
1998: Jan Feb Mar Apr May Jun Jul Aug Sep Oct Nov Dec
1997: Jan Feb Mar Apr May Jun Jul Aug Sep Oct Nov Dec
1996: Jan Feb Mar Apr May Jun Jul Aug Sep Oct Nov Dec
1995: Jan Feb Mar Apr May Jun Jul Aug Sep Oct Nov Dec
1994: Jan Feb Mar Apr May Jun Jul Aug Sep Oct Nov Dec
1993: Jan Feb Mar Apr May Jun Jul Aug Sep Oct Nov Dec
1992: Jan Feb Mar Apr May Jun Jul Aug Sep Oct Nov Dec
1991: Jan Feb Mar Apr May Jun Jul Aug Sep Oct Nov Dec
1990: Jan Feb Mar Apr May Jun Jul Aug Sep Oct Nov Dec
1989: Jan Feb Mar Apr May Jun Jul Aug Sep Oct Nov Dec
1988: Jan Feb Mar Apr May Jun Jul Aug Sep Oct Nov Dec
1987: Jan Feb Mar Apr May Jun Jul Aug Sep Oct Nov Dec
1986: Jan Feb Mar Apr May Jun Jul Aug Sep Oct Nov Dec

Report for 2010 January
                  MONTHLY CLIMATOLOGICAL SUMMARY FOR 1/2010
                                        HEAT  COOL        
     MEAN                               DEG   DEG       WIND SPEED       DOM MEAN  MEAN
DAY  TEMP  HIGH   TIME     LOW   TIME   DAYS  DAYS RAIN AVG  HI  TIME    DIR BAROM HUM
---------------------------------------------------------------------------------------
1    27.8  42.1  1:53pm   16.0  1:53am  30.0  0.0  0.00   8  15  00:00     S  29.0 49.9
2    30.1  42.1 12:53pm   19.9  5:53am  28.9  0.0  0.00   6  12  00:00    SW  28.9 60.2
3    27.1  34.0 10:53am   21.0 10:53pm  34.4  0.0  0.00   5   9  00:00    SE  29.3 67.6
4    25.1  37.0  1:53pm   16.0  2:53am  33.9  0.0  0.00   6  12  00:00   SSE  29.2 56.9
5    36.6  48.9 12:53pm   25.0 12:53am  22.2  0.0  0.00   6  12  00:00     S  28.8 45.7
6    15.2  35.1  6:53am    1.0 11:53pm  39.8  0.0  0.03  12  23  00:00   ENE  29.5 75.5
7     3.5  15.1 12:53pm   -5.1  3:53am  55.7  0.0  0.07   5   8  00:00     S  29.4 58.2
8    17.7  37.9  1:53pm   -2.0 12:53am  37.2  0.0  0.00   7  13  00:00     S  29.2 41.7
9    28.7  45.0 12:53pm   16.0 12:53am  28.1  0.0  0.00   6  10  00:00   SSE  29.1 38.6
10   31.1  44.1 12:53pm   21.9  4:53am  27.4  0.0  0.00   6  12  00:00   SSW  29.1 45.3
11   32.7  48.0  1:53pm   21.0  7:53am  24.6  0.0  0.00   5   9  00:00     S  29.2 43.7
12   36.8  57.9  2:53pm   23.0  4:53am  17.6  0.0  0.00   6  12  00:00     S  29.0 32.5
13   39.2  53.1  1:53pm   28.9  4:53am  18.8  0.0  0.00   6  12  00:00     S  28.8 34.1
14   32.1  44.1  1:53pm   26.1  4:53am  26.9  0.0  0.00   4   7  00:00   SSW  29.0 59.8
15   31.5  45.0  2:53pm   21.9  7:53am  26.7  0.0  0.00   6  10  00:00     S  29.0 54.8
16   39.3  57.0  1:53pm   28.0  4:53am  16.8  0.0  0.00   6  12  00:00     S  28.8 38.4
17   39.3  53.1 12:53pm   32.0 10:53pm  18.8  0.0  0.00   6  12  00:00   SSE  28.7 43.3
18   37.1  53.1  2:53pm   30.0 10:53pm  19.9  0.0  0.00   6  12  00:00     S  28.6 52.4
19   33.3  45.0 11:53am   26.1 10:53pm  25.8  0.0  0.00   7  14  00:00     W  28.5 61.3
20   29.5  35.1  5:53am   24.1 11:53pm  32.7  0.0  0.00   7  13  00:00     W  28.4 51.5
21   33.4  46.0 12:53pm   21.9  3:53am  25.3  0.0  0.00  14  28  00:00   SSE  28.4 45.0
22   36.5  54.0 12:53pm   26.1  7:53am  19.7  0.0  0.00  16  32  00:00   SSW  28.1 48.8
23     32  43.0  1:53pm   25.0  7:53am  27.5  0.0  0.00  13  24  00:00    NW  28.3 36.7
24   30.9  37.0 12:53pm   28.9  2:53am  31.0  0.0  0.00  21  40  00:00    NW  28.6 28.6
25   28.7  42.1 12:53pm   19.9  6:53am  29.6  0.0  0.00  14  28  00:00    SW  28.8 36.6
26   26.7  42.1  2:53pm   18.0  5:53am  30.6  0.0  0.00   6  12  00:00    SW  28.8 54.6
27   29.6  41.0 10:53am   21.9  2:53am  29.7  0.0  0.01  10  20  00:00    SE  29.2 67.2
28   26.4  28.4  4:26am   24.8  7:51am  37.6  0.0  0.02   5   8  00:00   WSW  29.5 84.2
29   28.3  43.0  2:53pm   19.0  5:53am  29.3  0.0  0.00   4   7  00:00   SSW  29.0 56.1
30   32.9  51.1  2:53pm   19.0  6:53am  23.0  0.0  0.00   6  12  00:00   SSW  28.8 43.8
31   28.9  41.0  1:53pm   23.0 11:53pm  30.0  0.0  0.00   7  13  00:00   WSW  28.7 59.6