NOAA-Style Climate Reports

Select a Year or Month report
2018: Jan Feb Mar Apr May Jun Jul Aug Sep Oct Nov Dec
2017: Jan Feb Mar Apr May Jun Jul Aug Sep Oct Nov Dec
2016: Jan Feb Mar Apr May Jun Jul Aug Sep Oct Nov Dec
2015: Jan Feb Mar Apr May Jun Jul Aug Sep Oct Nov Dec
2014: Jan Feb Mar Apr May Jun Jul Aug Sep Oct Nov Dec
2013: Jan Feb Mar Apr May Jun Jul Aug Sep Oct Nov Dec
2012: Jan Feb Mar Apr May Jun Jul Aug Sep Oct Nov Dec
2011: Jan Feb Mar Apr May Jun Jul Aug Sep Oct Nov Dec
2010: Jan Feb Mar Apr May Jun Jul Aug Sep Oct Nov Dec
2009: Jan Feb Mar Apr May Jun Jul Aug Sep Oct Nov Dec
2008: Jan Feb Mar Apr May Jun Jul Aug Sep Oct Nov Dec
2007: Jan Feb Mar Apr May Jun Jul Aug Sep Oct Nov Dec
2006: Jan Feb Mar Apr May Jun Jul Aug Sep Oct Nov Dec
2005: Jan Feb Mar Apr May Jun Jul Aug Sep Oct Nov Dec
2004: Jan Feb Mar Apr May Jun Jul Aug Sep Oct Nov Dec
2003: Jan Feb Mar Apr May Jun Jul Aug Sep Oct Nov Dec
2002: Jan Feb Mar Apr May Jun Jul Aug Sep Oct Nov Dec
2001: Jan Feb Mar Apr May Jun Jul Aug Sep Oct Nov Dec
2000: Jan Feb Mar Apr May Jun Jul Aug Sep Oct Nov Dec
1999: Jan Feb Mar Apr May Jun Jul Aug Sep Oct Nov Dec
1998: Jan Feb Mar Apr May Jun Jul Aug Sep Oct Nov Dec
1997: Jan Feb Mar Apr May Jun Jul Aug Sep Oct Nov Dec
1996: Jan Feb Mar Apr May Jun Jul Aug Sep Oct Nov Dec
1995: Jan Feb Mar Apr May Jun Jul Aug Sep Oct Nov Dec
1994: Jan Feb Mar Apr May Jun Jul Aug Sep Oct Nov Dec
1993: Jan Feb Mar Apr May Jun Jul Aug Sep Oct Nov Dec
1992: Jan Feb Mar Apr May Jun Jul Aug Sep Oct Nov Dec
1991: Jan Feb Mar Apr May Jun Jul Aug Sep Oct Nov Dec
1990: Jan Feb Mar Apr May Jun Jul Aug Sep Oct Nov Dec
1989: Jan Feb Mar Apr May Jun Jul Aug Sep Oct Nov Dec
1988: Jan Feb Mar Apr May Jun Jul Aug Sep Oct Nov Dec
1987: Jan Feb Mar Apr May Jun Jul Aug Sep Oct Nov Dec
1986: Jan Feb Mar Apr May Jun Jul Aug Sep Oct Nov Dec

Report for 2010 February
                  MONTHLY CLIMATOLOGICAL SUMMARY FOR 2/2010
                                        HEAT  COOL        
     MEAN                               DEG   DEG       WIND SPEED       DOM MEAN  MEAN
DAY  TEMP  HIGH   TIME     LOW   TIME   DAYS  DAYS RAIN AVG  HI  TIME    DIR BAROM HUM
---------------------------------------------------------------------------------------
1    31.3  45.0  2:53pm   23.0 12:53am  26.8  0.0  0.00  10  20  00:00   SSW  28.7 38.7
2      32  48.9  1:53pm   19.9  3:53am  24.5  0.0  0.00   7  13  00:00   SSW  28.8 39.4
3    34.2  48.0  2:53pm   25.0  3:53am  23.9  0.0  0.00  13  24  00:00    SE  28.8 44.1
4    32.1  44.1  2:53pm   25.0 11:53pm  26.9  0.0  0.00  20  38  00:00     W  28.9 66.6
5    31.2  45.0 11:53am   21.0  4:53am  26.9  0.0  0.00   7  14  00:00    SE  28.7 44.4
6    28.1  46.0  3:53pm   19.4  3:57am  27.9  0.0  0.00   5  10  00:00   NNW  29.0 71.2
7      26  28.9 11:53am   23.0  1:53am  37.5  0.0  0.17   4   8  00:00    SE  29.1 83.6
8    19.1  24.8  2:37am   14.0 10:53pm  43.0  0.0  0.07   6  12  00:00   ENE  29.2 76.9
9    17.2  30.9  3:53pm    6.1  5:53am  40.9  0.0  0.05   5   9  00:00     S  29.0 63.6
10   26.1  43.0 12:53pm   10.9  5:53am  30.4  0.0  0.00   5   9  00:00    SE  28.8 51.6
11   29.7  43.0  1:53pm   21.0  1:53am  28.6  0.0  0.00   7  13  00:00   SSE  28.8 47.2
12   32.7  44.1  4:53pm   21.9  4:53am  26.6  0.0  0.00  10  20  00:00   WNW  28.8 43.7
13   35.2  48.0 12:53pm   24.1  4:53am  23.4  0.0  0.00  15  29  00:00   WNW  28.8 39.5
14   17.9  28.4 12:06am   10.0  9:53pm  41.8  0.0  0.28  12  23  00:00   ESE  29.5 70.3
15   18.2  32.0  2:53pm    3.9  5:53am  39.9  0.0  0.00   4   7  00:00    SE  29.2 50.1
16   24.3  39.0  3:53pm   10.9  6:53am  33.3  0.0  0.00   6  10  00:00   SSW  29.1 47.2
17   31.5  42.1 12:53pm   19.0  5:53am  28.2  0.0  0.00   7  14  00:00   SSE  28.9 50.3
18   28.6  39.9 12:53pm   21.0 11:53pm  30.7  0.0  0.04  12  22  00:00     N  29.2 78.0
19   22.4  26.1 10:53am   21.0 12:53am  40.7  0.0  0.05   6  10  00:00   SSW  29.2 80.9
20   22.5  25.0  3:53pm   21.0 11:53pm  41.2  0.0  0.04   7  14  00:00     W  29.2 86.3
21     17  21.2  1:57pm   14.0  7:53pm  45.9  0.0  0.19   6  12  00:00   SSE  29.4 80.0
22     16  24.1  1:53pm   10.9  4:53am  44.9  0.0  0.01   6  10  00:00   WNW  29.1 70.2
23   23.7  36.0 12:53pm   10.0 12:53am  35.1  0.0  0.00   6  12  00:00     S  29.0 45.0
24   34.8  46.0 12:53pm   24.1  5:53am  24.6  0.0  0.00   7  13  00:00    SW  28.7 36.0
25   32.2  39.0 10:53am   25.0 11:53pm  29.4  0.0  0.01  10  20  00:00     S  29.2 73.3
26     30  42.1  2:53pm   21.0  2:53am  28.9  0.0  0.08   6  10  00:00    SW  29.0 57.0
27   34.6  48.9 12:53pm   25.0 12:53am  23.2  0.0  0.00  12  23  00:00     S  28.8 44.6
28   30.4  39.9  1:53pm   28.0  7:53pm  29.8  0.0  0.01  10  20  00:00   ESE  29.0 74.8