NOAA-Style Climate Reports

Select a Year or Month report
2018: Jan Feb Mar Apr May Jun Jul Aug Sep Oct Nov Dec
2017: Jan Feb Mar Apr May Jun Jul Aug Sep Oct Nov Dec
2016: Jan Feb Mar Apr May Jun Jul Aug Sep Oct Nov Dec
2015: Jan Feb Mar Apr May Jun Jul Aug Sep Oct Nov Dec
2014: Jan Feb Mar Apr May Jun Jul Aug Sep Oct Nov Dec
2013: Jan Feb Mar Apr May Jun Jul Aug Sep Oct Nov Dec
2012: Jan Feb Mar Apr May Jun Jul Aug Sep Oct Nov Dec
2011: Jan Feb Mar Apr May Jun Jul Aug Sep Oct Nov Dec
2010: Jan Feb Mar Apr May Jun Jul Aug Sep Oct Nov Dec
2009: Jan Feb Mar Apr May Jun Jul Aug Sep Oct Nov Dec
2008: Jan Feb Mar Apr May Jun Jul Aug Sep Oct Nov Dec
2007: Jan Feb Mar Apr May Jun Jul Aug Sep Oct Nov Dec
2006: Jan Feb Mar Apr May Jun Jul Aug Sep Oct Nov Dec
2005: Jan Feb Mar Apr May Jun Jul Aug Sep Oct Nov Dec
2004: Jan Feb Mar Apr May Jun Jul Aug Sep Oct Nov Dec
2003: Jan Feb Mar Apr May Jun Jul Aug Sep Oct Nov Dec
2002: Jan Feb Mar Apr May Jun Jul Aug Sep Oct Nov Dec
2001: Jan Feb Mar Apr May Jun Jul Aug Sep Oct Nov Dec
2000: Jan Feb Mar Apr May Jun Jul Aug Sep Oct Nov Dec
1999: Jan Feb Mar Apr May Jun Jul Aug Sep Oct Nov Dec
1998: Jan Feb Mar Apr May Jun Jul Aug Sep Oct Nov Dec
1997: Jan Feb Mar Apr May Jun Jul Aug Sep Oct Nov Dec
1996: Jan Feb Mar Apr May Jun Jul Aug Sep Oct Nov Dec
1995: Jan Feb Mar Apr May Jun Jul Aug Sep Oct Nov Dec
1994: Jan Feb Mar Apr May Jun Jul Aug Sep Oct Nov Dec
1993: Jan Feb Mar Apr May Jun Jul Aug Sep Oct Nov Dec
1992: Jan Feb Mar Apr May Jun Jul Aug Sep Oct Nov Dec
1991: Jan Feb Mar Apr May Jun Jul Aug Sep Oct Nov Dec
1990: Jan Feb Mar Apr May Jun Jul Aug Sep Oct Nov Dec
1989: Jan Feb Mar Apr May Jun Jul Aug Sep Oct Nov Dec
1988: Jan Feb Mar Apr May Jun Jul Aug Sep Oct Nov Dec
1987: Jan Feb Mar Apr May Jun Jul Aug Sep Oct Nov Dec
1986: Jan Feb Mar Apr May Jun Jul Aug Sep Oct Nov Dec

Report for 2010 March
                  MONTHLY CLIMATOLOGICAL SUMMARY FOR 3/2010
                                        HEAT  COOL        
     MEAN                               DEG   DEG       WIND SPEED       DOM MEAN  MEAN
DAY  TEMP  HIGH   TIME     LOW   TIME   DAYS  DAYS RAIN AVG  HI  TIME    DIR BAROM HUM
---------------------------------------------------------------------------------------
1    31.3  42.1  2:53pm   27.0  4:53am  28.3  0.0  0.02   5  10  00:00   NNW  29.0 71.4
2    37.5  54.0  2:53pm   26.1  3:53am  19.2  0.0  0.00   7  13  00:00     S  28.9 47.8
3    40.6  55.9  3:53pm   30.0  5:53am  16.7  0.0  0.00   5   8  00:00     S  28.7 45.6
4    40.5  55.9  3:53pm   28.9  2:53am  16.8  0.0  0.00   9  16  00:00   SSE  28.6 47.3
5    34.8  48.0  1:53pm   28.0  4:53am  23.6  0.0  0.00  13  25  00:00     W  28.7 56.1
6    38.3  53.1 12:53pm   26.1  3:53am  19.3  0.0  0.00  10  20  00:00   SSE  28.7 47.9
7    39.2  55.9  3:53pm   28.0  6:53am  17.4  0.0  0.00  10  18  00:00   SSW  28.7 63.2
8    38.6  43.0  3:53pm   37.0  4:53am  24.2  0.0  0.02  12  22  00:00   WNW  28.5 68.6
9    40.6  50.0 11:53am   32.0 11:53pm  19.7  0.0  0.00  10  21  00:00   SSW  28.4 43.2
10   32.2  44.1 12:53pm   25.0  3:53am  26.8  0.0  0.00  13  25  00:00   ENE  28.5 64.1
11   31.5  44.1  2:53pm   21.9  5:53am  27.2  0.0  0.00  13  25  00:00     S  28.7 53.0
12   37.6  53.1  1:53pm   23.0  6:53am  19.6  0.0  0.00  12  23  00:00   ENE  28.8 31.7
13   41.1  57.9  1:53pm   25.0  5:53am  15.5  0.0  0.00  13  24  00:00   SSE  28.6 36.4
14     33  39.0 12:53am   30.9  6:53am  29.0  0.0  0.21  12  23  00:00   WSW  29.4 82.2
15   34.2  48.9  4:53pm   30.0  2:53am  23.4  0.0  0.02   5   9  00:00     S  29.4 70.9
16   42.2  60.1  4:53pm   30.0  3:53am  13.8  0.0  0.00  10  18  00:00   WNW  29.1 37.0
17     48  66.9  2:53pm   33.1  5:53am   7.5  0.0  0.00   7  13  00:00   SSE  28.9 27.7
18   45.2  63.0 11:53am   34.0  4:53am  10.9  0.0  0.00  12  22  00:00    SE  28.7 35.2
19   25.2  34.0 12:53am   21.0  7:53pm  35.4  0.0  0.25  15  29  00:00   ENE  29.4 83.2
20   21.8  33.1  2:53pm   15.1  8:53am  37.5  0.0  0.00   5   9  00:00   WSW  29.4 63.5
21   39.1  59.0  4:53pm   21.0  4:53am  15.9  0.0  0.00   7  13  00:00   WSW  28.9 32.9
22   46.7  64.0  3:53pm   33.1  1:53am   9.6  0.0  0.00  14  27  00:00    SE  28.6 27.1
23   35.9  50.0  1:53pm   26.6 10:32pm  22.0  0.0  1.02  18  36  00:00   WSW  29.0 73.8
24   27.5  35.1  2:53pm   21.9 11:53pm  33.7  0.0  0.16  12  22  00:00    NW  29.2 81.8
25   32.3  45.0  1:53pm   19.9  4:53am  26.3  0.0  0.00   8  15  00:00     S  28.8 55.6
26   34.1  43.0  1:53pm   30.9  8:53am  26.4  0.0  0.10  13  25  00:00   SSW  28.9 70.5
27   34.9  44.1  2:53pm   30.2  5:13am  25.5  0.0  0.04  20  39  00:00     N  29.1 62.1
28   42.5  57.9  3:53pm   28.9 12:53am  14.8  0.0  0.00   7  14  00:00   WSW  28.9 32.8
29   51.2  64.4  5:46pm   36.0  1:53am   7.2  0.0  0.00  13  24  00:00    SW  28.6 21.4
30   60.1  78.1  2:53pm   44.1  4:53am   0.0  4.1  0.00  20  38  00:00    SW  28.3 17.4
31   49.8  63.0  2:53am   41.0  9:53pm   8.6  0.0  0.00  16  31  00:00     W  28.4 41.4