NOAA-Style Climate Reports

Select a Year or Month report
2018: Jan Feb Mar Apr May Jun Jul Aug Sep Oct Nov Dec
2017: Jan Feb Mar Apr May Jun Jul Aug Sep Oct Nov Dec
2016: Jan Feb Mar Apr May Jun Jul Aug Sep Oct Nov Dec
2015: Jan Feb Mar Apr May Jun Jul Aug Sep Oct Nov Dec
2014: Jan Feb Mar Apr May Jun Jul Aug Sep Oct Nov Dec
2013: Jan Feb Mar Apr May Jun Jul Aug Sep Oct Nov Dec
2012: Jan Feb Mar Apr May Jun Jul Aug Sep Oct Nov Dec
2011: Jan Feb Mar Apr May Jun Jul Aug Sep Oct Nov Dec
2010: Jan Feb Mar Apr May Jun Jul Aug Sep Oct Nov Dec
2009: Jan Feb Mar Apr May Jun Jul Aug Sep Oct Nov Dec
2008: Jan Feb Mar Apr May Jun Jul Aug Sep Oct Nov Dec
2007: Jan Feb Mar Apr May Jun Jul Aug Sep Oct Nov Dec
2006: Jan Feb Mar Apr May Jun Jul Aug Sep Oct Nov Dec
2005: Jan Feb Mar Apr May Jun Jul Aug Sep Oct Nov Dec
2004: Jan Feb Mar Apr May Jun Jul Aug Sep Oct Nov Dec
2003: Jan Feb Mar Apr May Jun Jul Aug Sep Oct Nov Dec
2002: Jan Feb Mar Apr May Jun Jul Aug Sep Oct Nov Dec
2001: Jan Feb Mar Apr May Jun Jul Aug Sep Oct Nov Dec
2000: Jan Feb Mar Apr May Jun Jul Aug Sep Oct Nov Dec
1999: Jan Feb Mar Apr May Jun Jul Aug Sep Oct Nov Dec
1998: Jan Feb Mar Apr May Jun Jul Aug Sep Oct Nov Dec
1997: Jan Feb Mar Apr May Jun Jul Aug Sep Oct Nov Dec
1996: Jan Feb Mar Apr May Jun Jul Aug Sep Oct Nov Dec
1995: Jan Feb Mar Apr May Jun Jul Aug Sep Oct Nov Dec
1994: Jan Feb Mar Apr May Jun Jul Aug Sep Oct Nov Dec
1993: Jan Feb Mar Apr May Jun Jul Aug Sep Oct Nov Dec
1992: Jan Feb Mar Apr May Jun Jul Aug Sep Oct Nov Dec
1991: Jan Feb Mar Apr May Jun Jul Aug Sep Oct Nov Dec
1990: Jan Feb Mar Apr May Jun Jul Aug Sep Oct Nov Dec
1989: Jan Feb Mar Apr May Jun Jul Aug Sep Oct Nov Dec
1988: Jan Feb Mar Apr May Jun Jul Aug Sep Oct Nov Dec
1987: Jan Feb Mar Apr May Jun Jul Aug Sep Oct Nov Dec
1986: Jan Feb Mar Apr May Jun Jul Aug Sep Oct Nov Dec

Report for 2010 April
                  MONTHLY CLIMATOLOGICAL SUMMARY FOR 4/2010
                                        HEAT  COOL        
     MEAN                               DEG   DEG       WIND SPEED       DOM MEAN  MEAN
DAY  TEMP  HIGH   TIME     LOW   TIME   DAYS  DAYS RAIN AVG  HI  TIME    DIR BAROM HUM
---------------------------------------------------------------------------------------
1    44.9  62.1  2:53pm   35.1 11:53pm  11.5  0.0  0.00  25  50  00:00   WSW  28.3 39.2
2    35.3  44.1 12:53pm   28.0  5:53am  25.3  0.0  0.00  15  29  00:00   WNW  28.5 22.7
3    42.8  57.0  2:53pm   28.9  4:53am  15.1  0.0  0.00  19  37  00:00   WSW  28.5 25.3
4    43.9  62.1  5:53pm   30.9  4:53am  12.0  0.0  0.00  12  23  00:00   WSW  28.6 34.1
5    48.3  69.1  2:53pm   32.0  6:53am   6.3  0.0  0.00  22  44  00:00   WSW  28.4 34.4
6    38.8  46.9 12:53am   36.0 10:53pm  22.1  0.0  0.02  20  38  00:00     W  28.5 45.7
7    33.2  44.1  3:53pm   28.0  4:53am  26.3  0.0  0.18  16  31  00:00     W  29.3 69.2
8    42.5  61.0  3:53pm   26.1  3:53am  13.2  0.0  0.00   9  17  00:00     S  28.8 38.5
9    48.8  66.0  2:53pm   35.1  3:53am   7.6  0.0  0.00  14  28  00:00   SSW  28.6 29.4
10   41.8  57.0  2:53pm   30.9  5:53am  15.6  0.0  0.00  10  18  00:00   WNW  28.9 54.0
11   53.4  71.1  1:53pm   37.0 12:53am   2.7  0.0  0.00  14  27  00:00     S  28.9 35.8
12   58.5  73.0  2:53pm   48.9  6:53am   0.0  0.8  0.00  23  45  00:00   SSW  28.5 28.6
13   53.7  66.0 12:53pm   44.1 11:53pm   5.1  0.0  0.00  25  48  00:00   WSW  28.4 31.4
14   49.3  66.0  2:53pm   34.0  5:53am   7.3  0.0  0.00  18  35  00:00   SSE  28.8 31.0
15   50.6  63.0  3:53pm   39.9  5:53am   8.2  0.0  0.00   9  18  00:00     S  28.9 43.2
16   44.8  57.9  2:53pm   39.0  6:53am  13.6  0.0  0.00  14  27  00:00     S  29.2 62.0
17   45.1  54.0 11:53am   39.9 11:53pm  15.4  0.0  0.08  14  27  00:00     S  29.1 72.6
18     50  66.0  1:53pm   37.0  5:53am   7.0  0.0  0.00   9  17  00:00   ESE  28.8 48.7
19   53.5  69.1  4:53pm   42.1  3:53am   3.7  0.0  0.00  13  25  00:00    SE  28.8 46.6
20   46.5  54.0  5:53pm   37.9  5:53am  14.7  0.0  0.00  10  20  00:00   WSW  29.0 71.6
21   50.9  64.0  2:53pm   42.8  4:06am   7.5  0.0  0.09  12  22  00:00     S  28.9 71.0
22   46.5  57.0 12:53pm   39.9 11:53pm  13.2  0.0  0.98  18  35  00:00    SW  28.8 81.6
23   36.2  43.0  5:53pm   33.1 11:53am  25.4  0.0  2.39  21  40  00:00    NW  28.8 50.8
24   39.3  52.0  3:53pm   33.1  2:53am  19.3  0.0  0.32  23  45  00:00     W  28.8 69.4
25     43  60.1 12:53pm   32.0 10:20pm  13.4  0.0  0.20  18  36  00:00   SSW  28.9 59.9
26     38  48.9  3:53pm   30.0  4:53am  21.5  0.0  0.00   9  16  00:00   SSE  28.9 62.8
27   48.5  64.0  2:53pm   32.0  5:53am   8.7  0.0  0.00  13  24  00:00   SSE  28.7 49.2
28   60.2  75.9  1:53pm   45.0 11:53pm   0.0  3.1  0.00  24  46  00:00    SW  28.2 26.5
29   36.5  43.0  2:53pm   33.1  6:53am  25.2  0.0  0.01  14  27  00:00    SE  28.5 71.0
30   37.9  48.0 11:53am   27.0  2:53am  22.0  0.0  0.00  16  31  00:00   SSW  28.3 42.9