NOAA-Style Climate Reports

Select a Year or Month report
2018: Jan Feb Mar Apr May Jun Jul Aug Sep Oct Nov Dec
2017: Jan Feb Mar Apr May Jun Jul Aug Sep Oct Nov Dec
2016: Jan Feb Mar Apr May Jun Jul Aug Sep Oct Nov Dec
2015: Jan Feb Mar Apr May Jun Jul Aug Sep Oct Nov Dec
2014: Jan Feb Mar Apr May Jun Jul Aug Sep Oct Nov Dec
2013: Jan Feb Mar Apr May Jun Jul Aug Sep Oct Nov Dec
2012: Jan Feb Mar Apr May Jun Jul Aug Sep Oct Nov Dec
2011: Jan Feb Mar Apr May Jun Jul Aug Sep Oct Nov Dec
2010: Jan Feb Mar Apr May Jun Jul Aug Sep Oct Nov Dec
2009: Jan Feb Mar Apr May Jun Jul Aug Sep Oct Nov Dec
2008: Jan Feb Mar Apr May Jun Jul Aug Sep Oct Nov Dec
2007: Jan Feb Mar Apr May Jun Jul Aug Sep Oct Nov Dec
2006: Jan Feb Mar Apr May Jun Jul Aug Sep Oct Nov Dec
2005: Jan Feb Mar Apr May Jun Jul Aug Sep Oct Nov Dec
2004: Jan Feb Mar Apr May Jun Jul Aug Sep Oct Nov Dec
2003: Jan Feb Mar Apr May Jun Jul Aug Sep Oct Nov Dec
2002: Jan Feb Mar Apr May Jun Jul Aug Sep Oct Nov Dec
2001: Jan Feb Mar Apr May Jun Jul Aug Sep Oct Nov Dec
2000: Jan Feb Mar Apr May Jun Jul Aug Sep Oct Nov Dec
1999: Jan Feb Mar Apr May Jun Jul Aug Sep Oct Nov Dec
1998: Jan Feb Mar Apr May Jun Jul Aug Sep Oct Nov Dec
1997: Jan Feb Mar Apr May Jun Jul Aug Sep Oct Nov Dec
1996: Jan Feb Mar Apr May Jun Jul Aug Sep Oct Nov Dec
1995: Jan Feb Mar Apr May Jun Jul Aug Sep Oct Nov Dec
1994: Jan Feb Mar Apr May Jun Jul Aug Sep Oct Nov Dec
1993: Jan Feb Mar Apr May Jun Jul Aug Sep Oct Nov Dec
1992: Jan Feb Mar Apr May Jun Jul Aug Sep Oct Nov Dec
1991: Jan Feb Mar Apr May Jun Jul Aug Sep Oct Nov Dec
1990: Jan Feb Mar Apr May Jun Jul Aug Sep Oct Nov Dec
1989: Jan Feb Mar Apr May Jun Jul Aug Sep Oct Nov Dec
1988: Jan Feb Mar Apr May Jun Jul Aug Sep Oct Nov Dec
1987: Jan Feb Mar Apr May Jun Jul Aug Sep Oct Nov Dec
1986: Jan Feb Mar Apr May Jun Jul Aug Sep Oct Nov Dec

Report for 2010 May
                  MONTHLY CLIMATOLOGICAL SUMMARY FOR 5/2010
                                        HEAT  COOL        
     MEAN                               DEG   DEG       WIND SPEED       DOM MEAN  MEAN
DAY  TEMP  HIGH   TIME     LOW   TIME   DAYS  DAYS RAIN AVG  HI  TIME    DIR BAROM HUM
---------------------------------------------------------------------------------------
1    40.5  55.0  4:53pm   30.9  2:53am  17.2  0.0  0.00  12  22  00:00   WSW  28.4 47.0
2    38.8  50.0 12:53pm   30.0  5:53am  20.6  0.0  0.00  13  24  00:00   SSW  28.5 58.8
3    47.5  63.0  5:53pm   34.0  1:53am   9.7  0.0  0.00  13  25  00:00   WSW  28.8 40.0
4    58.5  73.0  1:53pm   39.9  1:53am   0.0  0.8  0.00  20  39  00:00    SW  28.6 23.9
5    49.1  64.0  2:53pm   42.1  4:53am   8.4  0.0  0.00  18  35  00:00   SSW  28.6 36.6
6    43.2  55.0  2:53pm   36.0 11:53pm  15.9  0.0  0.00  16  30  00:00    SE  28.3 52.1
7    38.6  51.1  3:53pm   30.0  4:53am  20.1  0.0  0.00   9  16  00:00    SE  29.1 47.3
8    45.1  57.9  1:53pm   33.1  5:53am  13.5  0.0  0.00  14  29  00:00   SSE  28.8 39.1
9    52.2  70.0  3:53pm   37.9  5:53am   3.9  0.0  0.00  12  22  00:00     S  28.6 44.7
10     52  64.9  3:53pm   42.1 11:53pm   6.5  0.0  0.00  17  32  00:00   SSW  28.4 48.9
11   38.1  50.0 12:38pm   32.0 10:53pm  20.9  0.0  0.28  16  30  00:00    SW  28.9 79.0
12   32.8  39.0  1:53pm   30.2  1:38am  29.1  0.0  0.27   7  13  00:00     W  29.0 83.7
13   38.3  48.9  3:53pm   32.0 12:53am  21.4  0.0  0.14   4   7  00:00     S  29.2 75.7
14   44.2  59.0 12:53pm   39.0  1:53am  13.4  0.0  0.07  16  30  00:00     S  29.0 72.4
15   46.1  59.0  1:53pm   37.0  2:53am  12.4  0.0  0.00  12  23  00:00   WNW  28.8 66.4
16   48.1  64.0  3:53pm   35.1  4:53am   8.9  0.0  0.00  11  21  00:00   SSE  28.4 57.3
17   56.5  72.0  2:53pm   44.1  4:53am   0.7  0.0  0.00  16  31  00:00   SSE  28.7 51.7
18   56.9  71.1  2:53pm   46.9 11:53pm   1.0  0.0  0.00  18  36  00:00    SE  28.8 58.3
19   51.1  64.0 11:53am   42.1  1:53am   7.4  0.0  0.09  11  21  00:00     S  28.7 62.5
20   55.6  68.0  3:53pm   48.0  5:53am   3.2  0.0  0.00   9  17  00:00     S  28.6 60.0
21   60.1  77.0  3:53pm   50.0  2:53am   0.0  3.6  0.00  18  36  00:00    SW  28.6 54.4
22   68.4  86.0  1:53pm   48.0 11:53pm   0.0 12.2  0.00  24  47  00:00   SSW  28.2 19.8
23   54.6  73.9  3:53pm   41.0  4:53am   0.7  0.0  0.00  19  37  00:00    SW  28.4 44.8
24   56.9  72.0 10:53am   42.1 11:53pm   0.5  0.0  0.00  33  64  00:00   SSW  28.4 30.9
25   55.3  70.0  2:53pm   45.0 12:53am   2.3  0.0  0.00  17  33  00:00    SE  28.9 39.0
26   60.4  75.9  1:53pm   50.0  2:53am   0.0  3.2  0.00  21  41  00:00   SSW  29.0 59.6
27   69.8  88.0  2:53pm   57.0  4:53am   0.0 13.9  0.00  16  31  00:00   SSW  28.6 41.3
28   73.9  89.6  4:33pm   61.0  3:53am   0.0 16.8  0.00  18  35  00:00   SSW  28.5 24.3
29   65.8  82.9 11:53am   55.0 11:53pm   0.0  9.4  0.00  18  35  00:00   WSW  28.4 34.3
30   56.5  72.0  3:53pm   46.9  5:53am   0.7  0.0  0.00  14  28  00:00    SE  28.8 41.0
31   62.7  79.0  3:53pm   50.0  5:53am   0.0  5.9  0.00  11  21  00:00    SE  28.7 34.7