NOAA-Style Climate Reports

Select a Year or Month report
2018: Jan Feb Mar Apr May Jun Jul Aug Sep Oct Nov Dec
2017: Jan Feb Mar Apr May Jun Jul Aug Sep Oct Nov Dec
2016: Jan Feb Mar Apr May Jun Jul Aug Sep Oct Nov Dec
2015: Jan Feb Mar Apr May Jun Jul Aug Sep Oct Nov Dec
2014: Jan Feb Mar Apr May Jun Jul Aug Sep Oct Nov Dec
2013: Jan Feb Mar Apr May Jun Jul Aug Sep Oct Nov Dec
2012: Jan Feb Mar Apr May Jun Jul Aug Sep Oct Nov Dec
2011: Jan Feb Mar Apr May Jun Jul Aug Sep Oct Nov Dec
2010: Jan Feb Mar Apr May Jun Jul Aug Sep Oct Nov Dec
2009: Jan Feb Mar Apr May Jun Jul Aug Sep Oct Nov Dec
2008: Jan Feb Mar Apr May Jun Jul Aug Sep Oct Nov Dec
2007: Jan Feb Mar Apr May Jun Jul Aug Sep Oct Nov Dec
2006: Jan Feb Mar Apr May Jun Jul Aug Sep Oct Nov Dec
2005: Jan Feb Mar Apr May Jun Jul Aug Sep Oct Nov Dec
2004: Jan Feb Mar Apr May Jun Jul Aug Sep Oct Nov Dec
2003: Jan Feb Mar Apr May Jun Jul Aug Sep Oct Nov Dec
2002: Jan Feb Mar Apr May Jun Jul Aug Sep Oct Nov Dec
2001: Jan Feb Mar Apr May Jun Jul Aug Sep Oct Nov Dec
2000: Jan Feb Mar Apr May Jun Jul Aug Sep Oct Nov Dec
1999: Jan Feb Mar Apr May Jun Jul Aug Sep Oct Nov Dec
1998: Jan Feb Mar Apr May Jun Jul Aug Sep Oct Nov Dec
1997: Jan Feb Mar Apr May Jun Jul Aug Sep Oct Nov Dec
1996: Jan Feb Mar Apr May Jun Jul Aug Sep Oct Nov Dec
1995: Jan Feb Mar Apr May Jun Jul Aug Sep Oct Nov Dec
1994: Jan Feb Mar Apr May Jun Jul Aug Sep Oct Nov Dec
1993: Jan Feb Mar Apr May Jun Jul Aug Sep Oct Nov Dec
1992: Jan Feb Mar Apr May Jun Jul Aug Sep Oct Nov Dec
1991: Jan Feb Mar Apr May Jun Jul Aug Sep Oct Nov Dec
1990: Jan Feb Mar Apr May Jun Jul Aug Sep Oct Nov Dec
1989: Jan Feb Mar Apr May Jun Jul Aug Sep Oct Nov Dec
1988: Jan Feb Mar Apr May Jun Jul Aug Sep Oct Nov Dec
1987: Jan Feb Mar Apr May Jun Jul Aug Sep Oct Nov Dec
1986: Jan Feb Mar Apr May Jun Jul Aug Sep Oct Nov Dec

Report for 2010 June
                  MONTHLY CLIMATOLOGICAL SUMMARY FOR 6/2010
                                        HEAT  COOL        
     MEAN                               DEG   DEG       WIND SPEED       DOM MEAN  MEAN
DAY  TEMP  HIGH   TIME     LOW   TIME   DAYS  DAYS RAIN AVG  HI  TIME    DIR BAROM HUM
---------------------------------------------------------------------------------------
1    63.6  82.0 12:53pm   48.9  5:53am   0.0  7.8  0.00  10  18  00:00    SE  28.6 34.5
2    61.2  75.9  4:53pm   51.1  5:53am   0.0  3.6  0.00   7  13  00:00   SSE  28.6 48.3
3    63.5  78.1  3:53pm   55.0  4:53am   0.0  5.8  0.00   8  15  00:00   SSE  28.6 41.8
4    70.7  89.1  2:53pm   55.0  5:53am   0.0 14.9  0.00   8  15  00:00     S  28.5 34.1
5    69.6  82.9  2:53pm   61.0  6:53am   0.0 11.3  0.00   9  17  00:00   SSE  28.8 44.1
6    69.9  88.0  3:53pm   57.9  2:53am   0.0 14.0  0.00  15  29  00:00   WSW  28.7 52.5
7    72.8  91.9  2:53pm   55.9  4:53am   0.0 17.4  0.00  12  23  00:00     S  28.6 48.4
8    62.1  75.0  2:53pm   57.0  4:53am   0.0  3.6  1.82  16  32  00:00   SSW  29.1 65.2
9    67.8  82.0  3:53pm   55.9  2:53am   0.0  9.9  0.00  12  22  00:00   WSW  28.7 62.0
10   67.4  80.6  4:46pm   60.1  4:53am   0.0  9.0  0.02  16  31  00:00    SE  28.6 56.3
11   59.5  73.0  2:53pm   53.1 11:53pm   0.0  1.3  1.50  14  27  00:00    SW  29.2 74.5
12   46.5  50.0 12:21am   46.0  4:53am  16.7  0.0  1.40  18  35  00:00    SW  29.4 91.8
13   47.6  53.1  2:53pm   46.4  5:19am  14.6  0.0  0.31   8  15  00:00     W  29.1 85.4
14   51.7  64.0  6:53pm   46.0  2:53am   7.1  0.0  0.00  10  18  00:00    SW  28.9 71.7
15   61.7  77.0  4:53pm   48.9 12:53am   0.0  4.4  0.00   7  14  00:00   SSW  28.7 42.6
16   68.6  84.9  2:53pm   57.0  4:53am   0.0 11.8  0.00  15  29  00:00   SSW  28.5 39.0
17   70.3  84.0  3:53pm   61.0 11:53pm   0.0 12.2  0.00  15  29  00:00   SSW  28.5 22.2
18     66  84.9  1:53pm   48.9  4:53am   0.0 10.5  0.00  14  28  00:00     W  28.7 39.8
19   66.2  84.9  2:53pm   57.9  4:53am   0.0 10.6  0.00   7  14  00:00   WSW  28.7 55.8
20   66.3  80.1 12:53pm   57.2  5:31am   0.0  8.2  0.00  11  21  00:00    SE  28.8 59.9
21   66.4  89.1  3:53pm   57.2  4:18am   0.0 12.8  0.00  12  22  00:00   SSW  29.1 64.1
22   69.1  86.0  3:53pm   54.0  3:53am   0.0 12.6  0.00  13  24  00:00   SSE  28.7 39.9
23   63.3  79.0  4:53pm   50.0  5:53am   0.0  6.2  0.00  11  21  00:00   ESE  28.9 42.7
24   72.6  91.0  3:53pm   57.9 12:53am   0.0 16.8  0.00  16  31  00:00     S  28.8 33.4
25   76.1  93.9  2:53pm   59.0  5:53am   0.0 20.0  0.00  21  40  00:00    SW  28.7 24.3
26   68.9  82.9 12:53pm   59.0  7:53pm   0.0 10.9  0.20  17  33  00:00   WSW  28.8 42.8
27   62.6  78.1  1:53pm   53.1  2:53am   0.0  5.4  0.33  14  27  00:00   SSW  28.8 58.9
28   68.7  86.0  3:53pm   55.9  2:53am   0.0 12.4  0.00   6  10  00:00    SE  28.7 38.0
29   70.8  87.1  1:53pm   57.9  5:53am   0.0 14.0  0.00  15  29  00:00   SSW  28.8 34.9
30   72.2  87.1  2:53pm   61.0  5:53am   0.0 14.7  0.00  16  31  00:00     S  28.8 27.1