NOAA-Style Climate Reports

Select a Year or Month report
2018: Jan Feb Mar Apr May Jun Jul Aug Sep Oct Nov Dec
2017: Jan Feb Mar Apr May Jun Jul Aug Sep Oct Nov Dec
2016: Jan Feb Mar Apr May Jun Jul Aug Sep Oct Nov Dec
2015: Jan Feb Mar Apr May Jun Jul Aug Sep Oct Nov Dec
2014: Jan Feb Mar Apr May Jun Jul Aug Sep Oct Nov Dec
2013: Jan Feb Mar Apr May Jun Jul Aug Sep Oct Nov Dec
2012: Jan Feb Mar Apr May Jun Jul Aug Sep Oct Nov Dec
2011: Jan Feb Mar Apr May Jun Jul Aug Sep Oct Nov Dec
2010: Jan Feb Mar Apr May Jun Jul Aug Sep Oct Nov Dec
2009: Jan Feb Mar Apr May Jun Jul Aug Sep Oct Nov Dec
2008: Jan Feb Mar Apr May Jun Jul Aug Sep Oct Nov Dec
2007: Jan Feb Mar Apr May Jun Jul Aug Sep Oct Nov Dec
2006: Jan Feb Mar Apr May Jun Jul Aug Sep Oct Nov Dec
2005: Jan Feb Mar Apr May Jun Jul Aug Sep Oct Nov Dec
2004: Jan Feb Mar Apr May Jun Jul Aug Sep Oct Nov Dec
2003: Jan Feb Mar Apr May Jun Jul Aug Sep Oct Nov Dec
2002: Jan Feb Mar Apr May Jun Jul Aug Sep Oct Nov Dec
2001: Jan Feb Mar Apr May Jun Jul Aug Sep Oct Nov Dec
2000: Jan Feb Mar Apr May Jun Jul Aug Sep Oct Nov Dec
1999: Jan Feb Mar Apr May Jun Jul Aug Sep Oct Nov Dec
1998: Jan Feb Mar Apr May Jun Jul Aug Sep Oct Nov Dec
1997: Jan Feb Mar Apr May Jun Jul Aug Sep Oct Nov Dec
1996: Jan Feb Mar Apr May Jun Jul Aug Sep Oct Nov Dec
1995: Jan Feb Mar Apr May Jun Jul Aug Sep Oct Nov Dec
1994: Jan Feb Mar Apr May Jun Jul Aug Sep Oct Nov Dec
1993: Jan Feb Mar Apr May Jun Jul Aug Sep Oct Nov Dec
1992: Jan Feb Mar Apr May Jun Jul Aug Sep Oct Nov Dec
1991: Jan Feb Mar Apr May Jun Jul Aug Sep Oct Nov Dec
1990: Jan Feb Mar Apr May Jun Jul Aug Sep Oct Nov Dec
1989: Jan Feb Mar Apr May Jun Jul Aug Sep Oct Nov Dec
1988: Jan Feb Mar Apr May Jun Jul Aug Sep Oct Nov Dec
1987: Jan Feb Mar Apr May Jun Jul Aug Sep Oct Nov Dec
1986: Jan Feb Mar Apr May Jun Jul Aug Sep Oct Nov Dec

Report for 2010 July
                  MONTHLY CLIMATOLOGICAL SUMMARY FOR 7/2010
                                        HEAT  COOL        
     MEAN                               DEG   DEG       WIND SPEED       DOM MEAN  MEAN
DAY  TEMP  HIGH   TIME     LOW   TIME   DAYS  DAYS RAIN AVG  HI  TIME    DIR BAROM HUM
---------------------------------------------------------------------------------------
1    73.1  89.1  2:53pm   61.0  4:53am   0.0 16.1  0.00  16  31  00:00     S  28.8 32.6
2    72.3  87.8  1:38pm   61.0  5:53am   0.0 15.1  0.04  14  28  00:00   SSW  28.7 41.5
3    74.2  93.2  3:22pm   63.0  2:53am   0.0 18.7  0.01  12  23  00:00   SSW  28.5 36.5
4    61.4  75.9 12:53pm   51.8 10:26pm   0.0  3.7  3.40  18  36  00:00   SSE  29.1 73.7
5    62.3  79.0  3:53pm   51.1  1:53am   0.0  5.7  0.24   7  13  00:00   SSW  28.8 50.6
6    68.3  84.9  2:53pm   57.0 11:53pm   0.0 11.6  0.14  23  45  00:00     S  28.9 41.4
7      57  66.2  1:37pm   53.1  3:53am   3.4  0.0  0.09  10  18  00:00   WSW  29.2 81.0
8    58.5  69.1  3:53pm   55.9  2:53am   1.2  0.0  0.00   7  13  00:00     W  29.2 74.7
9    62.9  80.1  4:53pm   51.1  4:53am   0.0  6.5  0.03  12  22  00:00     S  29.0 59.5
10   68.1  84.0  1:53pm   57.0  4:53am   0.0 11.1  0.00  20  38  00:00    SW  28.9 44.7
11   67.3  84.0  1:53pm   54.0  3:53am   0.0 10.7  0.23  13  24  00:00   SSW  28.8 45.5
12   71.1  87.1  2:53pm   57.0  5:53am   0.0 14.1  0.00  14  27  00:00   WSW  28.6 35.8
13   76.8  91.9  3:53pm   64.0  5:53am   0.0 19.4  0.00  11  21  00:00   SSW  28.5 27.3
14   73.9  91.9  2:53pm   64.9 10:53pm   0.0 17.9  0.06  13  25  00:00   SSE  28.7 40.8
15   71.7  89.1  4:53pm   60.1  3:53am   0.0 15.4  0.00  13  24  00:00    SE  28.8 51.9
16   75.1  93.0  2:53pm   64.9  4:53am   0.0 19.1  0.00   9  17  00:00   ESE  28.7 29.7
17   77.8  95.0 12:53pm   64.0  1:53am   0.0 21.4  0.00  13  25  00:00   SSE  28.8 22.5
18   74.1  88.0 12:53pm   61.0  4:53am   0.0 16.1  0.00  14  27  00:00   SSE  28.7 35.3
19   75.4  90.0  1:53pm   63.0  2:53am   0.0 17.7  0.00  13  24  00:00     S  28.7 35.1
20   64.7  75.9  3:53pm   60.8  6:59am   0.0  5.3  1.09  16  30  00:00   SSW  29.3 72.4
21   69.9  82.0 12:53pm   63.0 12:53am   0.0 11.0  0.01  12  22  00:00     S  28.8 59.3
22   70.4  84.0 12:53pm   62.0  3:09pm   0.2  0.0  0.01  12  22  00:00   SSW  28.8 54.6
23   73.2  90.0  4:53pm   61.0  5:53am   0.0 16.6  0.00  17  32  00:00     S  28.6 41.5
24   65.7  78.1  4:53pm   61.0  5:53am   0.0  6.9  0.00  16  31  00:00     S  28.6 49.7
25     68  84.9  2:53pm   57.9  6:53am   0.0 11.5  0.00  12  23  00:00     S  28.8 59.2
26   72.8  91.9  4:53pm   57.9  4:53am   0.0 17.4  0.00   9  17  00:00   SSE  28.7 41.1
27   73.7  91.9  1:53pm   64.0  5:53am   0.0 17.8  0.00  16  30  00:00     S  28.7 38.6
28   70.6  84.9  1:53pm   62.1  5:53am   0.0 12.8  0.00  11  21  00:00   SSW  29.1 56.4
29   72.2  90.0  1:53pm   63.0  3:53am   0.0 16.1  0.00   9  17  00:00     W  28.9 50.1
30   69.1  87.1  2:53pm   63.0  9:53pm   0.0 13.1  0.54  17  33  00:00   SSW  28.9 59.0
31   69.6  84.0  2:53pm   61.0  5:53am   0.0 11.8  0.00   7  14  00:00     S  28.7 56.9