NOAA-Style Climate Reports

Select a Year or Month report
2018: Jan Feb Mar Apr May Jun Jul Aug Sep Oct Nov Dec
2017: Jan Feb Mar Apr May Jun Jul Aug Sep Oct Nov Dec
2016: Jan Feb Mar Apr May Jun Jul Aug Sep Oct Nov Dec
2015: Jan Feb Mar Apr May Jun Jul Aug Sep Oct Nov Dec
2014: Jan Feb Mar Apr May Jun Jul Aug Sep Oct Nov Dec
2013: Jan Feb Mar Apr May Jun Jul Aug Sep Oct Nov Dec
2012: Jan Feb Mar Apr May Jun Jul Aug Sep Oct Nov Dec
2011: Jan Feb Mar Apr May Jun Jul Aug Sep Oct Nov Dec
2010: Jan Feb Mar Apr May Jun Jul Aug Sep Oct Nov Dec
2009: Jan Feb Mar Apr May Jun Jul Aug Sep Oct Nov Dec
2008: Jan Feb Mar Apr May Jun Jul Aug Sep Oct Nov Dec
2007: Jan Feb Mar Apr May Jun Jul Aug Sep Oct Nov Dec
2006: Jan Feb Mar Apr May Jun Jul Aug Sep Oct Nov Dec
2005: Jan Feb Mar Apr May Jun Jul Aug Sep Oct Nov Dec
2004: Jan Feb Mar Apr May Jun Jul Aug Sep Oct Nov Dec
2003: Jan Feb Mar Apr May Jun Jul Aug Sep Oct Nov Dec
2002: Jan Feb Mar Apr May Jun Jul Aug Sep Oct Nov Dec
2001: Jan Feb Mar Apr May Jun Jul Aug Sep Oct Nov Dec
2000: Jan Feb Mar Apr May Jun Jul Aug Sep Oct Nov Dec
1999: Jan Feb Mar Apr May Jun Jul Aug Sep Oct Nov Dec
1998: Jan Feb Mar Apr May Jun Jul Aug Sep Oct Nov Dec
1997: Jan Feb Mar Apr May Jun Jul Aug Sep Oct Nov Dec
1996: Jan Feb Mar Apr May Jun Jul Aug Sep Oct Nov Dec
1995: Jan Feb Mar Apr May Jun Jul Aug Sep Oct Nov Dec
1994: Jan Feb Mar Apr May Jun Jul Aug Sep Oct Nov Dec
1993: Jan Feb Mar Apr May Jun Jul Aug Sep Oct Nov Dec
1992: Jan Feb Mar Apr May Jun Jul Aug Sep Oct Nov Dec
1991: Jan Feb Mar Apr May Jun Jul Aug Sep Oct Nov Dec
1990: Jan Feb Mar Apr May Jun Jul Aug Sep Oct Nov Dec
1989: Jan Feb Mar Apr May Jun Jul Aug Sep Oct Nov Dec
1988: Jan Feb Mar Apr May Jun Jul Aug Sep Oct Nov Dec
1987: Jan Feb Mar Apr May Jun Jul Aug Sep Oct Nov Dec
1986: Jan Feb Mar Apr May Jun Jul Aug Sep Oct Nov Dec

Report for 2010 August
                  MONTHLY CLIMATOLOGICAL SUMMARY FOR 8/2010
                                        HEAT  COOL        
     MEAN                               DEG   DEG       WIND SPEED       DOM MEAN  MEAN
DAY  TEMP  HIGH   TIME     LOW   TIME   DAYS  DAYS RAIN AVG  HI  TIME    DIR BAROM HUM
---------------------------------------------------------------------------------------
1      70  86.0 12:53pm   63.0  5:53am   0.0 13.0  0.05  15  29  00:00   WSW  28.7 59.2
2    70.5  87.1  2:53pm   63.0 10:53pm   0.0 13.8  0.05  13  25  00:00   WSW  29.0 53.8
3    68.1  82.9  1:53pm   57.9  4:53am   0.0 10.5  0.00  12  23  00:00    SW  28.8 52.7
4    65.5  84.0  1:53pm   60.8  6:35am   0.0  9.8  2.10  22  43  00:00    SW  29.3 62.0
5    66.9  79.0  2:53pm   60.1  1:53am   0.0  8.0  0.00   8  16  00:00    SW  28.8 53.4
6    67.6  86.0  2:53pm   61.0  4:53am   0.0 11.8  0.00  16  31  00:00   SSW  28.8 53.4
7    72.1  89.1  2:53pm   59.0  5:53am   0.0 15.6  0.00  11  21  00:00   WSW  28.7 43.2
8    67.9  82.9  1:53pm   61.0  5:53am   0.0 10.4  1.46  14  28  00:00   SSW  29.0 59.3
9    66.6  79.0 12:53pm   62.1  3:53am   0.0  7.8  0.09  14  28  00:00    SW  29.0 61.8
10   69.7  84.9  3:53pm   59.0  4:53am   0.0 12.3  0.00   7  13  00:00     S  28.8 42.6
11   73.2  88.0  3:53pm   63.0  4:53am   0.0 15.6  0.00   7  13  00:00   SSW  28.7 32.7
12   70.9  86.0  1:53pm   63.0 11:53pm   0.0 13.5  0.02  23  45  00:00    SW  28.6 37.2
13   69.6  84.9  3:53pm   55.0  5:53am   0.0 12.3  0.00  12  23  00:00   SSE  28.6 32.2
14   64.5  75.9  3:53pm   57.0  7:53am   0.0  5.2  0.00  13  24  00:00     S  28.8 44.6
15   67.2  82.9  2:53pm   60.1  4:53am   0.0 10.1  0.00  11  22  00:00     W  28.8 54.8
16   63.9  77.0  5:53pm   59.0  5:53am   0.0  5.5  0.06  16  31  00:00   SSW  29.1 67.3
17   66.6  86.0  3:53pm   50.0  4:53am   0.0 11.3  0.00  12  23  00:00   SSE  28.8 47.4
18   74.5  91.0  1:53pm   61.0  6:53am   0.0 17.8  0.00  11  21  00:00   SSE  28.8 28.5
19   67.8  82.0  3:53pm   60.1 11:53pm   0.0  9.9  0.15  13  25  00:00   SSW  28.7 48.1
20   68.3  84.9  3:53pm   57.0  3:53am   0.0 11.6  0.00   5   9  00:00   SSW  28.7 38.5
21     73  89.1  2:53pm   60.1  3:53am   0.0 16.1  0.00  17  32  00:00     S  28.7 34.0
22   76.6  93.9  2:53pm   63.0  5:53am   0.0 20.3  0.00  17  33  00:00     S  28.7 31.3
23   71.4  82.9 12:53pm   63.0 10:53pm   0.0 12.2  0.00  14  27  00:00   SSE  28.8 40.2
24   62.5  77.0  3:53pm   57.0  5:53am   0.0  4.8  0.05  13  24  00:00   SSE  29.1 55.0
25   67.4  87.1  4:53pm   54.0  4:53am   0.0 12.3  0.00   9  17  00:00   SSE  28.9 42.1
26   73.3  91.9  3:53pm   59.0  3:53am   0.0 17.6  0.00   9  17  00:00     S  28.8 28.3
27   74.4  91.0  3:53pm   64.0  3:53am   0.0 17.7  0.00  13  25  00:00   SSW  28.6 25.0
28   72.9  88.0 12:53pm   61.0  4:53am   0.0 15.5  0.00  12  24  00:00     S  28.4 25.6
29   71.5  86.0  2:53pm   61.0  3:53am   0.0 13.8  0.00  14  27  00:00    SW  28.4 25.9
30   72.1  84.0 12:53pm   64.0 11:53pm   0.0 13.1  0.00  20  38  00:00    SW  28.6 27.4
31   63.4  80.1  2:53pm   53.1  3:53am   0.0  6.8  0.00  12  22  00:00     S  28.7 41.7