NOAA-Style Climate Reports

Select a Year or Month report
2018: Jan Feb Mar Apr May Jun Jul Aug Sep Oct Nov Dec
2017: Jan Feb Mar Apr May Jun Jul Aug Sep Oct Nov Dec
2016: Jan Feb Mar Apr May Jun Jul Aug Sep Oct Nov Dec
2015: Jan Feb Mar Apr May Jun Jul Aug Sep Oct Nov Dec
2014: Jan Feb Mar Apr May Jun Jul Aug Sep Oct Nov Dec
2013: Jan Feb Mar Apr May Jun Jul Aug Sep Oct Nov Dec
2012: Jan Feb Mar Apr May Jun Jul Aug Sep Oct Nov Dec
2011: Jan Feb Mar Apr May Jun Jul Aug Sep Oct Nov Dec
2010: Jan Feb Mar Apr May Jun Jul Aug Sep Oct Nov Dec
2009: Jan Feb Mar Apr May Jun Jul Aug Sep Oct Nov Dec
2008: Jan Feb Mar Apr May Jun Jul Aug Sep Oct Nov Dec
2007: Jan Feb Mar Apr May Jun Jul Aug Sep Oct Nov Dec
2006: Jan Feb Mar Apr May Jun Jul Aug Sep Oct Nov Dec
2005: Jan Feb Mar Apr May Jun Jul Aug Sep Oct Nov Dec
2004: Jan Feb Mar Apr May Jun Jul Aug Sep Oct Nov Dec
2003: Jan Feb Mar Apr May Jun Jul Aug Sep Oct Nov Dec
2002: Jan Feb Mar Apr May Jun Jul Aug Sep Oct Nov Dec
2001: Jan Feb Mar Apr May Jun Jul Aug Sep Oct Nov Dec
2000: Jan Feb Mar Apr May Jun Jul Aug Sep Oct Nov Dec
1999: Jan Feb Mar Apr May Jun Jul Aug Sep Oct Nov Dec
1998: Jan Feb Mar Apr May Jun Jul Aug Sep Oct Nov Dec
1997: Jan Feb Mar Apr May Jun Jul Aug Sep Oct Nov Dec
1996: Jan Feb Mar Apr May Jun Jul Aug Sep Oct Nov Dec
1995: Jan Feb Mar Apr May Jun Jul Aug Sep Oct Nov Dec
1994: Jan Feb Mar Apr May Jun Jul Aug Sep Oct Nov Dec
1993: Jan Feb Mar Apr May Jun Jul Aug Sep Oct Nov Dec
1992: Jan Feb Mar Apr May Jun Jul Aug Sep Oct Nov Dec
1991: Jan Feb Mar Apr May Jun Jul Aug Sep Oct Nov Dec
1990: Jan Feb Mar Apr May Jun Jul Aug Sep Oct Nov Dec
1989: Jan Feb Mar Apr May Jun Jul Aug Sep Oct Nov Dec
1988: Jan Feb Mar Apr May Jun Jul Aug Sep Oct Nov Dec
1987: Jan Feb Mar Apr May Jun Jul Aug Sep Oct Nov Dec
1986: Jan Feb Mar Apr May Jun Jul Aug Sep Oct Nov Dec

Report for 2010 September
                  MONTHLY CLIMATOLOGICAL SUMMARY FOR 9/2010
                                        HEAT  COOL        
     MEAN                               DEG   DEG       WIND SPEED       DOM MEAN  MEAN
DAY  TEMP  HIGH   TIME     LOW   TIME   DAYS  DAYS RAIN AVG  HI  TIME    DIR BAROM HUM
---------------------------------------------------------------------------------------
1      66  84.9  4:53pm   51.1  5:53am   0.0 10.5  0.00   5   9  00:00   SSE  28.7 31.7
2    56.8  68.0  4:53pm   52.0  2:53am   2.6  0.0  0.00   9  17  00:00   ESE  28.9 42.2
3      59  79.0  4:53pm   45.0  6:53am   0.0  4.0  0.00   6  12  00:00    SE  29.0 34.6
4    70.8  90.0  2:53pm   53.1  1:53am   0.0 15.4  0.00  14  27  00:00    SW  28.7 22.4
5    74.8  91.9  3:53pm   61.0  2:53am   0.0 18.4  0.00  15  29  00:00   WSW  28.4 15.8
6    61.9  73.9 12:53am   51.8 10:53pm   0.0  2.9  0.00  13  24  00:00   ESE  28.6 23.3
7    62.8  81.0  2:53pm   48.9  6:53am   0.0  6.9  0.00  18  36  00:00   SSE  28.8 25.4
8    65.1  81.0  3:53pm   52.0  3:53am   0.0  0.0  0.00  17  32  00:00    SW  28.6 38.4
9    70.6  87.1  2:53pm   59.0  1:53am   0.0 13.9  0.00  18  36  00:00    SW  28.4 28.6
10   60.5  73.9 12:53pm   50.0  5:53am   0.0  2.2  0.00  13  25  00:00    SE  28.6 25.4
11   61.1  80.1  3:53pm   45.0  6:53am   0.0  5.6  0.00   7  13  00:00     S  28.9 24.8
12   64.1  81.0  1:53pm   53.1  5:53am   0.0  7.6  0.00  10  18  00:00     S  28.8 19.6
13   66.5  86.0  3:53pm   55.0  6:53am   0.0 11.3  0.00   5   8  00:00     S  28.8 19.2
14   66.9  84.9 12:53pm   54.0  3:53am   0.0 10.9  0.00   5  10  00:00   SSW  28.7 26.6
15   65.3  82.9  2:53pm   51.1  4:53am   0.0  9.1  0.00  12  23  00:00   SSW  28.7 31.1
16   66.4  84.0  3:53pm   55.0  3:53am   0.0 10.2  0.00  12  23  00:00   SSE  28.8 32.9
17   65.1  86.0  3:53pm   51.1  6:53am   0.0 10.6  0.00  13  24  00:00   WSW  28.7 34.2
18   58.9  73.9  2:53pm   52.0 11:53pm   0.0  1.4  0.01   7  14  00:00   WSW  29.2 65.2
19   70.4  91.9  3:53pm   48.9  3:53am   0.0 16.2  0.00  15  29  00:00    SW  28.7 31.3
20   72.6  88.0 11:53am   57.9  4:53am   0.0 15.3  0.00  24  46  00:00     S  28.8 25.4
21   62.6  82.0  3:53pm   50.0  6:53am   0.0  7.3  0.00  13  24  00:00   WSW  28.7 48.2
22   60.5  81.0 11:53am   51.1  4:53am   0.0  5.8  0.04  13  24  00:00    SW  28.5 53.6
23   59.7  73.9  1:53pm   52.0 11:53pm   0.0  1.8  0.00  16  30  00:00    NW  28.8 53.0
24   60.9  81.0  3:53pm   50.0  2:53am   0.0  6.0  0.00   6  12  00:00   SSW  28.9 26.8
25     59  77.0  3:53pm   46.9  6:53am   0.0  3.0  0.00   6  12  00:00     S  29.0 27.8
26   64.8  86.0  3:53pm   48.9  6:53am   0.0 10.4  0.00   5   8  00:00   SSW  28.9 26.3
27   65.2  80.1  2:53pm   53.1  5:53am   0.0  7.7  0.00  13  24  00:00    SE  28.8 25.8
28   66.8  88.0  3:53pm   53.1  2:53am   0.0 12.4  0.00   6  12  00:00   SSE  28.8 25.0
29   65.9  79.0 12:53pm   57.0  6:53am   0.0  7.5  0.00  14  27  00:00    SE  28.8 26.0
30   58.5  75.0  3:53pm   51.1  6:53am   0.0  1.8  0.00   9  16  00:00     S  28.8 44.9