NOAA-Style Climate Reports

Select a Year or Month report
2018: Jan Feb Mar Apr May Jun Jul Aug Sep Oct Nov Dec
2017: Jan Feb Mar Apr May Jun Jul Aug Sep Oct Nov Dec
2016: Jan Feb Mar Apr May Jun Jul Aug Sep Oct Nov Dec
2015: Jan Feb Mar Apr May Jun Jul Aug Sep Oct Nov Dec
2014: Jan Feb Mar Apr May Jun Jul Aug Sep Oct Nov Dec
2013: Jan Feb Mar Apr May Jun Jul Aug Sep Oct Nov Dec
2012: Jan Feb Mar Apr May Jun Jul Aug Sep Oct Nov Dec
2011: Jan Feb Mar Apr May Jun Jul Aug Sep Oct Nov Dec
2010: Jan Feb Mar Apr May Jun Jul Aug Sep Oct Nov Dec
2009: Jan Feb Mar Apr May Jun Jul Aug Sep Oct Nov Dec
2008: Jan Feb Mar Apr May Jun Jul Aug Sep Oct Nov Dec
2007: Jan Feb Mar Apr May Jun Jul Aug Sep Oct Nov Dec
2006: Jan Feb Mar Apr May Jun Jul Aug Sep Oct Nov Dec
2005: Jan Feb Mar Apr May Jun Jul Aug Sep Oct Nov Dec
2004: Jan Feb Mar Apr May Jun Jul Aug Sep Oct Nov Dec
2003: Jan Feb Mar Apr May Jun Jul Aug Sep Oct Nov Dec
2002: Jan Feb Mar Apr May Jun Jul Aug Sep Oct Nov Dec
2001: Jan Feb Mar Apr May Jun Jul Aug Sep Oct Nov Dec
2000: Jan Feb Mar Apr May Jun Jul Aug Sep Oct Nov Dec
1999: Jan Feb Mar Apr May Jun Jul Aug Sep Oct Nov Dec
1998: Jan Feb Mar Apr May Jun Jul Aug Sep Oct Nov Dec
1997: Jan Feb Mar Apr May Jun Jul Aug Sep Oct Nov Dec
1996: Jan Feb Mar Apr May Jun Jul Aug Sep Oct Nov Dec
1995: Jan Feb Mar Apr May Jun Jul Aug Sep Oct Nov Dec
1994: Jan Feb Mar Apr May Jun Jul Aug Sep Oct Nov Dec
1993: Jan Feb Mar Apr May Jun Jul Aug Sep Oct Nov Dec
1992: Jan Feb Mar Apr May Jun Jul Aug Sep Oct Nov Dec
1991: Jan Feb Mar Apr May Jun Jul Aug Sep Oct Nov Dec
1990: Jan Feb Mar Apr May Jun Jul Aug Sep Oct Nov Dec
1989: Jan Feb Mar Apr May Jun Jul Aug Sep Oct Nov Dec
1988: Jan Feb Mar Apr May Jun Jul Aug Sep Oct Nov Dec
1987: Jan Feb Mar Apr May Jun Jul Aug Sep Oct Nov Dec
1986: Jan Feb Mar Apr May Jun Jul Aug Sep Oct Nov Dec

Report for 2010 October
                  MONTHLY CLIMATOLOGICAL SUMMARY FOR 10/2010
                                        HEAT  COOL        
     MEAN                               DEG   DEG       WIND SPEED       DOM MEAN  MEAN
DAY  TEMP  HIGH   TIME     LOW   TIME   DAYS  DAYS RAIN AVG  HI  TIME    DIR BAROM HUM
---------------------------------------------------------------------------------------
1    60.7  75.9  3:53pm   46.9  6:53am   0.0  3.3  0.00   9  17  00:00     W  28.9 39.7
2    55.9  70.0  4:53pm   48.0  6:53am   2.0  0.0  0.00   6  12  00:00    SW  29.0 48.1
3    60.9  82.0  2:53pm   45.0  3:53am   0.0  6.5  0.00   8  15  00:00     S  28.8 36.9
4    62.2  80.1 12:53pm   48.9  6:53am   0.0  6.2  0.01  17  33  00:00   SSW  28.8 35.4
5    63.2  78.1  1:53pm   52.0  6:53am   0.0  5.7  0.00   6  10  00:00     W  28.8 34.6
6    55.8  66.0  4:53pm   52.0 10:53pm   4.1  0.0  0.00  10  18  00:00     W  29.2 60.7
7    62.8  80.1  1:53pm   52.0  4:53am   0.0  6.5  0.00  12  23  00:00    SW  28.9 40.4
8    57.7  71.1  2:53pm   43.0 10:53pm   0.6  0.0  0.00  24  46  00:00    SW  28.8 31.4
9    49.9  64.0 12:53pm   39.0  4:53am   8.0  0.0  0.00  16  30  00:00    NW  28.9 35.7
10   47.3  53.1  8:53am   45.0 12:53am  14.8  0.0  0.12  11  21  00:00   WNW  29.0 65.6
11   51.6  64.0  3:53pm   46.0  4:53am   7.2  0.0  0.01   9  16  00:00    SE  28.9 60.8
12   44.7  53.1  4:53pm   43.0 12:53am  16.1  0.0  0.32  12  23  00:00     S  29.3 75.2
13   47.7  64.9  3:53pm   36.0  6:53am   8.7  0.0  0.00   4   8  00:00   SSE  29.2 60.6
14   55.2  75.0  3:53pm   41.0  2:53am   0.0  0.1  0.00   5   9  00:00   SSW  29.0 40.0
15   57.3  77.0  3:53pm   43.0  6:53am   0.0  2.2  0.00   4   8  00:00    SE  28.9 29.7
16   50.2  66.9  3:53pm   39.9  4:53am   6.4  0.0  0.00   7  14  00:00   SSE  29.0 41.5
17   56.8  73.9  1:53pm   41.0  7:53am   0.0  0.4  0.00   9  17  00:00     E  28.8 33.8
18   47.1  59.0  1:53pm   41.0  6:53am  11.9  0.0  0.00  12  23  00:00     W  28.8 51.8
19     49  68.0  3:53pm   37.0  6:53am   6.5  0.0  0.00   5   8  00:00   SSW  28.8 46.6
20   51.3  70.0  2:53pm   41.0 12:53am   4.3  0.0  0.00   5   9  00:00    SE  28.9 34.6
21   53.6  69.1 12:53pm   45.0  1:53am   3.6  0.0  0.00  15  29  00:00   SSE  28.7 39.9
22   47.6  55.0 11:53am   42.1 11:53pm  13.7  0.0  0.00  10  18  00:00     W  28.5 64.9
23   47.3  62.1  2:53pm   39.2  3:28am  10.3  0.0  0.00  14  28  00:00     W  28.6 58.1
24   50.9  64.0  1:53pm   41.0  5:53am   7.5  0.0  0.00  12  22  00:00    SW  28.5 36.8
25   47.2  64.0  4:53am   37.9  7:53pm   9.4  0.0  0.22  23  45  00:00   WNW  28.1 39.5
26   37.4  45.0  1:53pm   28.0 11:53pm  23.8  0.0  0.00  21  41  00:00    NW  28.5 30.0
27   34.9  48.0  1:53pm   25.0  3:53am  23.5  0.0  0.00  14  27  00:00   WNW  29.0 34.0
28   41.8  64.0  3:53pm   25.0  1:53am  12.1  0.0  0.00   5   9  00:00   SSW  29.1 23.7
29   54.2  78.1  3:53pm   39.0  2:53am   0.0  1.2  0.00   7  13  00:00   SSW  28.8 19.4
30   54.8  70.0 12:53pm   39.0  5:53am   2.6  0.0  0.00  24  47  00:00     S  28.7 21.9
31   48.8  60.1  2:53pm   39.9  7:53am  10.5  0.0  0.00   7  14  00:00   SSW  28.8 39.8