NOAA-Style Climate Reports

Select a Year or Month report
2018: Jan Feb Mar Apr May Jun Jul Aug Sep Oct Nov Dec
2017: Jan Feb Mar Apr May Jun Jul Aug Sep Oct Nov Dec
2016: Jan Feb Mar Apr May Jun Jul Aug Sep Oct Nov Dec
2015: Jan Feb Mar Apr May Jun Jul Aug Sep Oct Nov Dec
2014: Jan Feb Mar Apr May Jun Jul Aug Sep Oct Nov Dec
2013: Jan Feb Mar Apr May Jun Jul Aug Sep Oct Nov Dec
2012: Jan Feb Mar Apr May Jun Jul Aug Sep Oct Nov Dec
2011: Jan Feb Mar Apr May Jun Jul Aug Sep Oct Nov Dec
2010: Jan Feb Mar Apr May Jun Jul Aug Sep Oct Nov Dec
2009: Jan Feb Mar Apr May Jun Jul Aug Sep Oct Nov Dec
2008: Jan Feb Mar Apr May Jun Jul Aug Sep Oct Nov Dec
2007: Jan Feb Mar Apr May Jun Jul Aug Sep Oct Nov Dec
2006: Jan Feb Mar Apr May Jun Jul Aug Sep Oct Nov Dec
2005: Jan Feb Mar Apr May Jun Jul Aug Sep Oct Nov Dec
2004: Jan Feb Mar Apr May Jun Jul Aug Sep Oct Nov Dec
2003: Jan Feb Mar Apr May Jun Jul Aug Sep Oct Nov Dec
2002: Jan Feb Mar Apr May Jun Jul Aug Sep Oct Nov Dec
2001: Jan Feb Mar Apr May Jun Jul Aug Sep Oct Nov Dec
2000: Jan Feb Mar Apr May Jun Jul Aug Sep Oct Nov Dec
1999: Jan Feb Mar Apr May Jun Jul Aug Sep Oct Nov Dec
1998: Jan Feb Mar Apr May Jun Jul Aug Sep Oct Nov Dec
1997: Jan Feb Mar Apr May Jun Jul Aug Sep Oct Nov Dec
1996: Jan Feb Mar Apr May Jun Jul Aug Sep Oct Nov Dec
1995: Jan Feb Mar Apr May Jun Jul Aug Sep Oct Nov Dec
1994: Jan Feb Mar Apr May Jun Jul Aug Sep Oct Nov Dec
1993: Jan Feb Mar Apr May Jun Jul Aug Sep Oct Nov Dec
1992: Jan Feb Mar Apr May Jun Jul Aug Sep Oct Nov Dec
1991: Jan Feb Mar Apr May Jun Jul Aug Sep Oct Nov Dec
1990: Jan Feb Mar Apr May Jun Jul Aug Sep Oct Nov Dec
1989: Jan Feb Mar Apr May Jun Jul Aug Sep Oct Nov Dec
1988: Jan Feb Mar Apr May Jun Jul Aug Sep Oct Nov Dec
1987: Jan Feb Mar Apr May Jun Jul Aug Sep Oct Nov Dec
1986: Jan Feb Mar Apr May Jun Jul Aug Sep Oct Nov Dec

Report for 2010 November
                  MONTHLY CLIMATOLOGICAL SUMMARY FOR 11/2010
                                        HEAT  COOL        
     MEAN                               DEG   DEG       WIND SPEED       DOM MEAN  MEAN
DAY  TEMP  HIGH   TIME     LOW   TIME   DAYS  DAYS RAIN AVG  HI  TIME    DIR BAROM HUM
---------------------------------------------------------------------------------------
1    44.9  55.9  1:53pm   39.0 10:53pm  14.6  0.0  0.01  10  20  00:00   ENE  29.2 55.5
2    47.5  64.9 12:53pm   33.1  4:53am   8.8  0.0  0.00  10  18  00:00    SE  29.2 43.2
3      46  57.0  2:53pm   37.9  3:53am  13.5  0.0  0.00   6  10  00:00   SSW  29.3 48.7
4    40.7  57.0  3:53pm   28.9  7:53am  16.1  0.0  0.00   6  10  00:00   SSE  29.2 41.6
5    50.5  71.1  2:53pm   35.1  3:53am   4.2  0.0  0.00   5   9  00:00   SSE  28.9 25.0
6    54.8  75.0  3:53pm   41.0  4:53am   0.1  0.0  0.00   5  10  00:00   SSW  28.8 22.2
7    51.4  70.0 11:53am   43.0  9:53pm   4.3  0.0  0.00  17  33  00:00     W  28.6 26.0
8    55.2  73.9  1:53pm   39.9  3:53am   0.4  0.0  0.00  14  27  00:00   SSW  28.4 20.3
9    39.2  57.0 12:53am   26.1 11:53pm  16.9  0.0  0.35  17  33  00:00   SSE  28.7 65.0
10   30.4  41.0  3:53pm   21.9  4:53am  29.3  0.0  0.07   6  12  00:00   SSW  28.7 69.7
11   29.9  33.8 12:07am   28.4 11:18pm  33.1  0.0  0.01   6  13  00:00   NNW  29.4 85.3
12   28.8  42.1  2:53pm   21.2  7:10am  29.5  0.0  0.00   6  10  00:00    SE  29.3 63.5
13   29.5  41.0 12:53pm   24.1  4:53am  29.7  0.0  0.00  10  20  00:00    SE  29.1 64.8
14   29.9  44.1 11:53am   19.4  5:32am  28.0  0.0  0.00  11  21  00:00   SSE  28.9 60.2
15   31.5  39.9  1:53pm   28.4  7:45am  29.3  0.0  0.00  12  23  00:00     W  28.9 73.0
16   35.9  55.9 12:53pm   28.0 12:53am  19.1  0.0  0.04  25  50  00:00   WSW  28.8 63.8
17     31  37.9  1:53pm   26.1  6:53am  30.5  0.0  0.01  12  22  00:00    SE  29.0 60.1
18   49.4  64.0  1:53pm   39.0 12:53am   8.3  0.0  0.00  15  29  00:00    SW  28.8 19.3
19   44.4  63.0 12:53pm   28.0  9:53pm  11.3  0.0  0.00  15  30  00:00    SW  28.5 37.8
20   32.4  54.0  1:53pm   21.9  5:53am  21.8  0.0  0.00   6  10  00:00     W  28.9 74.6
21   33.2  53.1  9:53am   26.1  8:53pm  21.8  0.0  0.00  19  38  00:00   SSW  28.8 66.6
22   29.6  41.0 11:53am   19.9  6:53am  29.7  0.0  0.00  17  32  00:00   WSW  28.8 48.4
23   37.1  53.1  1:53pm   25.0 12:53am  19.9  0.0  0.00  21  40  00:00    SW  28.5 23.0
24   24.3  39.9  1:53am    8.1  9:53pm  32.9  0.0  0.00  13  24  00:00    SE  28.5 46.7
25   22.9  39.0  1:53pm    7.0 12:53am  34.0  0.0  0.00  10  18  00:00   WSW  28.8 22.2
26   32.7  51.1  1:53pm   16.0  4:53am  23.1  0.0  0.00  14  28  00:00   WSW  28.9 35.5
27   40.5  57.9 12:53pm   27.0  2:53am  15.8  0.0  0.00  12  23  00:00   SSW  28.7 28.1
28   37.4  51.1 11:53am   26.6 11:32pm  20.7  0.0  0.01  15  30  00:00   WSW  28.4 42.2
29   22.8  28.9  1:53pm   10.9 11:53pm  39.1  0.0  0.03  20  39  00:00   SSE  28.9 60.9
30   26.7  39.9 11:53am   10.9 12:53am  31.7  0.0  0.00  13  24  00:00     W  28.9 30.3