NOAA-Style Climate Reports

Select a Year or Month report
2018: Jan Feb Mar Apr May Jun Jul Aug Sep Oct Nov Dec
2017: Jan Feb Mar Apr May Jun Jul Aug Sep Oct Nov Dec
2016: Jan Feb Mar Apr May Jun Jul Aug Sep Oct Nov Dec
2015: Jan Feb Mar Apr May Jun Jul Aug Sep Oct Nov Dec
2014: Jan Feb Mar Apr May Jun Jul Aug Sep Oct Nov Dec
2013: Jan Feb Mar Apr May Jun Jul Aug Sep Oct Nov Dec
2012: Jan Feb Mar Apr May Jun Jul Aug Sep Oct Nov Dec
2011: Jan Feb Mar Apr May Jun Jul Aug Sep Oct Nov Dec
2010: Jan Feb Mar Apr May Jun Jul Aug Sep Oct Nov Dec
2009: Jan Feb Mar Apr May Jun Jul Aug Sep Oct Nov Dec
2008: Jan Feb Mar Apr May Jun Jul Aug Sep Oct Nov Dec
2007: Jan Feb Mar Apr May Jun Jul Aug Sep Oct Nov Dec
2006: Jan Feb Mar Apr May Jun Jul Aug Sep Oct Nov Dec
2005: Jan Feb Mar Apr May Jun Jul Aug Sep Oct Nov Dec
2004: Jan Feb Mar Apr May Jun Jul Aug Sep Oct Nov Dec
2003: Jan Feb Mar Apr May Jun Jul Aug Sep Oct Nov Dec
2002: Jan Feb Mar Apr May Jun Jul Aug Sep Oct Nov Dec
2001: Jan Feb Mar Apr May Jun Jul Aug Sep Oct Nov Dec
2000: Jan Feb Mar Apr May Jun Jul Aug Sep Oct Nov Dec
1999: Jan Feb Mar Apr May Jun Jul Aug Sep Oct Nov Dec
1998: Jan Feb Mar Apr May Jun Jul Aug Sep Oct Nov Dec
1997: Jan Feb Mar Apr May Jun Jul Aug Sep Oct Nov Dec
1996: Jan Feb Mar Apr May Jun Jul Aug Sep Oct Nov Dec
1995: Jan Feb Mar Apr May Jun Jul Aug Sep Oct Nov Dec
1994: Jan Feb Mar Apr May Jun Jul Aug Sep Oct Nov Dec
1993: Jan Feb Mar Apr May Jun Jul Aug Sep Oct Nov Dec
1992: Jan Feb Mar Apr May Jun Jul Aug Sep Oct Nov Dec
1991: Jan Feb Mar Apr May Jun Jul Aug Sep Oct Nov Dec
1990: Jan Feb Mar Apr May Jun Jul Aug Sep Oct Nov Dec
1989: Jan Feb Mar Apr May Jun Jul Aug Sep Oct Nov Dec
1988: Jan Feb Mar Apr May Jun Jul Aug Sep Oct Nov Dec
1987: Jan Feb Mar Apr May Jun Jul Aug Sep Oct Nov Dec
1986: Jan Feb Mar Apr May Jun Jul Aug Sep Oct Nov Dec

Report for 2010 December
                  MONTHLY CLIMATOLOGICAL SUMMARY FOR 12/2010
                                        HEAT  COOL        
     MEAN                               DEG   DEG       WIND SPEED       DOM MEAN  MEAN
DAY  TEMP  HIGH   TIME     LOW   TIME   DAYS  DAYS RAIN AVG  HI  TIME    DIR BAROM HUM
---------------------------------------------------------------------------------------
1    40.5  55.9  1:53pm   28.9  2:53am  16.8  0.0  0.00   9  17  00:00   SSW  28.7 38.7
2    41.2  57.9  1:53pm   32.0  4:53am  15.4  0.0  0.00   8  15  00:00   SSE  28.9 41.0
3    48.8  66.9 11:53am   28.0 11:53pm   7.1  0.0  0.00  18  37  00:00    SW  28.6 33.8
4    29.7  41.0  1:53pm   24.1 11:53pm  29.6  0.0  0.00   5   9  00:00    SW  29.0 58.1
5    24.3  30.0  9:53am   23.0 12:53am  37.8  0.0  0.00   5   8  00:00   SSW  28.6 61.9
6      34  52.0  2:53pm   23.0  3:53am  22.0  0.0  0.00   4   8  00:00    SW  29.0 56.3
7    36.2  46.9  2:53pm   28.9  9:53pm  23.4  0.0  0.00   9  16  00:00   SSW  29.0 48.0
8    36.4  53.1  2:53pm   24.1  5:53am  20.2  0.0  0.00   6  12  00:00     S  28.7 33.8
9    41.2  55.0  2:53pm   36.0 12:53am  16.9  0.0  0.00   7  14  00:00     S  28.7 29.6
10   41.4  55.9 11:53am   30.0  4:53am  16.3  0.0  0.00  25  50  00:00   WSW  28.6 35.4
11   29.2  41.0  1:53pm   16.0 11:53pm  29.9  0.0  0.00  16  31  00:00     S  29.0 41.3
12   33.5  52.0  2:53pm   16.0  2:53am  22.2  0.0  0.00  12  22  00:00   WSW  28.9 46.9
13   45.8  61.0  1:53pm   35.1 10:53pm  11.6  0.0  0.00   6  12  00:00   WSW  28.8 24.5
14   46.5  64.0 12:53pm   30.9  1:53am   9.7  0.0  0.00   8  15  00:00   SSE  28.5 23.2
15   36.9  52.0 12:53pm   27.0 11:53pm  20.5  0.0  0.07  15  29  00:00   ESE  28.8 60.4
16   25.8  34.0  1:53pm   21.9  1:53am  35.1  0.0  0.00   9  18  00:00    SE  28.8 56.4
17   22.2  28.9 12:53pm   18.0 11:53pm  39.4  0.0  0.00   5   9  00:00    SW  28.9 69.0
18   23.5  37.9 12:53pm   12.9  5:53am  34.3  0.0  0.00   6  10  00:00    SW  28.7 63.7
19     40  57.9  1:53pm   21.9 12:53am  16.0  0.0  0.00   8  15  00:00   SSW  28.3 49.3
20   42.7  59.0 10:53am   25.0 11:53pm  14.1  0.0  0.00  14  28  00:00     S  28.5 42.5
21   26.8  35.6  2:21pm   19.9 11:53pm  33.8  0.0  0.00   6  10  00:00   WNW  29.0 63.8
22   26.6  44.1  1:53pm   18.0  2:53am  29.6  0.0  0.00   5   9  00:00     S  29.0 69.2
23   30.8  50.0  1:53pm   19.0  6:53am  24.6  0.0  0.00   6  12  00:00   SSE  28.6 67.1
24   31.6  44.1  1:53pm   21.9 11:53pm  27.1  0.0  0.00   6  10  00:00   SSE  29.1 63.3
25   31.1  51.1  1:53pm   16.0  4:53am  23.9  0.0  0.00   5   8  00:00     S  29.1 51.6
26   34.3  55.0 12:53pm   23.0  5:53am  20.3  0.0  0.00   7  13  00:00     S  28.8 42.5
27   33.2  46.9  1:53pm   21.0  6:53am  24.9  0.0  0.00   7  14  00:00    SE  28.8 43.4
28   33.4  51.1  2:53pm   23.0  6:53am  22.7  0.0  0.00  13  25  00:00    SW  28.6 33.6
29   40.7  55.0  1:53pm   28.9 11:53pm  17.1  0.0  0.00  20  38  00:00    SW  28.0 26.4
30   21.2  36.0  3:53am    3.2 10:53pm  36.4  0.0  0.00  11  21  00:00     E  28.3 70.1
31    1.7   5.0  2:53pm   -6.0  9:53pm  61.6  0.0  0.00   7  14  00:00   WNW  28.8 73.7