NOAA-Style Climate Reports

Select a Year or Month report
2018: Jan Feb Mar Apr May Jun Jul Aug Sep Oct Nov Dec
2017: Jan Feb Mar Apr May Jun Jul Aug Sep Oct Nov Dec
2016: Jan Feb Mar Apr May Jun Jul Aug Sep Oct Nov Dec
2015: Jan Feb Mar Apr May Jun Jul Aug Sep Oct Nov Dec
2014: Jan Feb Mar Apr May Jun Jul Aug Sep Oct Nov Dec
2013: Jan Feb Mar Apr May Jun Jul Aug Sep Oct Nov Dec
2012: Jan Feb Mar Apr May Jun Jul Aug Sep Oct Nov Dec
2011: Jan Feb Mar Apr May Jun Jul Aug Sep Oct Nov Dec
2010: Jan Feb Mar Apr May Jun Jul Aug Sep Oct Nov Dec
2009: Jan Feb Mar Apr May Jun Jul Aug Sep Oct Nov Dec
2008: Jan Feb Mar Apr May Jun Jul Aug Sep Oct Nov Dec
2007: Jan Feb Mar Apr May Jun Jul Aug Sep Oct Nov Dec
2006: Jan Feb Mar Apr May Jun Jul Aug Sep Oct Nov Dec
2005: Jan Feb Mar Apr May Jun Jul Aug Sep Oct Nov Dec
2004: Jan Feb Mar Apr May Jun Jul Aug Sep Oct Nov Dec
2003: Jan Feb Mar Apr May Jun Jul Aug Sep Oct Nov Dec
2002: Jan Feb Mar Apr May Jun Jul Aug Sep Oct Nov Dec
2001: Jan Feb Mar Apr May Jun Jul Aug Sep Oct Nov Dec
2000: Jan Feb Mar Apr May Jun Jul Aug Sep Oct Nov Dec
1999: Jan Feb Mar Apr May Jun Jul Aug Sep Oct Nov Dec
1998: Jan Feb Mar Apr May Jun Jul Aug Sep Oct Nov Dec
1997: Jan Feb Mar Apr May Jun Jul Aug Sep Oct Nov Dec
1996: Jan Feb Mar Apr May Jun Jul Aug Sep Oct Nov Dec
1995: Jan Feb Mar Apr May Jun Jul Aug Sep Oct Nov Dec
1994: Jan Feb Mar Apr May Jun Jul Aug Sep Oct Nov Dec
1993: Jan Feb Mar Apr May Jun Jul Aug Sep Oct Nov Dec
1992: Jan Feb Mar Apr May Jun Jul Aug Sep Oct Nov Dec
1991: Jan Feb Mar Apr May Jun Jul Aug Sep Oct Nov Dec
1990: Jan Feb Mar Apr May Jun Jul Aug Sep Oct Nov Dec
1989: Jan Feb Mar Apr May Jun Jul Aug Sep Oct Nov Dec
1988: Jan Feb Mar Apr May Jun Jul Aug Sep Oct Nov Dec
1987: Jan Feb Mar Apr May Jun Jul Aug Sep Oct Nov Dec
1986: Jan Feb Mar Apr May Jun Jul Aug Sep Oct Nov Dec

Report for 2011 January
                  MONTHLY CLIMATOLOGICAL SUMMARY FOR 1/2011
                                        HEAT  COOL        
     MEAN                               DEG   DEG       WIND SPEED       DOM MEAN  MEAN
DAY  TEMP  HIGH   TIME     LOW   TIME   DAYS  DAYS RAIN AVG  HI  TIME    DIR BAROM HUM
---------------------------------------------------------------------------------------
1     8.3  18.0  1:53pm   -2.0  6:53am  51.8  0.0  0.01   6  12  00:00    SW  28.9 48.8
2    25.2  37.0  1:53pm   16.0 12:53am  33.9  0.0  0.08  11  21  00:00   SSW  28.8 36.3
3    20.3  30.0 10:53am   16.0  5:53am  39.8  0.0  0.00   7  13  00:00    SE  28.8 60.1
4    24.2  41.0  1:53pm   12.0  1:53am  32.4  0.0  0.00   6  10  00:00   SSW  28.8 52.1
5    32.5  44.1 11:53am   21.9 11:53pm  26.7  0.0  0.00  21  40  00:00    NW  28.8 40.2
6    37.3  54.0  1:53pm   21.9  2:53am  19.3  0.0  0.00   7  13  00:00   WSW  28.9 40.4
7    32.8  46.0  2:53pm   26.1  6:53am  25.6  0.0  0.00   7  13  00:00   SSE  28.8 61.4
8    35.8  55.0 12:53pm   23.0  6:53am  19.6  0.0  0.00  10  18  00:00     S  28.5 59.9
9      23  35.6 12:36am   10.9 10:53pm  35.7  0.0  0.00   6  12  00:00     E  29.2 87.2
10    5.7  12.0  1:53pm   -4.0 11:53pm  56.1  0.0  0.00   9  17  00:00     S  29.2 75.1
11    7.6  21.9  1:53pm   -0.9  6:53am  50.2  0.0  0.05   6  12  00:00     S  29.3 56.2
12   18.8  37.9  1:53pm    1.0 12:53am  36.6  0.0  0.11   5   9  00:00   SSW  29.2 62.5
13   36.1  48.9  3:53pm   28.9 11:53pm  22.5  0.0  0.00   8  15  00:00    SW  28.9 49.0
14     36  48.0 12:53pm   28.9 10:53pm  23.0  0.0  0.00   4   7  00:00    SW  29.0 52.0
15   33.9  46.9 11:53am   26.1  3:53am  24.6  0.0  0.00   5   8  00:00     S  29.0 54.0
16   39.2  51.1  8:53pm   25.0  3:53am  19.8  0.0  0.00  13  25  00:00    SW  28.6 46.1
17   44.3  52.0 12:53pm   36.0 11:53pm  16.8  0.0  0.00  17  33  00:00     W  28.4 45.2
18   38.2  50.0  1:53pm   30.9 12:53am  20.9  0.0  0.00  14  27  00:00    SW  28.5 39.1
19   22.8  41.0  1:53pm    9.0 11:53pm  33.1  0.0  0.00  21  41  00:00   WSW  29.1 77.5
20     23  39.0  3:53pm   10.0 12:53am  34.0  0.0  0.00   9  16  00:00     S  29.0 62.5
21   34.1  43.0  2:53pm   28.9  8:53pm  26.4  0.0  0.00  16  30  00:00   WNW  28.7 37.6
22   35.5  45.0 10:53am   28.9  9:53pm  24.7  0.0  0.00  21  41  00:00    NW  28.6 37.1
23     31  46.0 12:53pm   17.1  5:53am  26.5  0.0  0.00  12  23  00:00     W  28.7 39.0
24   28.2  36.0  1:53pm   19.9 11:53pm  32.9  0.0  0.00  15  29  00:00   ESE  28.9 44.2
25   29.3  42.1  3:53pm   18.0  6:53am  29.3  0.0  0.00   5   9  00:00    SE  29.1 51.0
26   33.5  43.0  1:53pm   30.0  5:53am  26.7  0.0  0.00   6  12  00:00     W  28.9 49.2
27   39.5  55.0  1:53pm   30.0  7:53am  17.7  0.0  0.00   7  14  00:00     S  28.9 31.3
28   47.4  66.9  1:53pm   37.0  9:53pm   7.8  0.0  0.00   9  17  00:00    SW  28.7 24.7
29   40.4  60.1 11:53am   32.0  9:53pm  14.7  0.0  0.00   9  17  00:00     S  28.7 39.5
30   32.9  45.0 11:53am   24.1 11:53pm  26.0  0.0  0.00   5  10  00:00   WNW  28.7 60.7
31   12.4  27.0  1:53am   -2.9 11:53pm  45.3  0.0  0.00   8  15  00:00    NE  29.4 83.2