NOAA-Style Climate Reports

Select a Year or Month report
2018: Jan Feb Mar Apr May Jun Jul Aug Sep Oct Nov Dec
2017: Jan Feb Mar Apr May Jun Jul Aug Sep Oct Nov Dec
2016: Jan Feb Mar Apr May Jun Jul Aug Sep Oct Nov Dec
2015: Jan Feb Mar Apr May Jun Jul Aug Sep Oct Nov Dec
2014: Jan Feb Mar Apr May Jun Jul Aug Sep Oct Nov Dec
2013: Jan Feb Mar Apr May Jun Jul Aug Sep Oct Nov Dec
2012: Jan Feb Mar Apr May Jun Jul Aug Sep Oct Nov Dec
2011: Jan Feb Mar Apr May Jun Jul Aug Sep Oct Nov Dec
2010: Jan Feb Mar Apr May Jun Jul Aug Sep Oct Nov Dec
2009: Jan Feb Mar Apr May Jun Jul Aug Sep Oct Nov Dec
2008: Jan Feb Mar Apr May Jun Jul Aug Sep Oct Nov Dec
2007: Jan Feb Mar Apr May Jun Jul Aug Sep Oct Nov Dec
2006: Jan Feb Mar Apr May Jun Jul Aug Sep Oct Nov Dec
2005: Jan Feb Mar Apr May Jun Jul Aug Sep Oct Nov Dec
2004: Jan Feb Mar Apr May Jun Jul Aug Sep Oct Nov Dec
2003: Jan Feb Mar Apr May Jun Jul Aug Sep Oct Nov Dec
2002: Jan Feb Mar Apr May Jun Jul Aug Sep Oct Nov Dec
2001: Jan Feb Mar Apr May Jun Jul Aug Sep Oct Nov Dec
2000: Jan Feb Mar Apr May Jun Jul Aug Sep Oct Nov Dec
1999: Jan Feb Mar Apr May Jun Jul Aug Sep Oct Nov Dec
1998: Jan Feb Mar Apr May Jun Jul Aug Sep Oct Nov Dec
1997: Jan Feb Mar Apr May Jun Jul Aug Sep Oct Nov Dec
1996: Jan Feb Mar Apr May Jun Jul Aug Sep Oct Nov Dec
1995: Jan Feb Mar Apr May Jun Jul Aug Sep Oct Nov Dec
1994: Jan Feb Mar Apr May Jun Jul Aug Sep Oct Nov Dec
1993: Jan Feb Mar Apr May Jun Jul Aug Sep Oct Nov Dec
1992: Jan Feb Mar Apr May Jun Jul Aug Sep Oct Nov Dec
1991: Jan Feb Mar Apr May Jun Jul Aug Sep Oct Nov Dec
1990: Jan Feb Mar Apr May Jun Jul Aug Sep Oct Nov Dec
1989: Jan Feb Mar Apr May Jun Jul Aug Sep Oct Nov Dec
1988: Jan Feb Mar Apr May Jun Jul Aug Sep Oct Nov Dec
1987: Jan Feb Mar Apr May Jun Jul Aug Sep Oct Nov Dec
1986: Jan Feb Mar Apr May Jun Jul Aug Sep Oct Nov Dec

Report for 2011 February
                  MONTHLY CLIMATOLOGICAL SUMMARY FOR 2/2011
                                        HEAT  COOL        
     MEAN                               DEG   DEG       WIND SPEED       DOM MEAN  MEAN
DAY  TEMP  HIGH   TIME     LOW   TIME   DAYS  DAYS RAIN AVG  HI  TIME    DIR BAROM HUM
---------------------------------------------------------------------------------------
1    -8.4  -4.0 12:53am  -13.0  6:45am  71.2  0.0  0.00  10  21  00:00   ENE  29.8 69.3
2    -5.1   5.0  2:53pm  -16.1  6:53am  65.0  0.0  0.00   5   8  00:00   SSE  29.4 61.4
3      17  28.9 10:53pm   -4.0  1:53am  42.0  0.0  0.05   6  12  00:00   WNW  29.3 66.6
4    28.4  37.9 11:53am   16.0  5:53am  31.8  0.0  0.08  12  23  00:00   WNW  29.1 71.6
5    30.7  39.9  5:53am   26.1 11:53pm  29.7  0.0  0.02  14  27  00:00   SSW  29.1 78.0
6    21.7  26.6 12:05am   10.9 11:53pm  40.8  0.0  0.00  10  18  00:00    SE  29.3 74.7
7    22.4  39.0  2:53pm    8.1  2:53am  34.3  0.0  0.00  21  40  00:00   SSE  28.9 66.8
8     1.5   8.6 12:08am   -4.0 11:53pm  59.9  0.0  0.00  20  38  00:00   ESE  29.5 75.9
9     4.5  19.0  3:53pm  -11.0  4:53am  53.2  0.0  0.04   5   9  00:00   SSW  29.3 58.8
10   18.7  34.0  1:53pm    3.9 12:53am  38.6  0.0  0.05  10  18  00:00    SW  28.9 47.0
11   25.2  37.9  1:53pm    9.0  3:53am  33.4  0.0  0.00   7  13  00:00   SSE  29.1 45.6
12   40.4  51.1  1:53pm   30.0  2:53am  19.2  0.0  0.00  12  22  00:00     W  28.9 28.7
13   45.9  62.1  2:53pm   37.0  1:53am  11.0  0.0  0.00  11  21  00:00   SSW  28.8 25.4
14   40.4  52.0  4:53pm   36.0  5:53am  18.8  0.0  0.00  18  35  00:00   SSE  28.8 42.4
15   45.8  62.1  1:53pm   35.1  4:53am  11.0  0.0  0.00  10  18  00:00   SSW  28.7 29.8
16   48.6  61.0 12:53pm   39.0 12:53am  10.2  0.0  0.00  21  40  00:00   WSW  28.4 24.6
17   39.5  52.0  3:53pm   28.0 11:53pm  19.2  0.0  0.00  12  23  00:00     S  28.4 35.0
18   35.9  51.1  1:53pm   24.1  1:53am  21.5  0.0  0.00  15  29  00:00     S  28.7 41.0
19   45.3  64.0  1:53pm   32.0  3:53am  10.3  0.0  0.00  17  33  00:00    SW  28.5 41.8
20   34.9  46.0 12:53am   19.4 10:36pm  24.5  0.0  0.00  22  44  00:00     W  28.5 42.0
21   28.5  45.0  2:53pm   15.1  5:53am  28.2  0.0  0.00  14  28  00:00    SW  28.7 49.6
22   35.8  53.1  1:53pm   19.0  5:53am  20.5  0.0  0.00   6  13  00:00   SSW  28.6 24.9
23   38.7  52.0  1:53pm   28.9  3:53am  19.6  0.0  0.00  17  32  00:00   SSE  28.6 27.3
24   28.8  42.1  3:53pm   21.0 10:53pm  29.5  0.0  0.00   9  17  00:00   WSW  28.8 59.3
25   19.8  27.0 11:53pm   17.1  6:53am  41.6  0.0  0.00   6  12  00:00    SE  28.9 83.1
26   43.2  54.0 12:53pm   35.1 12:53am  16.4  0.0  0.00  17  33  00:00   WSW  28.4 30.8
27   36.9  46.0 10:53am   25.0 10:53pm  23.5  0.0  0.00  19  37  00:00   SSW  28.4 35.3
28   43.2  62.1 12:53pm   23.0  3:53am  12.3  0.0  0.00  19  37  00:00    SW  28.8 24.2