NOAA-Style Climate Reports

Select a Year or Month report
2018: Jan Feb Mar Apr May Jun Jul Aug Sep Oct Nov Dec
2017: Jan Feb Mar Apr May Jun Jul Aug Sep Oct Nov Dec
2016: Jan Feb Mar Apr May Jun Jul Aug Sep Oct Nov Dec
2015: Jan Feb Mar Apr May Jun Jul Aug Sep Oct Nov Dec
2014: Jan Feb Mar Apr May Jun Jul Aug Sep Oct Nov Dec
2013: Jan Feb Mar Apr May Jun Jul Aug Sep Oct Nov Dec
2012: Jan Feb Mar Apr May Jun Jul Aug Sep Oct Nov Dec
2011: Jan Feb Mar Apr May Jun Jul Aug Sep Oct Nov Dec
2010: Jan Feb Mar Apr May Jun Jul Aug Sep Oct Nov Dec
2009: Jan Feb Mar Apr May Jun Jul Aug Sep Oct Nov Dec
2008: Jan Feb Mar Apr May Jun Jul Aug Sep Oct Nov Dec
2007: Jan Feb Mar Apr May Jun Jul Aug Sep Oct Nov Dec
2006: Jan Feb Mar Apr May Jun Jul Aug Sep Oct Nov Dec
2005: Jan Feb Mar Apr May Jun Jul Aug Sep Oct Nov Dec
2004: Jan Feb Mar Apr May Jun Jul Aug Sep Oct Nov Dec
2003: Jan Feb Mar Apr May Jun Jul Aug Sep Oct Nov Dec
2002: Jan Feb Mar Apr May Jun Jul Aug Sep Oct Nov Dec
2001: Jan Feb Mar Apr May Jun Jul Aug Sep Oct Nov Dec
2000: Jan Feb Mar Apr May Jun Jul Aug Sep Oct Nov Dec
1999: Jan Feb Mar Apr May Jun Jul Aug Sep Oct Nov Dec
1998: Jan Feb Mar Apr May Jun Jul Aug Sep Oct Nov Dec
1997: Jan Feb Mar Apr May Jun Jul Aug Sep Oct Nov Dec
1996: Jan Feb Mar Apr May Jun Jul Aug Sep Oct Nov Dec
1995: Jan Feb Mar Apr May Jun Jul Aug Sep Oct Nov Dec
1994: Jan Feb Mar Apr May Jun Jul Aug Sep Oct Nov Dec
1993: Jan Feb Mar Apr May Jun Jul Aug Sep Oct Nov Dec
1992: Jan Feb Mar Apr May Jun Jul Aug Sep Oct Nov Dec
1991: Jan Feb Mar Apr May Jun Jul Aug Sep Oct Nov Dec
1990: Jan Feb Mar Apr May Jun Jul Aug Sep Oct Nov Dec
1989: Jan Feb Mar Apr May Jun Jul Aug Sep Oct Nov Dec
1988: Jan Feb Mar Apr May Jun Jul Aug Sep Oct Nov Dec
1987: Jan Feb Mar Apr May Jun Jul Aug Sep Oct Nov Dec
1986: Jan Feb Mar Apr May Jun Jul Aug Sep Oct Nov Dec

Report for 2011 March
                  MONTHLY CLIMATOLOGICAL SUMMARY FOR 3/2011
                                        HEAT  COOL        
     MEAN                               DEG   DEG       WIND SPEED       DOM MEAN  MEAN
DAY  TEMP  HIGH   TIME     LOW   TIME   DAYS  DAYS RAIN AVG  HI  TIME    DIR BAROM HUM
---------------------------------------------------------------------------------------
1      43  62.1  2:53pm   33.1  6:53am  12.4  0.0  0.00  11  21  00:00    SE  28.7 16.2
2    42.9  60.1  3:53pm   28.9  6:53am  13.5  0.0  0.00   9  17  00:00    SE  28.7 26.3
3    44.8  62.1 12:53pm   36.0  5:53am  11.5  0.0  0.00  13  24  00:00   SSW  28.7 42.1
4    34.2  43.0  2:53pm   21.0 11:53pm  26.4  0.0  0.03  16  30  00:00     E  29.1 68.3
5    35.4  53.1  1:53pm   19.9  1:53am  20.7  0.0  0.00  11  21  00:00     S  28.9 31.0
6    37.2  52.0 11:53am   30.0  4:53am  20.4  0.0  0.02  13  24  00:00   WSW  28.7 49.3
7    23.1  30.2  1:01am   21.0  7:53am  38.3  0.0  0.00   5  10  00:00    SE  29.0 88.3
8    22.2  30.9  2:53pm   19.4  4:38am  38.4  0.0  0.02   6  12  00:00   WNW  29.1 82.9
9    36.2  51.1  1:53pm   21.9  1:53am  21.3  0.0  0.00  14  28  00:00    SW  29.1 34.4
10   47.3  66.9  3:53pm   30.0  1:53am   7.9  0.0  0.00  13  24  00:00    SW  29.0 23.4
11     51  69.1  2:53pm   39.9 11:53pm   4.9  0.0  0.00  14  28  00:00    SW  28.6 20.7
12   41.6  57.9 11:53am   30.9  4:53am  15.2  0.0  0.00  13  24  00:00    SE  28.7 41.0
13   38.2  53.1  4:53pm   32.0  4:53am  19.3  0.0  0.02  12  22  00:00   WSW  29.3 63.7
14   44.8  64.9  4:53pm   28.0  3:53am  10.1  0.0  0.00  11  21  00:00   SSE  28.8 29.3
15   42.6  57.9  5:53pm   30.0  6:53am  14.7  0.0  0.00   7  13  00:00     S  28.7 43.7
16   55.7  73.0  4:53pm   39.9  2:53am   0.6  0.0  0.00  14  27  00:00   WSW  28.5 21.7
17   44.2  61.0 12:53am   32.0 11:30pm  12.4  0.0  0.00  17  32  00:00    SE  28.9 43.7
18   36.6  54.0  2:53pm   28.9  6:53am  19.7  0.0  0.00  19  37  00:00   SSW  29.3 67.5
19   50.2  71.1  2:53pm   35.1  6:53am   4.3  0.0  0.00  20  39  00:00   SSW  28.4 26.3
20   53.1  64.9  2:53pm   43.0  3:53am   6.0  0.0  0.00  13  25  00:00    SW  28.4 11.1
21   53.5  73.0  2:53pm   36.0  6:53am   1.7  0.0  0.00  25  50  00:00   SSW  28.4 15.1
22   44.9  53.1  1:53am   39.9  5:53am  16.0  0.0  0.00  22  43  00:00     W  28.4 24.1
23   40.9  57.0  3:53pm   28.0  5:53am  16.0  0.0  0.00  14  27  00:00     S  28.7 21.6
24   37.6  54.0  1:53pm   28.9  6:53am  19.2  0.0  0.00  17  32  00:00   SSW  28.6 39.3
25   44.3  57.9 12:53pm   28.9  5:53am  13.9  0.0  0.00  14  28  00:00     W  28.4 25.8
26   37.8  52.0  3:53pm   25.0  6:53am  20.1  0.0  0.00  12  23  00:00     S  28.5 39.8
27   40.9  53.1  2:53pm   35.1  6:53am  18.0  0.0  0.00  12  23  00:00   SSW  28.4 47.5
28   36.8  50.0  2:53pm   30.2  5:00am  21.6  0.0  0.09  14  28  00:00    SW  28.9 70.5
29   35.1  46.9  4:53pm   30.0  6:53am  24.0  0.0  0.01   6  12  00:00   SSE  29.1 62.4
30   42.4  54.0  2:53pm   32.0  5:53am  16.8  0.0  0.00  18  36  00:00   WNW  28.6 37.8
31   55.1  66.0  2:53pm   48.9  1:53am   4.4  0.0  0.00  23  45  00:00   NNW  28.6 28.2