NOAA-Style Climate Reports

Select a Year or Month report
2018: Jan Feb Mar Apr May Jun Jul Aug Sep Oct Nov Dec
2017: Jan Feb Mar Apr May Jun Jul Aug Sep Oct Nov Dec
2016: Jan Feb Mar Apr May Jun Jul Aug Sep Oct Nov Dec
2015: Jan Feb Mar Apr May Jun Jul Aug Sep Oct Nov Dec
2014: Jan Feb Mar Apr May Jun Jul Aug Sep Oct Nov Dec
2013: Jan Feb Mar Apr May Jun Jul Aug Sep Oct Nov Dec
2012: Jan Feb Mar Apr May Jun Jul Aug Sep Oct Nov Dec
2011: Jan Feb Mar Apr May Jun Jul Aug Sep Oct Nov Dec
2010: Jan Feb Mar Apr May Jun Jul Aug Sep Oct Nov Dec
2009: Jan Feb Mar Apr May Jun Jul Aug Sep Oct Nov Dec
2008: Jan Feb Mar Apr May Jun Jul Aug Sep Oct Nov Dec
2007: Jan Feb Mar Apr May Jun Jul Aug Sep Oct Nov Dec
2006: Jan Feb Mar Apr May Jun Jul Aug Sep Oct Nov Dec
2005: Jan Feb Mar Apr May Jun Jul Aug Sep Oct Nov Dec
2004: Jan Feb Mar Apr May Jun Jul Aug Sep Oct Nov Dec
2003: Jan Feb Mar Apr May Jun Jul Aug Sep Oct Nov Dec
2002: Jan Feb Mar Apr May Jun Jul Aug Sep Oct Nov Dec
2001: Jan Feb Mar Apr May Jun Jul Aug Sep Oct Nov Dec
2000: Jan Feb Mar Apr May Jun Jul Aug Sep Oct Nov Dec
1999: Jan Feb Mar Apr May Jun Jul Aug Sep Oct Nov Dec
1998: Jan Feb Mar Apr May Jun Jul Aug Sep Oct Nov Dec
1997: Jan Feb Mar Apr May Jun Jul Aug Sep Oct Nov Dec
1996: Jan Feb Mar Apr May Jun Jul Aug Sep Oct Nov Dec
1995: Jan Feb Mar Apr May Jun Jul Aug Sep Oct Nov Dec
1994: Jan Feb Mar Apr May Jun Jul Aug Sep Oct Nov Dec
1993: Jan Feb Mar Apr May Jun Jul Aug Sep Oct Nov Dec
1992: Jan Feb Mar Apr May Jun Jul Aug Sep Oct Nov Dec
1991: Jan Feb Mar Apr May Jun Jul Aug Sep Oct Nov Dec
1990: Jan Feb Mar Apr May Jun Jul Aug Sep Oct Nov Dec
1989: Jan Feb Mar Apr May Jun Jul Aug Sep Oct Nov Dec
1988: Jan Feb Mar Apr May Jun Jul Aug Sep Oct Nov Dec
1987: Jan Feb Mar Apr May Jun Jul Aug Sep Oct Nov Dec
1986: Jan Feb Mar Apr May Jun Jul Aug Sep Oct Nov Dec

Report for 2011 April
                  MONTHLY CLIMATOLOGICAL SUMMARY FOR 4/2011
                                        HEAT  COOL        
     MEAN                               DEG   DEG       WIND SPEED       DOM MEAN  MEAN
DAY  TEMP  HIGH   TIME     LOW   TIME   DAYS  DAYS RAIN AVG  HI  TIME    DIR BAROM HUM
---------------------------------------------------------------------------------------
1    53.1  66.9  4:53pm   48.0  6:53am   5.0  0.0  0.00  14  27  00:00   SSW  28.6 31.9
2    61.2  81.0  1:53pm   42.1  3:53am   0.0  6.1  0.00  20  39  00:00    SW  28.4 19.6
3    39.7  66.0 12:53am   28.0 10:53pm  12.1  0.0  0.28  30  60  00:00     E  29.0 65.8
4    33.8  48.9  3:53pm   19.0  6:53am  23.6  0.0  0.16   9  17  00:00     W  28.9 46.6
5    56.1  73.0  3:53pm   39.9  2:53am   0.4  0.0  0.00  21  40  00:00     W  28.6 24.7
6    42.5  50.0  1:53am   37.9  8:53am  18.7  0.0  0.08  14  28  00:00   ESE  28.9 60.6
7    43.6  57.0  4:53pm   36.0  6:53am  14.7  0.0  0.00   7  14  00:00   SSW  28.7 63.7
8    56.3  71.1  3:53pm   48.0 11:53pm   1.3  0.0  0.00  22  43  00:00    SW  28.3 19.8
9      50  72.0  2:53pm   37.9  5:53am   4.0  0.0  0.00  22  43  00:00   SSW  28.4 41.3
10   41.2  53.1  1:53pm   34.0  5:53am  17.8  0.0  0.00  16  30  00:00    SW  28.7 43.1
11   45.6  64.0  3:53pm   30.0  5:53am  10.2  0.0  0.00  13  25  00:00    SW  28.8 23.8
12   49.2  61.0  2:53pm   36.0  4:53am   9.9  0.0  0.00  13  25  00:00    SE  28.6 23.9
13   41.1  50.0  3:53pm   34.0  6:53am  19.4  0.0  0.24   6  12  00:00    SW  29.0 68.6
14     37  52.0  3:53pm   32.0  7:06am  20.5  0.0  0.06  17  32  00:00   WNW  29.0 77.5
15   39.8  54.0  4:53pm   30.0  4:53am  18.1  0.0  0.00  18  35  00:00   NNW  28.8 34.7
16     47  63.0  4:53pm   34.0  1:53am  10.0  0.0  0.00  14  27  00:00    SE  28.6 31.0
17   54.1  71.1  2:53pm   42.1  6:53am   2.4  0.0  0.00  18  35  00:00   WSW  28.4 33.0
18     49  69.1 11:53am   37.0 11:53pm   5.9  0.0  0.05  13  25  00:00   SSE  28.6 59.3
19   44.5  55.9 11:53am   37.0 12:53am  14.8  0.0  0.07  16  30  00:00   SSE  28.7 63.1
20   40.1  53.1  1:53pm   32.0  7:53am  18.4  0.0  0.01  18  35  00:00   ESE  29.0 72.3
21   47.7  68.0  3:53pm   37.0  4:53am   7.1  0.0  0.08  20  38  00:00     W  28.9 56.8
22   49.4  63.0  2:53pm   39.0 11:53pm   8.8  0.0  0.00  20  39  00:00     W  28.5 22.1
23   38.9  50.0  3:53pm   32.0  7:53am  20.5  0.0  0.02  16  30  00:00     S  28.6 47.8
24   38.2  46.4  2:29pm   35.1  6:53am  22.7  0.0  0.14   6  10  00:00   WNW  28.9 74.8
25   40.5  55.0  2:53pm   37.0 12:53am  17.2  0.0  0.46  14  28  00:00   WSW  29.0 75.5
26   40.1  52.0 11:53am   33.1  3:53am  18.9  0.0  0.15  17  33  00:00   WSW  28.7 64.8
27   41.2  54.0  4:53pm   30.0  6:53am  17.4  0.0  0.00  15  29  00:00   SSW  28.8 45.8
28   50.4  69.1  4:53pm   28.0  5:53am   5.2  0.0  0.00  13  24  00:00    SW  28.8 21.3
29   46.3  70.0 12:53pm   30.2 10:24pm   6.8  0.0  0.00  23  45  00:00   ENE  28.5 41.2
30   36.5  46.0  1:53pm   30.0  5:53am  23.7  0.0  0.00  13  24  00:00    SW  28.8 36.9