NOAA-Style Climate Reports

Select a Year or Month report
2018: Jan Feb Mar Apr May Jun Jul Aug Sep Oct Nov Dec
2017: Jan Feb Mar Apr May Jun Jul Aug Sep Oct Nov Dec
2016: Jan Feb Mar Apr May Jun Jul Aug Sep Oct Nov Dec
2015: Jan Feb Mar Apr May Jun Jul Aug Sep Oct Nov Dec
2014: Jan Feb Mar Apr May Jun Jul Aug Sep Oct Nov Dec
2013: Jan Feb Mar Apr May Jun Jul Aug Sep Oct Nov Dec
2012: Jan Feb Mar Apr May Jun Jul Aug Sep Oct Nov Dec
2011: Jan Feb Mar Apr May Jun Jul Aug Sep Oct Nov Dec
2010: Jan Feb Mar Apr May Jun Jul Aug Sep Oct Nov Dec
2009: Jan Feb Mar Apr May Jun Jul Aug Sep Oct Nov Dec
2008: Jan Feb Mar Apr May Jun Jul Aug Sep Oct Nov Dec
2007: Jan Feb Mar Apr May Jun Jul Aug Sep Oct Nov Dec
2006: Jan Feb Mar Apr May Jun Jul Aug Sep Oct Nov Dec
2005: Jan Feb Mar Apr May Jun Jul Aug Sep Oct Nov Dec
2004: Jan Feb Mar Apr May Jun Jul Aug Sep Oct Nov Dec
2003: Jan Feb Mar Apr May Jun Jul Aug Sep Oct Nov Dec
2002: Jan Feb Mar Apr May Jun Jul Aug Sep Oct Nov Dec
2001: Jan Feb Mar Apr May Jun Jul Aug Sep Oct Nov Dec
2000: Jan Feb Mar Apr May Jun Jul Aug Sep Oct Nov Dec
1999: Jan Feb Mar Apr May Jun Jul Aug Sep Oct Nov Dec
1998: Jan Feb Mar Apr May Jun Jul Aug Sep Oct Nov Dec
1997: Jan Feb Mar Apr May Jun Jul Aug Sep Oct Nov Dec
1996: Jan Feb Mar Apr May Jun Jul Aug Sep Oct Nov Dec
1995: Jan Feb Mar Apr May Jun Jul Aug Sep Oct Nov Dec
1994: Jan Feb Mar Apr May Jun Jul Aug Sep Oct Nov Dec
1993: Jan Feb Mar Apr May Jun Jul Aug Sep Oct Nov Dec
1992: Jan Feb Mar Apr May Jun Jul Aug Sep Oct Nov Dec
1991: Jan Feb Mar Apr May Jun Jul Aug Sep Oct Nov Dec
1990: Jan Feb Mar Apr May Jun Jul Aug Sep Oct Nov Dec
1989: Jan Feb Mar Apr May Jun Jul Aug Sep Oct Nov Dec
1988: Jan Feb Mar Apr May Jun Jul Aug Sep Oct Nov Dec
1987: Jan Feb Mar Apr May Jun Jul Aug Sep Oct Nov Dec
1986: Jan Feb Mar Apr May Jun Jul Aug Sep Oct Nov Dec

Report for 2011 May
                  MONTHLY CLIMATOLOGICAL SUMMARY FOR 5/2011
                                        HEAT  COOL        
     MEAN                               DEG   DEG       WIND SPEED       DOM MEAN  MEAN
DAY  TEMP  HIGH   TIME     LOW   TIME   DAYS  DAYS RAIN AVG  HI  TIME    DIR BAROM HUM
---------------------------------------------------------------------------------------
1    36.3  44.1  5:53pm   32.0  2:53am  24.8  0.0  0.00  10  21  00:00   SSW  28.9 41.3
2    36.7  48.9  3:53pm   30.2  3:43am  22.2  0.0  0.03  16  31  00:00   SSE  29.5 64.3
3    50.3  66.0  3:53pm   34.0  5:53am   6.8  0.0  0.00   9  17  00:00     S  28.8 21.3
4    46.8  59.0  9:53am   36.0  4:53am  12.1  0.0  0.00  16  30  00:00   ESE  28.9 40.7
5    48.8  68.0  3:53pm   28.0  5:53am   6.6  0.0  0.00  13  25  00:00     S  28.9 35.1
6    60.8  75.0  1:53pm   46.9  3:53am   0.0  2.9  0.00   9  17  00:00     S  28.5 15.9
7    64.8  82.0  4:53pm   48.0  3:53am   0.0  8.4  0.00  11  21  00:00    SW  28.4 16.0
8      66  82.9  2:53pm   46.9  5:53am   0.0  9.5  0.00  13  25  00:00    SW  28.2 11.1
9    64.3  80.1  1:53pm   55.0 10:53pm   0.0  7.2  0.00  25  48  00:00    SW  28.1 12.3
10   57.1  73.0  1:53pm   41.0  5:53am   0.0  0.1  0.03  19  37  00:00    SW  28.5 24.8
11   35.8  45.0 12:53am   33.1  6:53pm  24.6  0.0  1.86  14  28  00:00     N  29.2 89.2
12   37.9  44.1  4:53pm   35.1  9:53am  24.0  0.0  1.10   9  17  00:00    SW  29.1 87.3
13   46.2  61.0  3:53pm   39.0  1:53am  11.4  0.0  0.01  11  21  00:00   ESE  29.1 66.4
14   39.6  48.9 12:53am   37.0  6:53am  20.7  0.0  0.13   6  12  00:00   SSE  28.9 76.7
15     38  45.0  4:53pm   33.8  6:51am  23.5  0.0  0.03   6  12  00:00    SE  29.3 81.9
16   49.7  66.9  4:53pm   37.0  5:53am   6.7  0.0  0.00  16  30  00:00   WNW  28.5 59.6
17     48  57.0  3:53pm   43.0  5:53am  12.5  0.0  0.00  13  25  00:00     S  28.4 69.8
18   44.9  60.1  1:53pm   39.2  4:07am  12.5  0.0  0.69  16  31  00:00    SW  29.0 82.0
19   39.5  44.6 11:09am   37.4  5:08pm  22.9  0.0  1.33  13  25  00:00   WNW  29.0 89.2
20   42.9  55.9  1:53pm   35.1  3:53am  15.6  0.0  0.05  11  21  00:00     S  28.9 72.8
21   53.7  68.0  2:53pm   42.1 12:53am   4.1  0.0  0.00  16  31  00:00   WNW  28.5 40.2
22   56.4  73.0  4:53pm   43.0  5:53am   0.3  0.0  0.00  13  24  00:00     S  28.6 41.8
23     55  69.1 11:53am   48.0  4:53am   2.9  0.0  0.09  18  36  00:00   SSW  28.8 57.3
24   46.1  50.0  7:53am   46.0  1:53am  16.9  0.0  0.23  14  28  00:00   SSW  28.7 80.0
25   49.8  62.1  5:53pm   44.1  4:53am   9.0  0.0  0.00   9  17  00:00   SSE  28.8 63.5
26   55.6  72.0  1:53pm   46.9  5:53am   1.2  0.0  0.00  16  31  00:00   WSW  28.6 59.1
27   54.5  66.9  2:53pm   44.1  5:53am   4.3  0.0  0.00  13  24  00:00    SE  28.5 53.6
28   52.9  64.9  1:53pm   46.9  4:53am   6.1  0.0  0.00  13  24  00:00     W  28.5 55.6
29   55.9  73.0  3:53pm   48.0  3:53am   0.5  0.0  0.00  14  27  00:00     W  28.4 73.9
30   56.3  75.2 12:22pm   43.0 11:53pm   0.0  0.8  0.01  24  47  00:00    NW  28.7 63.4
31   60.2  79.0  4:53pm   45.0  1:53am   0.0  4.6  0.00  19  37  00:00   SSW  28.9 21.0