NOAA-Style Climate Reports

Select a Year or Month report
2018: Jan Feb Mar Apr May Jun Jul Aug Sep Oct Nov Dec
2017: Jan Feb Mar Apr May Jun Jul Aug Sep Oct Nov Dec
2016: Jan Feb Mar Apr May Jun Jul Aug Sep Oct Nov Dec
2015: Jan Feb Mar Apr May Jun Jul Aug Sep Oct Nov Dec
2014: Jan Feb Mar Apr May Jun Jul Aug Sep Oct Nov Dec
2013: Jan Feb Mar Apr May Jun Jul Aug Sep Oct Nov Dec
2012: Jan Feb Mar Apr May Jun Jul Aug Sep Oct Nov Dec
2011: Jan Feb Mar Apr May Jun Jul Aug Sep Oct Nov Dec
2010: Jan Feb Mar Apr May Jun Jul Aug Sep Oct Nov Dec
2009: Jan Feb Mar Apr May Jun Jul Aug Sep Oct Nov Dec
2008: Jan Feb Mar Apr May Jun Jul Aug Sep Oct Nov Dec
2007: Jan Feb Mar Apr May Jun Jul Aug Sep Oct Nov Dec
2006: Jan Feb Mar Apr May Jun Jul Aug Sep Oct Nov Dec
2005: Jan Feb Mar Apr May Jun Jul Aug Sep Oct Nov Dec
2004: Jan Feb Mar Apr May Jun Jul Aug Sep Oct Nov Dec
2003: Jan Feb Mar Apr May Jun Jul Aug Sep Oct Nov Dec
2002: Jan Feb Mar Apr May Jun Jul Aug Sep Oct Nov Dec
2001: Jan Feb Mar Apr May Jun Jul Aug Sep Oct Nov Dec
2000: Jan Feb Mar Apr May Jun Jul Aug Sep Oct Nov Dec
1999: Jan Feb Mar Apr May Jun Jul Aug Sep Oct Nov Dec
1998: Jan Feb Mar Apr May Jun Jul Aug Sep Oct Nov Dec
1997: Jan Feb Mar Apr May Jun Jul Aug Sep Oct Nov Dec
1996: Jan Feb Mar Apr May Jun Jul Aug Sep Oct Nov Dec
1995: Jan Feb Mar Apr May Jun Jul Aug Sep Oct Nov Dec
1994: Jan Feb Mar Apr May Jun Jul Aug Sep Oct Nov Dec
1993: Jan Feb Mar Apr May Jun Jul Aug Sep Oct Nov Dec
1992: Jan Feb Mar Apr May Jun Jul Aug Sep Oct Nov Dec
1991: Jan Feb Mar Apr May Jun Jul Aug Sep Oct Nov Dec
1990: Jan Feb Mar Apr May Jun Jul Aug Sep Oct Nov Dec
1989: Jan Feb Mar Apr May Jun Jul Aug Sep Oct Nov Dec
1988: Jan Feb Mar Apr May Jun Jul Aug Sep Oct Nov Dec
1987: Jan Feb Mar Apr May Jun Jul Aug Sep Oct Nov Dec
1986: Jan Feb Mar Apr May Jun Jul Aug Sep Oct Nov Dec

Report for 2011 June
                  MONTHLY CLIMATOLOGICAL SUMMARY FOR 6/2011
                                        HEAT  COOL        
     MEAN                               DEG   DEG       WIND SPEED       DOM MEAN  MEAN
DAY  TEMP  HIGH   TIME     LOW   TIME   DAYS  DAYS RAIN AVG  HI  TIME    DIR BAROM HUM
---------------------------------------------------------------------------------------
1    63.8  84.9  2:53pm   48.9  4:53am   0.0  9.4  0.00  13  27  00:00    SW  28.7 31.3
2    70.6  87.1 12:53pm   59.0  5:53am   0.0 13.9  0.00  21  41  00:00   SSW  28.4 26.5
3    60.7  73.0  2:53pm   51.1  5:53am   0.0  1.9  0.00   9  18  00:00   ESE  28.7 27.9
4      62  79.0  5:53pm   46.0  5:53am   0.0  5.5  0.00  11  22  00:00     S  28.9 44.3
5    68.4  89.1  3:53pm   54.0  5:53am   0.0 13.8  0.00  11  22  00:00   SSW  28.8 35.0
6    72.6  89.6  6:04pm   55.0  5:53am   0.0 16.1  0.00  14  27  00:00   SSW  28.6 21.7
7    69.7  86.0  4:53pm   55.0  5:53am   0.0 12.9  0.00  10  18  00:00   SSW  28.4 17.1
8    64.3  77.0  1:53pm   52.0  4:53am   0.0  5.7  0.00  17  33  00:00   ESE  28.7 35.0
9    56.3  66.0  3:53pm   53.1  4:53am   3.8  0.0  0.00  12  23  00:00   SSE  28.9 69.6
10   59.6  73.0  3:53pm   48.9  5:53am   0.0  1.3  0.06  16  31  00:00    SE  28.8 47.6
11   64.2  77.0  5:53pm   55.9 11:53pm   0.0  5.6  0.00  17  32  00:00   SSE  28.7 41.6
12   66.8  84.0 12:53pm   48.0  3:53am   0.0 10.4  0.00  13  25  00:00   SSW  28.6 33.5
13   67.1  82.9  2:53pm   53.1  2:53am   0.0 10.0  0.00  12  23  00:00    SE  28.8 33.8
14   64.5  82.0  4:53pm   57.0  5:53am   0.0  8.3  0.00  16  30  00:00   WNW  29.0 44.5
15   67.7  86.0  4:53pm   51.1  2:53am   0.0 11.9  0.00   9  16  00:00    SW  28.6 25.8
16   68.2  84.9  6:53pm   55.9  5:53am   0.0 11.6  0.00  24  46  00:00    SW  28.5 33.5
17   59.7  69.8 11:37am   52.0  4:53am   0.2  0.0  0.27  14  27  00:00   SSE  28.9 59.8
18   61.3  79.0  2:53pm   51.1  5:53am   0.0  5.2  0.00  13  24  00:00   SSE  28.6 52.2
19     61  75.9 11:53am   53.1 11:53pm   0.0  3.5  0.01  14  28  00:00    SE  28.7 59.7
20   51.4  63.0  3:53pm   46.4  4:00am   7.8  0.0  2.65  17  33  00:00   WNW  28.9 79.2
21   60.2  73.9  5:53pm   50.0  3:53am   0.0  2.1  0.01  10  21  00:00   SSW  28.7 47.1
22   62.9  81.0  4:53pm   48.9  4:53am   0.0  7.0  0.00   6  12  00:00   SSE  28.6 42.4
23   70.7  87.8  3:02pm   59.0  3:53am   0.0 14.3  0.00  10  18  00:00     S  28.6 32.3
24   70.8  88.0  3:53pm   57.0  5:53am   0.0 14.4  0.00   7  14  00:00    SW  28.3 37.2
25   69.5  87.1  3:53pm   60.1  4:53am   0.0 13.3  0.00  15  29  00:00   WSW  28.7 47.0
26   74.4  90.0  2:53pm   61.0  5:53am   0.0 17.2  0.00  12  23  00:00   ESE  28.4 21.0
27   63.9  79.0  1:53pm   55.4  6:15am   0.0  6.5  0.00  18  35  00:00   SSE  28.9 46.8
28   74.1  93.9  1:53pm   60.1  5:53am   0.0 19.0  0.00  16  31  00:00     S  28.7 27.0
29   76.7  97.0  1:53pm   63.0  5:53am   0.0 21.9  0.00  22  44  00:00    SW  28.7 24.1
30     69  87.1 10:53am   57.9 11:53pm   0.0 13.1  0.22  22  44  00:00   SSE  29.0 45.1