NOAA-Style Climate Reports

Select a Year or Month report
2018: Jan Feb Mar Apr May Jun Jul Aug Sep Oct Nov Dec
2017: Jan Feb Mar Apr May Jun Jul Aug Sep Oct Nov Dec
2016: Jan Feb Mar Apr May Jun Jul Aug Sep Oct Nov Dec
2015: Jan Feb Mar Apr May Jun Jul Aug Sep Oct Nov Dec
2014: Jan Feb Mar Apr May Jun Jul Aug Sep Oct Nov Dec
2013: Jan Feb Mar Apr May Jun Jul Aug Sep Oct Nov Dec
2012: Jan Feb Mar Apr May Jun Jul Aug Sep Oct Nov Dec
2011: Jan Feb Mar Apr May Jun Jul Aug Sep Oct Nov Dec
2010: Jan Feb Mar Apr May Jun Jul Aug Sep Oct Nov Dec
2009: Jan Feb Mar Apr May Jun Jul Aug Sep Oct Nov Dec
2008: Jan Feb Mar Apr May Jun Jul Aug Sep Oct Nov Dec
2007: Jan Feb Mar Apr May Jun Jul Aug Sep Oct Nov Dec
2006: Jan Feb Mar Apr May Jun Jul Aug Sep Oct Nov Dec
2005: Jan Feb Mar Apr May Jun Jul Aug Sep Oct Nov Dec
2004: Jan Feb Mar Apr May Jun Jul Aug Sep Oct Nov Dec
2003: Jan Feb Mar Apr May Jun Jul Aug Sep Oct Nov Dec
2002: Jan Feb Mar Apr May Jun Jul Aug Sep Oct Nov Dec
2001: Jan Feb Mar Apr May Jun Jul Aug Sep Oct Nov Dec
2000: Jan Feb Mar Apr May Jun Jul Aug Sep Oct Nov Dec
1999: Jan Feb Mar Apr May Jun Jul Aug Sep Oct Nov Dec
1998: Jan Feb Mar Apr May Jun Jul Aug Sep Oct Nov Dec
1997: Jan Feb Mar Apr May Jun Jul Aug Sep Oct Nov Dec
1996: Jan Feb Mar Apr May Jun Jul Aug Sep Oct Nov Dec
1995: Jan Feb Mar Apr May Jun Jul Aug Sep Oct Nov Dec
1994: Jan Feb Mar Apr May Jun Jul Aug Sep Oct Nov Dec
1993: Jan Feb Mar Apr May Jun Jul Aug Sep Oct Nov Dec
1992: Jan Feb Mar Apr May Jun Jul Aug Sep Oct Nov Dec
1991: Jan Feb Mar Apr May Jun Jul Aug Sep Oct Nov Dec
1990: Jan Feb Mar Apr May Jun Jul Aug Sep Oct Nov Dec
1989: Jan Feb Mar Apr May Jun Jul Aug Sep Oct Nov Dec
1988: Jan Feb Mar Apr May Jun Jul Aug Sep Oct Nov Dec
1987: Jan Feb Mar Apr May Jun Jul Aug Sep Oct Nov Dec
1986: Jan Feb Mar Apr May Jun Jul Aug Sep Oct Nov Dec

Report for 2011 July
                  MONTHLY CLIMATOLOGICAL SUMMARY FOR 7/2011
                                        HEAT  COOL        
     MEAN                               DEG   DEG       WIND SPEED       DOM MEAN  MEAN
DAY  TEMP  HIGH   TIME     LOW   TIME   DAYS  DAYS RAIN AVG  HI  TIME    DIR BAROM HUM
---------------------------------------------------------------------------------------
1    67.9  84.0  3:53pm   55.9  2:53am   0.0 11.0  0.00  10  20  00:00     S  28.7 40.5
2      67  82.9 12:53pm   57.0  3:53am   0.0 10.0  0.00  13  25  00:00    SW  28.6 49.9
3    72.7  93.0  1:53pm   55.9  4:53am   0.0 17.9  0.00  20  39  00:00   WSW  28.7 35.6
4    78.2  96.1  3:53pm   64.0  4:53am   0.0 22.2  0.00  13  24  00:00    SW  28.6 21.1
5    69.8  86.0  1:53pm   61.0  6:53am   0.0 12.9  0.00  13  24  00:00    SW  28.8 42.2
6    68.2  86.0 12:53pm   60.8  6:30pm   0.0 12.1  1.41  12  23  00:00   SSW  29.1 61.9
7    65.9  81.0  2:53pm   60.1  5:53am   0.0  8.5  0.45  17  33  00:00   SSE  29.1 72.9
8    69.4  86.0 12:53pm   60.1  3:53am   0.0 12.7  0.08  18  36  00:00     S  28.9 59.3
9    69.2  84.2  3:45pm   62.1  4:53am   0.0 11.7  0.04  13  25  00:00   SSW  28.8 54.9
10   68.8  86.0  1:53pm   64.0 10:53pm   0.0 12.4  0.16   7  13  00:00   WSW  28.7 52.3
11   67.2  84.0 12:53pm   62.1  6:53pm   0.0 10.6  0.52  25  48  00:00   WSW  28.9 58.4
12     64  78.1  3:53pm   59.0  4:53am   0.0  6.1  0.98  14  29  00:00   SSW  29.1 71.5
13   65.9  82.9  3:53pm   60.1  4:53am   0.0  9.4  0.69  17  32  00:00   ESE  29.2 74.7
14   66.9  84.0 12:53pm   60.1  2:53am   0.0 10.5  0.01  12  23  00:00     S  28.8 63.6
15   71.4  87.1  4:53pm   59.0  5:53am   0.0 14.3  0.00  11  21  00:00     S  28.7 46.5
16   73.5  89.1  3:53pm   62.1  4:53am   0.0 16.3  0.01  14  28  00:00   WSW  28.9 49.4
17   75.5  93.0  3:53pm   64.0  4:53am   0.0 19.3  0.00  13  27  00:00     S  28.7 41.5
18   74.8  91.9  2:53pm   66.0  5:53am   0.0 18.4  0.00   6  12  00:00   WSW  28.6 38.0
19   72.4  91.9  1:53pm   64.0  4:53am   0.0 17.2  0.42  20  38  00:00   SSW  28.9 51.5
20   73.8  88.0  1:53pm   60.1  5:53am   0.0 15.9  0.00  10  20  00:00    SW  28.8 41.3
21   71.3  88.0  1:53pm   64.0  1:53am   0.0 14.7  0.02  21  40  00:00     S  28.7 44.5
22   74.8  91.9  4:53pm   63.0  4:53am   0.0 18.4  0.00  13  24  00:00     S  28.5 34.1
23   75.5  91.9  2:53pm   64.9  5:53am   0.0 18.7  0.00  18  35  00:00    SE  28.6 32.4
24   72.6  89.1 12:53pm   64.9  6:53am   0.0 15.9  0.00  18  36  00:00   SSE  28.8 39.4
25   73.5  91.9 12:53pm   63.0  2:53am   0.0 17.7  0.00  22  44  00:00   SSW  28.7 37.2
26     71  87.1 12:53pm   64.0  5:53am   0.0 14.1  0.06  11  21  00:00   WSW  28.7 46.0
27   71.5  87.1 12:53pm   64.9  1:53am   0.0 14.3  0.57  21  40  00:00    SW  28.7 46.3
28   71.7  88.0  2:53pm   59.0  5:53am   0.0 14.9  0.00  14  28  00:00   SSW  28.7 40.7
29   70.8  88.0  1:53pm   60.1  5:53am   0.0 14.4  0.00  15  29  00:00   SSW  28.7 43.3
30   75.1  91.9  1:53pm   64.0  5:53am   0.0 18.5  0.00   9  17  00:00     S  28.7 34.0
31   76.6  93.9  2:53pm   66.0  4:53am   0.0 20.3  0.00  15  29  00:00   SSW  28.6 32.1