NOAA-Style Climate Reports

Select a Year or Month report
2018: Jan Feb Mar Apr May Jun Jul Aug Sep Oct Nov Dec
2017: Jan Feb Mar Apr May Jun Jul Aug Sep Oct Nov Dec
2016: Jan Feb Mar Apr May Jun Jul Aug Sep Oct Nov Dec
2015: Jan Feb Mar Apr May Jun Jul Aug Sep Oct Nov Dec
2014: Jan Feb Mar Apr May Jun Jul Aug Sep Oct Nov Dec
2013: Jan Feb Mar Apr May Jun Jul Aug Sep Oct Nov Dec
2012: Jan Feb Mar Apr May Jun Jul Aug Sep Oct Nov Dec
2011: Jan Feb Mar Apr May Jun Jul Aug Sep Oct Nov Dec
2010: Jan Feb Mar Apr May Jun Jul Aug Sep Oct Nov Dec
2009: Jan Feb Mar Apr May Jun Jul Aug Sep Oct Nov Dec
2008: Jan Feb Mar Apr May Jun Jul Aug Sep Oct Nov Dec
2007: Jan Feb Mar Apr May Jun Jul Aug Sep Oct Nov Dec
2006: Jan Feb Mar Apr May Jun Jul Aug Sep Oct Nov Dec
2005: Jan Feb Mar Apr May Jun Jul Aug Sep Oct Nov Dec
2004: Jan Feb Mar Apr May Jun Jul Aug Sep Oct Nov Dec
2003: Jan Feb Mar Apr May Jun Jul Aug Sep Oct Nov Dec
2002: Jan Feb Mar Apr May Jun Jul Aug Sep Oct Nov Dec
2001: Jan Feb Mar Apr May Jun Jul Aug Sep Oct Nov Dec
2000: Jan Feb Mar Apr May Jun Jul Aug Sep Oct Nov Dec
1999: Jan Feb Mar Apr May Jun Jul Aug Sep Oct Nov Dec
1998: Jan Feb Mar Apr May Jun Jul Aug Sep Oct Nov Dec
1997: Jan Feb Mar Apr May Jun Jul Aug Sep Oct Nov Dec
1996: Jan Feb Mar Apr May Jun Jul Aug Sep Oct Nov Dec
1995: Jan Feb Mar Apr May Jun Jul Aug Sep Oct Nov Dec
1994: Jan Feb Mar Apr May Jun Jul Aug Sep Oct Nov Dec
1993: Jan Feb Mar Apr May Jun Jul Aug Sep Oct Nov Dec
1992: Jan Feb Mar Apr May Jun Jul Aug Sep Oct Nov Dec
1991: Jan Feb Mar Apr May Jun Jul Aug Sep Oct Nov Dec
1990: Jan Feb Mar Apr May Jun Jul Aug Sep Oct Nov Dec
1989: Jan Feb Mar Apr May Jun Jul Aug Sep Oct Nov Dec
1988: Jan Feb Mar Apr May Jun Jul Aug Sep Oct Nov Dec
1987: Jan Feb Mar Apr May Jun Jul Aug Sep Oct Nov Dec
1986: Jan Feb Mar Apr May Jun Jul Aug Sep Oct Nov Dec

Report for 2011 August
                  MONTHLY CLIMATOLOGICAL SUMMARY FOR 8/2011
                                        HEAT  COOL        
     MEAN                               DEG   DEG       WIND SPEED       DOM MEAN  MEAN
DAY  TEMP  HIGH   TIME     LOW   TIME   DAYS  DAYS RAIN AVG  HI  TIME    DIR BAROM HUM
---------------------------------------------------------------------------------------
1    74.2  90.0 12:53pm   64.9  3:53am   0.0 17.1  0.00   9  16  00:00   WNW  28.6 37.7
2      67  78.1  1:53pm   63.0 11:53pm   0.0  7.6  0.19   6  12  00:00   SSW  28.8 62.3
3    67.2  82.9  2:53pm   60.1  5:53am   0.0 10.1  0.01  16  30  00:00   SSE  28.7 59.3
4    67.7  84.0  1:53pm   62.1  4:53am   0.0 10.9  0.04  14  27  00:00   WSW  28.9 52.3
5    70.8  88.0  2:53pm   57.9  4:53am   0.0 14.4  0.06  16  30  00:00    SW  28.8 41.2
6    73.3  90.0  1:53pm   61.0  5:53am   0.0 16.7  0.00  31  61  00:00   SSW  28.7 28.5
7    74.5  93.0  2:53pm   55.9  5:53am   0.0 18.8  0.00  16  31  00:00   SSW  28.6 24.7
8    72.7  90.0  2:53pm   57.9  6:53am   0.0 16.4  0.00  13  24  00:00   SSE  28.6 21.3
9    72.1  91.9  2:53pm   62.1  3:53am   0.0 17.0  0.00  15  29  00:00     S  28.6 38.9
10   66.6  82.9  2:53pm   57.9  5:53am   0.0  9.8  0.00  10  20  00:00   SSE  28.8 56.4
11   72.1  89.1  3:53pm   60.1  5:53am   0.0 15.6  0.00  13  24  00:00   SSW  28.6 36.7
12   68.8  86.0  4:53pm   60.1  3:53am   0.0 12.4  0.00   9  16  00:00   ESE  28.5 38.4
13   71.5  89.1  3:53pm   61.0  5:53am   0.0 15.3  0.00  12  22  00:00     S  28.8 43.7
14   72.9  88.0 12:53pm   61.0  5:53am   0.0 15.5  0.00   9  16  00:00   SSW  28.7 39.0
15   73.4  89.1  3:53pm   64.9  1:53am   0.0 16.3  0.00   7  13  00:00   SSW  28.6 31.5
16   68.2  84.9 11:53am   59.0  5:53am   0.0 11.6  0.12  19  37  00:00   SSE  28.8 42.7
17   73.6  90.0  1:53pm   62.1 12:53am   0.0 16.8  0.00  13  25  00:00    SW  28.8 40.3
18   76.8  93.0  3:53pm   62.1  4:53am   0.0 19.9  0.00  23  45  00:00   SSW  28.6 26.2
19     69  84.0  1:53pm   60.8 11:22pm   0.0 11.5  0.06  10  20  00:00   SSE  28.7 39.3
20     69  87.1  4:53pm   55.9  5:53am   0.0 13.1  0.00  17  33  00:00   SSW  28.7 46.6
21   75.2  91.9  1:53pm   63.0  6:53am   0.0 18.6  0.00  14  27  00:00   WSW  29.0 34.7
22   75.8  91.9  2:53pm   66.9  3:53am   0.0 18.9  0.00  16  30  00:00    SW  28.8 30.9
23   75.5  93.0  4:53pm   66.0  3:53am   0.0 19.3  0.00  10  18  00:00   WSW  28.5 27.6
24   75.4  93.9  1:53pm   68.0  5:53am   0.0 19.7  0.00  21  40  00:00    SW  28.8 26.3
25   76.4  93.0 12:53pm   68.0  1:53am   0.0 19.7  0.00  13  25  00:00    SW  28.7 27.9
26   73.5  89.1 12:53pm   66.9  5:53am   0.0 16.3  0.00   9  17  00:00   WNW  28.7 35.1
27   72.8  91.9  3:53pm   64.0  6:53am   0.0 17.4  0.00   9  17  00:00   WSW  28.5 36.7
28   73.8  91.9  1:53pm   66.0  2:53am   0.0 17.9  0.00  15  29  00:00   SSE  28.7 36.3
29   70.3  82.9  3:53pm   60.1  5:53am   0.0 11.6  0.00   6  10  00:00    NW  28.8 48.7
30     73  87.1 11:53am   64.0 11:53pm   0.0 15.1  0.00  16  30  00:00    SW  28.5 29.3
31   74.8  91.9 12:53pm   63.0  5:53am   0.0 18.4  0.06  18  35  00:00    SW  28.6 26.8