NOAA-Style Climate Reports

Select a Year or Month report
2018: Jan Feb Mar Apr May Jun Jul Aug Sep Oct Nov Dec
2017: Jan Feb Mar Apr May Jun Jul Aug Sep Oct Nov Dec
2016: Jan Feb Mar Apr May Jun Jul Aug Sep Oct Nov Dec
2015: Jan Feb Mar Apr May Jun Jul Aug Sep Oct Nov Dec
2014: Jan Feb Mar Apr May Jun Jul Aug Sep Oct Nov Dec
2013: Jan Feb Mar Apr May Jun Jul Aug Sep Oct Nov Dec
2012: Jan Feb Mar Apr May Jun Jul Aug Sep Oct Nov Dec
2011: Jan Feb Mar Apr May Jun Jul Aug Sep Oct Nov Dec
2010: Jan Feb Mar Apr May Jun Jul Aug Sep Oct Nov Dec
2009: Jan Feb Mar Apr May Jun Jul Aug Sep Oct Nov Dec
2008: Jan Feb Mar Apr May Jun Jul Aug Sep Oct Nov Dec
2007: Jan Feb Mar Apr May Jun Jul Aug Sep Oct Nov Dec
2006: Jan Feb Mar Apr May Jun Jul Aug Sep Oct Nov Dec
2005: Jan Feb Mar Apr May Jun Jul Aug Sep Oct Nov Dec
2004: Jan Feb Mar Apr May Jun Jul Aug Sep Oct Nov Dec
2003: Jan Feb Mar Apr May Jun Jul Aug Sep Oct Nov Dec
2002: Jan Feb Mar Apr May Jun Jul Aug Sep Oct Nov Dec
2001: Jan Feb Mar Apr May Jun Jul Aug Sep Oct Nov Dec
2000: Jan Feb Mar Apr May Jun Jul Aug Sep Oct Nov Dec
1999: Jan Feb Mar Apr May Jun Jul Aug Sep Oct Nov Dec
1998: Jan Feb Mar Apr May Jun Jul Aug Sep Oct Nov Dec
1997: Jan Feb Mar Apr May Jun Jul Aug Sep Oct Nov Dec
1996: Jan Feb Mar Apr May Jun Jul Aug Sep Oct Nov Dec
1995: Jan Feb Mar Apr May Jun Jul Aug Sep Oct Nov Dec
1994: Jan Feb Mar Apr May Jun Jul Aug Sep Oct Nov Dec
1993: Jan Feb Mar Apr May Jun Jul Aug Sep Oct Nov Dec
1992: Jan Feb Mar Apr May Jun Jul Aug Sep Oct Nov Dec
1991: Jan Feb Mar Apr May Jun Jul Aug Sep Oct Nov Dec
1990: Jan Feb Mar Apr May Jun Jul Aug Sep Oct Nov Dec
1989: Jan Feb Mar Apr May Jun Jul Aug Sep Oct Nov Dec
1988: Jan Feb Mar Apr May Jun Jul Aug Sep Oct Nov Dec
1987: Jan Feb Mar Apr May Jun Jul Aug Sep Oct Nov Dec
1986: Jan Feb Mar Apr May Jun Jul Aug Sep Oct Nov Dec

Report for 2011 September
                  MONTHLY CLIMATOLOGICAL SUMMARY FOR 9/2011
                                        HEAT  COOL        
     MEAN                               DEG   DEG       WIND SPEED       DOM MEAN  MEAN
DAY  TEMP  HIGH   TIME     LOW   TIME   DAYS  DAYS RAIN AVG  HI  TIME    DIR BAROM HUM
---------------------------------------------------------------------------------------
1    77.2  93.9  2:53pm   68.0  6:53am   0.0 20.6  0.00  11  21  00:00   SSW  28.4 21.9
2    66.1  82.4  5:18pm   60.1  6:53am   0.0  9.3  0.16  13  24  00:00    SE  28.9 52.1
3    57.9  66.9  2:53pm   52.0  6:53am   2.6  0.0  0.00   9  17  00:00     S  28.9 42.1
4    58.6  75.0  3:53pm   50.0  4:53am   0.0  1.8  0.00   9  17  00:00   SSW  28.9 38.7
5    66.9  86.0  3:53pm   50.0  5:53am   0.0 11.5  0.00  12  23  00:00   SSW  28.6 25.6
6    62.5  75.9 11:53am   55.0  9:53pm   0.0  4.2  0.25  12  23  00:00    SE  28.5 41.0
7    53.3  57.9 10:53am   54.0  5:53am   9.4  0.0  0.00   6  13  00:00   SSW  29.0 75.0
8    56.1  73.0  4:53pm   50.0  2:53am   0.4  0.0  0.00   6  12  00:00   SSE  29.0 60.5
9    59.8  73.9  3:53pm   48.0  6:53am   0.0  1.9  0.00   6  10  00:00   SSE  28.8 42.5
10   59.8  75.9  4:53pm   48.9  5:53am   0.0  2.9  0.00   9  16  00:00   SSW  28.8 38.6
11   63.6  80.1  2:53pm   51.1  5:53am   0.0  6.9  0.00   8  16  00:00   SSW  28.8 29.9
12   64.7  81.0  1:53pm   54.0  3:53am   0.0  7.9  0.02  10  20  00:00   SSW  28.7 34.4
13   62.2  78.1  2:53pm   53.1  4:53am   0.0  5.2  0.00   6  10  00:00     S  28.8 44.0
14   50.7  57.9 12:53am   48.9  4:53am  10.7  0.0  0.59   5   9  00:00    SE  28.8 78.7
15   52.1  61.0 12:53pm   48.9  3:53am   8.4  0.0  0.01  12  22  00:00   SSW  28.4 71.0
16   58.2  73.0  2:53pm   48.0  4:53am   0.0  0.6  0.01   7  13  00:00   SSW  28.6 48.7
17   56.5  72.0 11:53am   52.0  3:53am   0.7  0.0  0.14  16  30  00:00     W  28.8 55.3
18   57.4  73.0  3:53pm   44.1  6:53am   0.0  0.2  0.00   5   9  00:00   WNW  28.8 43.0
19   63.1  79.0  2:53pm   48.9  6:53am   0.0  6.1  0.00   6  10  00:00   SSW  28.6 34.2
20   51.1  61.0 12:53pm   44.1  6:53am   8.9  0.0  0.00   6  10  00:00   SSE  28.7 47.1
21   49.9  63.0  3:53pm   45.0  3:53am   8.5  0.0  0.01   9  17  00:00   SSW  28.8 47.0
22   54.7  73.9  3:53pm   37.9  5:53am   0.7  0.0  0.00   9  16  00:00     S  28.9 37.3
23   64.6  80.1  2:53pm   53.1  1:53am   0.0  7.4  0.00   5   9  00:00    SW  28.5 22.5
24   63.7  82.0  2:53pm   51.1  5:53am   0.0  7.9  0.00   9  17  00:00   WSW  28.5 28.4
25   63.6  82.0  3:53pm   50.0  4:53am   0.0  7.8  0.00  10  20  00:00   SSE  28.5 33.3
26   70.3  84.9  4:53pm   60.1  4:53am   0.0 12.6  0.00   9  16  00:00    SW  28.4 19.2
27   64.1  81.0  1:53pm   52.0  5:53am   0.0  7.6  0.00   6  10  00:00   SSE  28.7 29.0
28   69.1  84.9  3:53pm   61.0  3:53am   0.0 12.0  0.00   9  18  00:00    SW  28.7 21.5
29     54  64.9  3:53pm   50.0 11:53pm   5.5  0.0  0.00  11  21  00:00    SW  28.8 38.7
30   59.3  81.0  3:53pm   45.0  6:53am   0.0  5.2  0.00   9  16  00:00     S  28.9 34.4