NOAA-Style Climate Reports

Select a Year or Month report
2018: Jan Feb Mar Apr May Jun Jul Aug Sep Oct Nov Dec
2017: Jan Feb Mar Apr May Jun Jul Aug Sep Oct Nov Dec
2016: Jan Feb Mar Apr May Jun Jul Aug Sep Oct Nov Dec
2015: Jan Feb Mar Apr May Jun Jul Aug Sep Oct Nov Dec
2014: Jan Feb Mar Apr May Jun Jul Aug Sep Oct Nov Dec
2013: Jan Feb Mar Apr May Jun Jul Aug Sep Oct Nov Dec
2012: Jan Feb Mar Apr May Jun Jul Aug Sep Oct Nov Dec
2011: Jan Feb Mar Apr May Jun Jul Aug Sep Oct Nov Dec
2010: Jan Feb Mar Apr May Jun Jul Aug Sep Oct Nov Dec
2009: Jan Feb Mar Apr May Jun Jul Aug Sep Oct Nov Dec
2008: Jan Feb Mar Apr May Jun Jul Aug Sep Oct Nov Dec
2007: Jan Feb Mar Apr May Jun Jul Aug Sep Oct Nov Dec
2006: Jan Feb Mar Apr May Jun Jul Aug Sep Oct Nov Dec
2005: Jan Feb Mar Apr May Jun Jul Aug Sep Oct Nov Dec
2004: Jan Feb Mar Apr May Jun Jul Aug Sep Oct Nov Dec
2003: Jan Feb Mar Apr May Jun Jul Aug Sep Oct Nov Dec
2002: Jan Feb Mar Apr May Jun Jul Aug Sep Oct Nov Dec
2001: Jan Feb Mar Apr May Jun Jul Aug Sep Oct Nov Dec
2000: Jan Feb Mar Apr May Jun Jul Aug Sep Oct Nov Dec
1999: Jan Feb Mar Apr May Jun Jul Aug Sep Oct Nov Dec
1998: Jan Feb Mar Apr May Jun Jul Aug Sep Oct Nov Dec
1997: Jan Feb Mar Apr May Jun Jul Aug Sep Oct Nov Dec
1996: Jan Feb Mar Apr May Jun Jul Aug Sep Oct Nov Dec
1995: Jan Feb Mar Apr May Jun Jul Aug Sep Oct Nov Dec
1994: Jan Feb Mar Apr May Jun Jul Aug Sep Oct Nov Dec
1993: Jan Feb Mar Apr May Jun Jul Aug Sep Oct Nov Dec
1992: Jan Feb Mar Apr May Jun Jul Aug Sep Oct Nov Dec
1991: Jan Feb Mar Apr May Jun Jul Aug Sep Oct Nov Dec
1990: Jan Feb Mar Apr May Jun Jul Aug Sep Oct Nov Dec
1989: Jan Feb Mar Apr May Jun Jul Aug Sep Oct Nov Dec
1988: Jan Feb Mar Apr May Jun Jul Aug Sep Oct Nov Dec
1987: Jan Feb Mar Apr May Jun Jul Aug Sep Oct Nov Dec
1986: Jan Feb Mar Apr May Jun Jul Aug Sep Oct Nov Dec

Report for 2011 October
                  MONTHLY CLIMATOLOGICAL SUMMARY FOR 10/2011
                                        HEAT  COOL        
     MEAN                               DEG   DEG       WIND SPEED       DOM MEAN  MEAN
DAY  TEMP  HIGH   TIME     LOW   TIME   DAYS  DAYS RAIN AVG  HI  TIME    DIR BAROM HUM
---------------------------------------------------------------------------------------
1    64.8  84.0  2:53pm   50.0  6:53am   0.0  9.4  0.00   9  17  00:00   SSW  28.6 28.8
2    62.8  81.0  1:53pm   55.0  6:53am   0.0  6.9  0.00   6  12  00:00   WSW  28.4 30.3
3    64.4  79.0  1:53pm   51.1  5:53am   0.0  6.7  0.00   7  13  00:00   SSW  28.6 29.6
4    63.3  80.1  1:53pm   57.0  1:53am   0.0  6.7  0.00  16  31  00:00    SW  28.5 33.6
5    61.2  75.0  3:53pm   55.0  3:53am   0.0  3.1  0.00  16  31  00:00    SW  28.3 33.7
6    57.6  73.9  1:53pm   48.0 10:53pm   0.0  0.8  0.00  28  54  00:00    SW  28.3 29.2
7    50.5  64.0  3:53pm   41.0  3:53am   7.7  0.0  0.00  16  30  00:00    SW  28.5 21.8
8      37  51.1 12:53am   33.1  6:53am  20.9  0.0  1.46  15  29  00:00    NW  29.2 83.8
9    40.4  52.0  2:53pm   33.1  7:53am  18.8  0.0  0.00   9  17  00:00    SE  28.8 66.0
10   47.8  64.0  3:53pm   35.1  5:53am   9.1  0.0  0.00   6  12  00:00   SSE  28.6 49.0
11   53.9  66.0  2:53pm   45.0 12:53am   5.0  0.0  0.00  15  29  00:00    NW  28.6 35.3
12   53.1  66.9  3:53pm   42.1 11:53pm   5.0  0.0  0.00  17  32  00:00   WNW  28.7 30.4
13   52.9  75.9  2:53pm   42.1  5:53am   0.6  0.0  0.00  10  21  00:00   WSW  28.7 31.9
14   50.8  71.1  2:53pm   39.0  6:53am   4.0  0.0  0.00   6  12  00:00   WSW  28.7 45.3
15   57.2  78.1  2:53pm   45.0  6:53am   0.0  2.7  0.00  10  20  00:00   SSW  28.5 29.5
16   50.8  68.0  2:53pm   41.0  6:53am   5.6  0.0  0.00   7  13  00:00     W  28.7 49.6
17   42.4  48.9  7:53am   34.0 11:53pm  19.3  0.0  0.16  18  36  00:00   ESE  29.1 72.9
18   39.4  54.0  2:53pm   32.0  1:53am  18.3  0.0  0.00  10  21  00:00   SSW  28.8 55.1
19   41.8  60.1  2:53pm   28.9  4:53am  14.0  0.0  0.00   6  10  00:00   SSE  28.9 44.7
20     48  68.0  3:53pm   33.1  2:53am   7.0  0.0  0.00   6  10  00:00   SSE  28.6 35.1
21   51.4  69.1  2:53pm   36.0  6:53am   4.7  0.0  0.00   5   9  00:00    SE  28.8 32.5
22   51.5  68.0  1:53pm   41.0  3:53am   5.2  0.0  0.00  16  30  00:00   WSW  28.8 35.3
23   53.8  71.1  1:53pm   39.9  5:53am   2.5  0.0  0.00   8  15  00:00    SW  28.6 25.9
24   58.5  78.1  1:53pm   45.0  2:53am   0.0  3.3  0.00  12  22  00:00    SW  28.5 16.7
25   44.8  61.0 12:53pm   30.9 11:53pm  12.1  0.0  0.40  10  18  00:00   ESE  28.9 53.7
26   27.4  30.9 12:53am   24.8 11:26pm  35.8  0.0  0.02   7  14  00:00   ENE  29.5 86.4
27   27.9  39.0  2:53pm   17.1  4:53am  31.5  0.0  0.48   6  10  00:00     S  28.9 58.6
28   35.7  48.0  2:53pm   24.1  7:53am  23.1  0.0  0.00   5   9  00:00   SSE  29.0 49.5
29   46.9  60.1  3:53pm   37.9 12:53am  11.5  0.0  0.00  14  28  00:00    SW  28.8 30.6
30   42.8  61.0  3:53pm   28.0  6:53am  13.1  0.0  0.00   6  10  00:00     W  28.8 49.0
31   49.3  68.0  2:53pm   37.0  1:53am   6.3  0.0  0.00   8  15  00:00     S  28.7 33.5