NOAA-Style Climate Reports

Select a Year or Month report
2018: Jan Feb Mar Apr May Jun Jul Aug Sep Oct Nov Dec
2017: Jan Feb Mar Apr May Jun Jul Aug Sep Oct Nov Dec
2016: Jan Feb Mar Apr May Jun Jul Aug Sep Oct Nov Dec
2015: Jan Feb Mar Apr May Jun Jul Aug Sep Oct Nov Dec
2014: Jan Feb Mar Apr May Jun Jul Aug Sep Oct Nov Dec
2013: Jan Feb Mar Apr May Jun Jul Aug Sep Oct Nov Dec
2012: Jan Feb Mar Apr May Jun Jul Aug Sep Oct Nov Dec
2011: Jan Feb Mar Apr May Jun Jul Aug Sep Oct Nov Dec
2010: Jan Feb Mar Apr May Jun Jul Aug Sep Oct Nov Dec
2009: Jan Feb Mar Apr May Jun Jul Aug Sep Oct Nov Dec
2008: Jan Feb Mar Apr May Jun Jul Aug Sep Oct Nov Dec
2007: Jan Feb Mar Apr May Jun Jul Aug Sep Oct Nov Dec
2006: Jan Feb Mar Apr May Jun Jul Aug Sep Oct Nov Dec
2005: Jan Feb Mar Apr May Jun Jul Aug Sep Oct Nov Dec
2004: Jan Feb Mar Apr May Jun Jul Aug Sep Oct Nov Dec
2003: Jan Feb Mar Apr May Jun Jul Aug Sep Oct Nov Dec
2002: Jan Feb Mar Apr May Jun Jul Aug Sep Oct Nov Dec
2001: Jan Feb Mar Apr May Jun Jul Aug Sep Oct Nov Dec
2000: Jan Feb Mar Apr May Jun Jul Aug Sep Oct Nov Dec
1999: Jan Feb Mar Apr May Jun Jul Aug Sep Oct Nov Dec
1998: Jan Feb Mar Apr May Jun Jul Aug Sep Oct Nov Dec
1997: Jan Feb Mar Apr May Jun Jul Aug Sep Oct Nov Dec
1996: Jan Feb Mar Apr May Jun Jul Aug Sep Oct Nov Dec
1995: Jan Feb Mar Apr May Jun Jul Aug Sep Oct Nov Dec
1994: Jan Feb Mar Apr May Jun Jul Aug Sep Oct Nov Dec
1993: Jan Feb Mar Apr May Jun Jul Aug Sep Oct Nov Dec
1992: Jan Feb Mar Apr May Jun Jul Aug Sep Oct Nov Dec
1991: Jan Feb Mar Apr May Jun Jul Aug Sep Oct Nov Dec
1990: Jan Feb Mar Apr May Jun Jul Aug Sep Oct Nov Dec
1989: Jan Feb Mar Apr May Jun Jul Aug Sep Oct Nov Dec
1988: Jan Feb Mar Apr May Jun Jul Aug Sep Oct Nov Dec
1987: Jan Feb Mar Apr May Jun Jul Aug Sep Oct Nov Dec
1986: Jan Feb Mar Apr May Jun Jul Aug Sep Oct Nov Dec

Report for 2011 November
                  MONTHLY CLIMATOLOGICAL SUMMARY FOR 11/2011
                                        HEAT  COOL        
     MEAN                               DEG   DEG       WIND SPEED       DOM MEAN  MEAN
DAY  TEMP  HIGH   TIME     LOW   TIME   DAYS  DAYS RAIN AVG  HI  TIME    DIR BAROM HUM
---------------------------------------------------------------------------------------
1    37.9  48.9  2:53pm   28.0 11:53pm  21.6  0.0  0.08  14  27  00:00    SW  29.1 67.4
2    25.2  28.4 10:47am   18.0  9:53pm  38.2  0.0  0.05  14  28  00:00   WSW  29.7 82.7
3    28.9  48.0  3:53pm   18.0  4:53am  26.5  0.0  0.12   7  14  00:00     S  28.9 57.3
4    45.5  57.2  1:00pm   37.9  5:53am  13.6  0.0  0.00  13  24  00:00   SSW  28.6 35.1
5    43.8  55.0 11:53am   37.0 11:53pm  15.6  0.0  0.02  14  27  00:00    SW  28.1 49.0
6    35.5  48.9  1:53pm   28.9  1:53am  22.8  0.0  0.00   8  16  00:00     S  28.5 44.0
7    31.3  41.0 12:53pm   28.0  4:53am  28.8  0.0  0.00   5   8  00:00     W  28.8 60.9
8    32.7  42.1  1:53pm   26.1 11:53pm  27.6  0.0  0.00   6  10  00:00   SSW  29.0 64.4
9    31.1  44.1  1:53pm   21.9  3:53am  27.4  0.0  0.00   5   9  00:00   SSE  29.1 44.7
10   41.8  60.1 12:53pm   27.0  1:53am  14.0  0.0  0.00   9  16  00:00   WSW  28.6 17.0
11   47.1  61.0 12:53pm   37.0 12:53am  10.9  0.0  0.00   9  17  00:00   WSW  28.4 12.9
12   48.7  63.0 12:53pm   35.1  5:53am   9.1  0.0  0.00  24  46  00:00   WSW  28.3 23.6
13   42.9  57.0 12:53pm   33.1  1:53am  15.0  0.0  0.00  15  30  00:00    SW  28.3 38.8
14   41.2  54.0 12:53pm   30.9  5:53am  17.4  0.0  0.00  21  40  00:00   WSW  28.5 24.8
15   39.3  53.1  1:53pm   27.0 11:53pm  18.8  0.0  0.00   8  15  00:00    SE  28.5 36.5
16   25.6  36.0  9:53am   17.1  6:53am  34.2  0.0  0.00  12  22  00:00     S  29.0 54.4
17   39.6  57.9  1:53pm   21.0  3:53am  16.2  0.0  0.00   9  16  00:00   SSE  28.5 30.1
18   48.9  64.0  1:53pm   37.0  5:53am   8.5  0.0  0.00  17  33  00:00   WSW  28.3 19.6
19     31  48.0 12:53am   23.0  6:43am  25.5  0.0  0.00  11  21  00:00   SSW  28.7 62.8
20   29.2  42.1  1:53pm   21.0  4:53am  29.3  0.0  0.00   5   8  00:00    NW  28.7 64.0
21     37  52.0  1:53pm   28.0 10:53pm  20.5  0.0  0.00   3   6  00:00    SW  28.7 46.9
22   39.3  57.0  2:53pm   27.0  4:53am  16.8  0.0  0.00   7  13  00:00    SW  28.7 42.4
23   49.5  66.9  1:53pm   37.0  1:53am   6.8  0.0  0.00  13  24  00:00   SSW  28.9 21.7
24   49.8  66.0  1:53pm   42.1  3:53am   7.1  0.0  0.00  14  28  00:00   SSW  28.5 17.1
25   44.4  54.0  1:53pm   28.4 11:59pm  15.8  0.0  0.00  18  36  00:00   WSW  28.3 31.9
26   27.3  37.0  3:53pm   21.9  8:53pm  32.8  0.0  0.00  16  31  00:00   SSW  29.3 36.4
27   42.3  62.1  1:53pm   21.9  1:53am  12.8  0.0  0.00   5   9  00:00     W  29.0 24.5
28   44.7  63.0 12:53pm   32.0 10:53pm  11.1  0.0  0.00  13  24  00:00   SSW  28.8 26.6
29   38.9  55.9  2:53pm   27.0  5:53am  17.6  0.0  0.00   6  12  00:00   SSE  28.9 45.4
30   45.5  60.1 12:53pm   35.1 11:53pm  12.2  0.0  0.00  11  21  00:00   SSE  28.4 25.3