NOAA-Style Climate Reports

Select a Year or Month report
2018: Jan Feb Mar Apr May Jun Jul Aug Sep Oct Nov Dec
2017: Jan Feb Mar Apr May Jun Jul Aug Sep Oct Nov Dec
2016: Jan Feb Mar Apr May Jun Jul Aug Sep Oct Nov Dec
2015: Jan Feb Mar Apr May Jun Jul Aug Sep Oct Nov Dec
2014: Jan Feb Mar Apr May Jun Jul Aug Sep Oct Nov Dec
2013: Jan Feb Mar Apr May Jun Jul Aug Sep Oct Nov Dec
2012: Jan Feb Mar Apr May Jun Jul Aug Sep Oct Nov Dec
2011: Jan Feb Mar Apr May Jun Jul Aug Sep Oct Nov Dec
2010: Jan Feb Mar Apr May Jun Jul Aug Sep Oct Nov Dec
2009: Jan Feb Mar Apr May Jun Jul Aug Sep Oct Nov Dec
2008: Jan Feb Mar Apr May Jun Jul Aug Sep Oct Nov Dec
2007: Jan Feb Mar Apr May Jun Jul Aug Sep Oct Nov Dec
2006: Jan Feb Mar Apr May Jun Jul Aug Sep Oct Nov Dec
2005: Jan Feb Mar Apr May Jun Jul Aug Sep Oct Nov Dec
2004: Jan Feb Mar Apr May Jun Jul Aug Sep Oct Nov Dec
2003: Jan Feb Mar Apr May Jun Jul Aug Sep Oct Nov Dec
2002: Jan Feb Mar Apr May Jun Jul Aug Sep Oct Nov Dec
2001: Jan Feb Mar Apr May Jun Jul Aug Sep Oct Nov Dec
2000: Jan Feb Mar Apr May Jun Jul Aug Sep Oct Nov Dec
1999: Jan Feb Mar Apr May Jun Jul Aug Sep Oct Nov Dec
1998: Jan Feb Mar Apr May Jun Jul Aug Sep Oct Nov Dec
1997: Jan Feb Mar Apr May Jun Jul Aug Sep Oct Nov Dec
1996: Jan Feb Mar Apr May Jun Jul Aug Sep Oct Nov Dec
1995: Jan Feb Mar Apr May Jun Jul Aug Sep Oct Nov Dec
1994: Jan Feb Mar Apr May Jun Jul Aug Sep Oct Nov Dec
1993: Jan Feb Mar Apr May Jun Jul Aug Sep Oct Nov Dec
1992: Jan Feb Mar Apr May Jun Jul Aug Sep Oct Nov Dec
1991: Jan Feb Mar Apr May Jun Jul Aug Sep Oct Nov Dec
1990: Jan Feb Mar Apr May Jun Jul Aug Sep Oct Nov Dec
1989: Jan Feb Mar Apr May Jun Jul Aug Sep Oct Nov Dec
1988: Jan Feb Mar Apr May Jun Jul Aug Sep Oct Nov Dec
1987: Jan Feb Mar Apr May Jun Jul Aug Sep Oct Nov Dec
1986: Jan Feb Mar Apr May Jun Jul Aug Sep Oct Nov Dec

Report for 2011 December
                  MONTHLY CLIMATOLOGICAL SUMMARY FOR 12/2011
                                        HEAT  COOL        
     MEAN                               DEG   DEG       WIND SPEED       DOM MEAN  MEAN
DAY  TEMP  HIGH   TIME     LOW   TIME   DAYS  DAYS RAIN AVG  HI  TIME    DIR BAROM HUM
---------------------------------------------------------------------------------------
1    24.2  34.0 12:53am   15.1  9:53pm  35.9  0.0  0.07  14  28  00:00    SE  29.6 84.8
2    29.5  48.9  1:53pm   10.9  2:53am  25.8  0.0  0.00  10  18  00:00     W  28.7 62.2
3    18.8  26.6 12:51am   10.0  9:53pm  42.3  0.0  0.03  14  28  00:00     N  29.1 83.6
4    15.5  26.1 11:53am    7.0  2:53am  44.2  0.0  0.01  11  21  00:00   ENE  29.4 74.3
5     4.7  12.9  1:53pm   -2.9 11:53pm  56.2  0.0  0.00   5   8  00:00     E  29.3 75.8
6      15  30.0  1:53pm   -4.0  1:53am  42.5  0.0  0.00   5   9  00:00     S  29.0 55.3
7      29  39.9  2:53pm   21.0 12:53am  30.5  0.0  0.00   9  17  00:00     S  28.8 56.0
8    23.2  30.9 12:53pm   17.1 10:53pm  37.9  0.0  0.00   5   9  00:00    SW  28.8 68.3
9    20.8  37.9  2:53pm   12.0  5:53am  35.6  0.0  0.00   7  14  00:00    SW  29.3 74.7
10   27.4  42.1  1:53pm   14.0  2:53am  30.2  0.0  0.00   6  10  00:00     S  29.0 58.2
11   29.5  46.0 12:53pm   21.0  4:53am  27.2  0.0  0.00   5   8  00:00    SW  28.7 47.6
12   26.5  36.0 12:53pm   21.0  3:53am  33.7  0.0  0.00   5   8  00:00     W  28.8 59.3
13   26.7  43.0  1:53pm   18.0  3:53am  30.1  0.0  0.00   5   9  00:00   WNW  28.8 70.3
14   32.1  46.0 12:53pm   25.0  2:53am  25.9  0.0  0.00   8  15  00:00    SW  28.7 56.2
15   27.2  39.0  1:53pm   21.0 10:53pm  31.9  0.0  0.00   6  12  00:00   SSW  28.9 62.2
16     26  37.0  2:53pm   16.0  6:53am  33.5  0.0  0.00   6  10  00:00     S  29.1 60.1
17   29.8  43.0  1:53pm   21.0 12:53am  28.6  0.0  0.00   4   7  00:00    SW  29.2 51.2
18   37.7  60.1  1:53pm   27.0  3:53am  16.1  0.0  0.00   5   8  00:00   SSW  28.4 39.7
19   24.9  34.0  1:53am   21.0 10:53pm  35.5  0.0  0.09   9  16  00:00    SW  29.3 82.7
20   23.8  37.9  2:53pm   19.0  6:53am  34.1  0.0  0.00   9  16  00:00   SSE  29.0 78.6
21     27  39.0  1:53pm   21.0  3:53am  32.0  0.0  0.42  12  22  00:00     W  29.0 78.0
22     19  26.6 12:30am    7.0 10:53pm  42.2  0.0  0.13  14  28  00:00   ENE  29.1 86.1
23   20.8  33.1  1:53pm    9.0 12:53am  38.0  0.0  0.00   7  14  00:00   WSW  28.9 51.2
24   22.5  36.0  1:53pm   14.0  5:53am  35.7  0.0  0.00   4   8  00:00   SSE  29.3 54.2
25   25.1  39.0  1:53pm   16.0  3:53am  32.9  0.0  0.00   7  14  00:00     S  29.1 51.1
26   31.9  46.9 10:53am   21.9 11:53pm  25.6  0.0  0.00  10  18  00:00   SSW  28.9 42.6
27   31.5  46.0  3:53pm   21.0  5:53am  26.2  0.0  0.00  13  24  00:00    SW  28.8 41.8
28   38.8  53.1 12:53pm   23.0  4:53am  19.0  0.0  0.00  15  29  00:00   WSW  28.8 38.6
29   44.2  54.0  1:53pm   37.0  2:53am  15.9  0.0  0.00  21  40  00:00   WNW  28.5 36.7
30   41.3  55.0  2:53pm   33.1  6:53am  16.8  0.0  0.00  10  18  00:00   SSW  28.7 39.4
31   34.9  50.0  6:53am   23.0 11:53pm  22.5  0.0  0.00  26  52  00:00   WNW  28.5 33.9