NOAA-Style Climate Reports

Select a Year or Month report
2018: Jan Feb Mar Apr May Jun Jul Aug Sep Oct Nov Dec
2017: Jan Feb Mar Apr May Jun Jul Aug Sep Oct Nov Dec
2016: Jan Feb Mar Apr May Jun Jul Aug Sep Oct Nov Dec
2015: Jan Feb Mar Apr May Jun Jul Aug Sep Oct Nov Dec
2014: Jan Feb Mar Apr May Jun Jul Aug Sep Oct Nov Dec
2013: Jan Feb Mar Apr May Jun Jul Aug Sep Oct Nov Dec
2012: Jan Feb Mar Apr May Jun Jul Aug Sep Oct Nov Dec
2011: Jan Feb Mar Apr May Jun Jul Aug Sep Oct Nov Dec
2010: Jan Feb Mar Apr May Jun Jul Aug Sep Oct Nov Dec
2009: Jan Feb Mar Apr May Jun Jul Aug Sep Oct Nov Dec
2008: Jan Feb Mar Apr May Jun Jul Aug Sep Oct Nov Dec
2007: Jan Feb Mar Apr May Jun Jul Aug Sep Oct Nov Dec
2006: Jan Feb Mar Apr May Jun Jul Aug Sep Oct Nov Dec
2005: Jan Feb Mar Apr May Jun Jul Aug Sep Oct Nov Dec
2004: Jan Feb Mar Apr May Jun Jul Aug Sep Oct Nov Dec
2003: Jan Feb Mar Apr May Jun Jul Aug Sep Oct Nov Dec
2002: Jan Feb Mar Apr May Jun Jul Aug Sep Oct Nov Dec
2001: Jan Feb Mar Apr May Jun Jul Aug Sep Oct Nov Dec
2000: Jan Feb Mar Apr May Jun Jul Aug Sep Oct Nov Dec
1999: Jan Feb Mar Apr May Jun Jul Aug Sep Oct Nov Dec
1998: Jan Feb Mar Apr May Jun Jul Aug Sep Oct Nov Dec
1997: Jan Feb Mar Apr May Jun Jul Aug Sep Oct Nov Dec
1996: Jan Feb Mar Apr May Jun Jul Aug Sep Oct Nov Dec
1995: Jan Feb Mar Apr May Jun Jul Aug Sep Oct Nov Dec
1994: Jan Feb Mar Apr May Jun Jul Aug Sep Oct Nov Dec
1993: Jan Feb Mar Apr May Jun Jul Aug Sep Oct Nov Dec
1992: Jan Feb Mar Apr May Jun Jul Aug Sep Oct Nov Dec
1991: Jan Feb Mar Apr May Jun Jul Aug Sep Oct Nov Dec
1990: Jan Feb Mar Apr May Jun Jul Aug Sep Oct Nov Dec
1989: Jan Feb Mar Apr May Jun Jul Aug Sep Oct Nov Dec
1988: Jan Feb Mar Apr May Jun Jul Aug Sep Oct Nov Dec
1987: Jan Feb Mar Apr May Jun Jul Aug Sep Oct Nov Dec
1986: Jan Feb Mar Apr May Jun Jul Aug Sep Oct Nov Dec

Report for 2012 January
                  MONTHLY CLIMATOLOGICAL SUMMARY FOR 1/2012
                                        HEAT  COOL        
     MEAN                               DEG   DEG       WIND SPEED       DOM MEAN  MEAN
DAY  TEMP  HIGH   TIME     LOW   TIME   DAYS  DAYS RAIN AVG  HI  TIME    DIR BAROM HUM
---------------------------------------------------------------------------------------
1    27.0  44.4  11:08am  17.4   7:15am   37    0  0.00   0   6  12:43am SSE 30.39   41
2    38.2  57.7   1:17pm  19.0   4:18pm   26    0  0.00   0   2  10:22pm SSE 30.39   38
3    45.7  57.9   1:45pm  32.2  11:57pm   19    0  0.00   0   6   2:32pm   W 30.21   26
4    44.3  64.2   2:58pm  28.9   1:10am   20    0  0.00   0   3   7:20am WSW 30.31   27
5    51.4  70.0   1:40pm  42.3   9:03pm   14    0  0.00   0   5   5:09am   W 30.10   27
6    39.1  49.6  11:54am  25.0  10:19pm   26    0  0.00   0   6  10:29am   E 30.02   40
7    28.6  40.8  12:25pm  21.0   6:47am   35    0  0.00   0   6   2:34pm NNW 29.99   60
8    26.0  39.7   2:00pm  16.9   6:25am   38    0  0.14   0   1  11:01am NNE 30.13   57
9    35.7  51.6   2:19pm  24.8   1:09am   29    0  0.02   0   4  10:56pm   W 30.18   43
10   43.5  64.2   3:06pm  34.3  10:43pm   21    0  0.00   0   3  12:04pm   W 29.97   38
11   20.1  35.4  12:02am   5.5   9:42pm   44    0  0.00   1   7   3:15am   E 30.04   58
12   25.3  44.4   2:09pm   6.4  12:14am   39    0  0.08   0   7   3:47pm   E 30.06   38
13   33.8  46.2  11:05am  23.0  12:21am   30    0  0.00   0   7  12:42pm WNW 30.04   29
14   43.3  58.6   3:16pm  26.4   1:15am   21    0  0.02   0   5   2:46pm   W 30.06   26
15   46.1  54.9  10:36am  38.8   4:40am   19    0  0.00   0   8  10:25am   W 29.85   23
16   29.5  42.1  12:02am  16.9  11:59pm   34    0  0.00   0   6   2:29pm   E 29.77   47
17   18.5  30.7   1:41pm   8.2   7:09am   45    0  0.00   0   7   9:41am   E 30.04   52
18   35.7  46.0   3:28pm  16.2  12:36am   29    0  0.00   1   7  10:54am   E 29.88   35
19   50.1  63.7   1:07pm  38.3   3:12am   14    0  0.00   1   6   1:09pm   E 29.78   33
20   44.1  57.0  11:03am  36.0   7:11pm   20    0  0.00   0  12  12:50pm NNW 29.86   36
21   48.7  65.1   1:40pm  35.8  12:04am   16    0  0.00   1  10   3:18pm   S 29.61   33
22   37.8  47.3   1:42pm  25.9  11:30pm   26    0  0.00   1  12   9:08am NNW 29.70   33
23   35.8  52.3  11:53am  25.3   2:22am   28    0  0.00   0   8   3:15pm   E 29.86   34
24   30.2  33.6   9:01am  22.1  11:58pm   34    0  0.02   0   0  12:02am   N 30.03   55
25   41.9  64.2   1:07pm  21.9  12:03am   22    0  0.00   1  13   7:56pm WNW 30.06   37
26   43.7  59.7   2:20pm  30.0   7:10am   21    0  0.00   0   8  11:59am   E 29.98   32
27   29.1  41.0  12:36am  16.3  10:18pm   35    0  0.00   1   7   4:18am   E 30.08   50
28   30.2  48.6   3:16pm  15.4   6:11am   34    0  0.02   0   6   1:17am SSE 30.18   35
29   43.0  55.9   1:16pm  29.5   2:46am   21    0  0.00   0   7  11:03am WNW 30.14   28
30   45.8  64.8   2:56pm  34.2  10:42pm   19    0  0.00   0   5   4:21pm   E 29.92   27
31   39.7  55.9   2:41pm  28.2   5:08am   24    0  0.00   0   7   4:11pm   E 30.01   31
---------------------------------------------------------------------------------------
TOT  37.1  70.0   1/5/12   5.5   1/2/12  840    0  0.04   0  13  1/25/12   E 30.02   38

HEAT BASE: 65.0
COOL BASE: 65.0